{"version":"1.0","provider_name":"Mi Ciudad","provider_url":"https:\/\/www.miciudad.mx\/contenido","author_name":"Victoria S\u00e1nchez","author_url":"https:\/\/www.miciudad.mx\/contenido\/author\/victoriasanchez\/","title":"Establece la UAS lazos con la Universidad de Sevilla - Mi Ciudad","type":"rich","width":600,"height":338,"html":"<blockquote class=\"wp-embedded-content\" data-secret=\"2d2cxQt5Tj\"><a href=\"https:\/\/www.miciudad.mx\/contenido\/12758-2\/\">Establece la UAS lazos con la Universidad de Sevilla<\/a><\/blockquote><iframe sandbox=\"allow-scripts\" security=\"restricted\" src=\"https:\/\/www.miciudad.mx\/contenido\/12758-2\/embed\/#?secret=2d2cxQt5Tj\" width=\"600\" height=\"338\" title=\"&#8220;Establece la UAS lazos con la Universidad de Sevilla&#8221; &#8212; Mi Ciudad\" data-secret=\"2d2cxQt5Tj\" frameborder=\"0\" marginwidth=\"0\" marginheight=\"0\" scrolling=\"no\" class=\"wp-embedded-content\"><\/iframe><script type=\"text\/javascript\">\n\/* <![CDATA[ *\/\n\/*! This file is auto-generated *\/\n!function(d,l){\"use strict\";l.querySelector&&d.addEventListener&&\"undefined\"!=typeof URL&&(d.wp=d.wp||{},d.wp.receiveEmbedMessage||(d.wp.receiveEmbedMessage=function(e){var t=e.data;if((t||t.secret||t.message||t.value)&&!\/[^a-zA-Z0-9]\/.test(t.secret)){for(var s,r,n,a=l.querySelectorAll('iframe[data-secret=\"'+t.secret+'\"]'),o=l.querySelectorAll('blockquote[data-secret=\"'+t.secret+'\"]'),c=new RegExp(\"^https?:$\",\"i\"),i=0;i<o.length;i++)o[i].style.display=\"none\";for(i=0;i<a.length;i++)s=a[i],e.source===s.contentWindow&&(s.removeAttribute(\"style\"),\"height\"===t.message?(1e3<(r=parseInt(t.value,10))?r=1e3:~~r<200&&(r=200),s.height=r):\"link\"===t.message&&(r=new URL(s.getAttribute(\"src\")),n=new URL(t.value),c.test(n.protocol))&&n.host===r.host&&l.activeElement===s&&(d.top.location.href=t.value))}},d.addEventListener(\"message\",d.wp.receiveEmbedMessage,!1),l.addEventListener(\"DOMContentLoaded\",function(){for(var e,t,s=l.querySelectorAll(\"iframe.wp-embedded-content\"),r=0;r<s.length;r++)(t=(e=s[r]).getAttribute(\"data-secret\"))||(t=Math.random().toString(36).substring(2,12),e.src+=\"#?secret=\"+t,e.setAttribute(\"data-secret\",t)),e.contentWindow.postMessage({message:\"ready\",secret:t},\"*\")},!1)))}(window,document);\n\/\/# sourceURL=https:\/\/www.miciudad.mx\/contenido\/wp-includes\/js\/wp-embed.min.js\n\/* ]]> *\/\n<\/script>\n","thumbnail_url":"https:\/\/www.miciudad.mx\/contenido\/wp-content\/uploads\/2019\/03\/Convenio-Asamblea-AUIP-2.jpg","thumbnail_width":768,"thumbnail_height":1024,"description":"MICIUDAD.MX \/ Al concluir los trabajos de la Asamblea General de la Asociaci\u00f3n Universitaria Iberoamericana de Postgrado (AUIP), a la que asisti\u00f3 el Rector de la Universidad Aut\u00f3noma de Sinaloa (UAS), Juan Eulogio Guerra Liera, en su car\u00e1cter de Vicepresidente de este organismo, la Casa Rosalina firm\u00f3 convenio de colaboraci\u00f3n con la Universidad de Sevilla, [&hellip;]"}

Victoria Sánchez

MICIUDAD.MX / Al concluir los trabajos de la Asamblea General de la Asociación Universitaria Iberoamericana de Postgrado (AUIP), a la que asistió el Rector de la Universidad Autónoma de Sinaloa (UAS), Juan Eulogio Guerra Liera, en su carácter de Vicepresidente de este organismo, la Casa Rosalina firmó convenio de colaboración con la Universidad de Sevilla, [&hellip;]
