{"version":"1.0","provider_name":"Mi Ciudad","provider_url":"https:\/\/www.miciudad.mx\/contenido","author_name":"Mi Ciudad Culiac\u00e1n","author_url":"https:\/\/www.miciudad.mx\/contenido\/author\/redaccionmiciudad\/","title":"2024; Comercio sale con balance negativo - Mi Ciudad","type":"rich","width":600,"height":338,"html":"<blockquote class=\"wp-embedded-content\" data-secret=\"ubcLKEz66f\"><a href=\"https:\/\/www.miciudad.mx\/contenido\/2024-comercio-sale-con-balance-negativo\/\">2024; Comercio sale con balance negativo<\/a><\/blockquote><iframe sandbox=\"allow-scripts\" security=\"restricted\" src=\"https:\/\/www.miciudad.mx\/contenido\/2024-comercio-sale-con-balance-negativo\/embed\/#?secret=ubcLKEz66f\" width=\"600\" height=\"338\" title=\"&#8220;2024; Comercio sale con balance negativo&#8221; &#8212; Mi Ciudad\" data-secret=\"ubcLKEz66f\" frameborder=\"0\" marginwidth=\"0\" marginheight=\"0\" scrolling=\"no\" class=\"wp-embedded-content\"><\/iframe><script type=\"text\/javascript\">\n\/* <![CDATA[ *\/\n\/*! This file is auto-generated *\/\n!function(d,l){\"use strict\";l.querySelector&&d.addEventListener&&\"undefined\"!=typeof URL&&(d.wp=d.wp||{},d.wp.receiveEmbedMessage||(d.wp.receiveEmbedMessage=function(e){var t=e.data;if((t||t.secret||t.message||t.value)&&!\/[^a-zA-Z0-9]\/.test(t.secret)){for(var s,r,n,a=l.querySelectorAll('iframe[data-secret=\"'+t.secret+'\"]'),o=l.querySelectorAll('blockquote[data-secret=\"'+t.secret+'\"]'),c=new RegExp(\"^https?:$\",\"i\"),i=0;i<o.length;i++)o[i].style.display=\"none\";for(i=0;i<a.length;i++)s=a[i],e.source===s.contentWindow&&(s.removeAttribute(\"style\"),\"height\"===t.message?(1e3<(r=parseInt(t.value,10))?r=1e3:~~r<200&&(r=200),s.height=r):\"link\"===t.message&&(r=new URL(s.getAttribute(\"src\")),n=new URL(t.value),c.test(n.protocol))&&n.host===r.host&&l.activeElement===s&&(d.top.location.href=t.value))}},d.addEventListener(\"message\",d.wp.receiveEmbedMessage,!1),l.addEventListener(\"DOMContentLoaded\",function(){for(var e,t,s=l.querySelectorAll(\"iframe.wp-embedded-content\"),r=0;r<s.length;r++)(t=(e=s[r]).getAttribute(\"data-secret\"))||(t=Math.random().toString(36).substring(2,12),e.src+=\"#?secret=\"+t,e.setAttribute(\"data-secret\",t)),e.contentWindow.postMessage({message:\"ready\",secret:t},\"*\")},!1)))}(window,document);\n\/\/# sourceURL=https:\/\/www.miciudad.mx\/contenido\/wp-includes\/js\/wp-embed.min.js\n\/* ]]> *\/\n<\/script>\n","thumbnail_url":"https:\/\/www.miciudad.mx\/contenido\/wp-content\/uploads\/2024\/12\/WhatsApp-Image-2024-12-24-at-10.28.31.jpeg","thumbnail_width":1600,"thumbnail_height":900,"description":"El sector comercial formal de Culiac\u00e1n no logr\u00f3 avanzar en la ruta de la recuperaci\u00f3n econ\u00f3mica trazada post-pandemia del COVID19 y termina con un balance negativo el 2024, inform\u00f3 \u00d3scar S\u00e1nchez Beltr\u00e1n. El presidente de la Uni\u00f3n de Comerciantes de Culiac\u00e1n (UCC) explic\u00f3 que fueron diversos acontecimientos los que adolecieron la vida comercial, principalmente el [&hellip;]"}

Mi Ciudad Culiacán

El sector comercial formal de Culiacán no logró avanzar en la ruta de la recuperación económica trazada post-pandemia del COVID19 y termina con un balance negativo el 2024, informó Óscar Sánchez Beltrán. El presidente de la Unión de Comerciantes de Culiacán (UCC) explicó que fueron diversos acontecimientos los que adolecieron la vida comercial, principalmente el [&hellip;]
