{"version":"1.0","provider_name":"Mi Ciudad","provider_url":"https:\/\/www.miciudad.mx\/contenido","author_name":"Mi Ciudad Culiac\u00e1n","author_url":"https:\/\/www.miciudad.mx\/contenido\/author\/redaccionmiciudad\/","title":"Ademar Rifaela refuerza a los Tomateros - Mi Ciudad","type":"rich","width":600,"height":338,"html":"<blockquote class=\"wp-embedded-content\" data-secret=\"tvvj7UQ4F7\"><a href=\"https:\/\/www.miciudad.mx\/contenido\/ademar-rifaela-refuerza-a-los-tomateros\/\">Ademar Rifaela refuerza a los Tomateros<\/a><\/blockquote><iframe sandbox=\"allow-scripts\" security=\"restricted\" src=\"https:\/\/www.miciudad.mx\/contenido\/ademar-rifaela-refuerza-a-los-tomateros\/embed\/#?secret=tvvj7UQ4F7\" width=\"600\" height=\"338\" title=\"&#8220;Ademar Rifaela refuerza a los Tomateros&#8221; &#8212; Mi Ciudad\" data-secret=\"tvvj7UQ4F7\" frameborder=\"0\" marginwidth=\"0\" marginheight=\"0\" scrolling=\"no\" class=\"wp-embedded-content\"><\/iframe><script type=\"text\/javascript\">\n\/* <![CDATA[ *\/\n\/*! This file is auto-generated *\/\n!function(d,l){\"use strict\";l.querySelector&&d.addEventListener&&\"undefined\"!=typeof URL&&(d.wp=d.wp||{},d.wp.receiveEmbedMessage||(d.wp.receiveEmbedMessage=function(e){var t=e.data;if((t||t.secret||t.message||t.value)&&!\/[^a-zA-Z0-9]\/.test(t.secret)){for(var s,r,n,a=l.querySelectorAll('iframe[data-secret=\"'+t.secret+'\"]'),o=l.querySelectorAll('blockquote[data-secret=\"'+t.secret+'\"]'),c=new RegExp(\"^https?:$\",\"i\"),i=0;i<o.length;i++)o[i].style.display=\"none\";for(i=0;i<a.length;i++)s=a[i],e.source===s.contentWindow&&(s.removeAttribute(\"style\"),\"height\"===t.message?(1e3<(r=parseInt(t.value,10))?r=1e3:~~r<200&&(r=200),s.height=r):\"link\"===t.message&&(r=new URL(s.getAttribute(\"src\")),n=new URL(t.value),c.test(n.protocol))&&n.host===r.host&&l.activeElement===s&&(d.top.location.href=t.value))}},d.addEventListener(\"message\",d.wp.receiveEmbedMessage,!1),l.addEventListener(\"DOMContentLoaded\",function(){for(var e,t,s=l.querySelectorAll(\"iframe.wp-embedded-content\"),r=0;r<s.length;r++)(t=(e=s[r]).getAttribute(\"data-secret\"))||(t=Math.random().toString(36).substring(2,12),e.src+=\"#?secret=\"+t,e.setAttribute(\"data-secret\",t)),e.contentWindow.postMessage({message:\"ready\",secret:t},\"*\")},!1)))}(window,document);\n\/\/# sourceURL=https:\/\/www.miciudad.mx\/contenido\/wp-includes\/js\/wp-embed.min.js\n\/* ]]> *\/\n<\/script>\n","thumbnail_url":"https:\/\/www.miciudad.mx\/contenido\/wp-content\/uploads\/2023\/11\/Ademar-Rifaela.jpg","thumbnail_width":768,"thumbnail_height":432,"description":"Con la firme intenci\u00f3n en fortalecer a\u00fan m\u00e1s la producci\u00f3n ofensiva, el Club de B\u00e9isbol Tomateros de Culiac\u00e1n informa que incorpora al jardinero nativo de Curazao, Ademar Rifaela. Rifaela, de 28 a\u00f1os, fue elegido por la novena guinda en el primer Draft de Extranjeros 2023 de la Liga ARCO Mexicana del Pac\u00edfico (LAMP). Viene de [&hellip;]"}

Mi Ciudad Culiacán

Con la firme intención en fortalecer aún más la producción ofensiva, el Club de Béisbol Tomateros de Culiacán informa que incorpora al jardinero nativo de Curazao, Ademar Rifaela. Rifaela, de 28 años, fue elegido por la novena guinda en el primer Draft de Extranjeros 2023 de la Liga ARCO Mexicana del Pacífico (LAMP). Viene de [&hellip;]
