{"version":"1.0","provider_name":"Mi Ciudad","provider_url":"https:\/\/www.miciudad.mx\/contenido","author_name":"David Uriarte","author_url":"https:\/\/www.miciudad.mx\/contenido\/author\/daviduriarte\/","title":"Alianza de adventistas, testigos y mormones - Mi Ciudad","type":"rich","width":600,"height":338,"html":"<blockquote class=\"wp-embedded-content\" data-secret=\"IaLoxx4eWm\"><a href=\"https:\/\/www.miciudad.mx\/contenido\/alianza-de-adventistas-testigos-y-mormones\/\">Alianza de adventistas, testigos y mormones<\/a><\/blockquote><iframe sandbox=\"allow-scripts\" security=\"restricted\" src=\"https:\/\/www.miciudad.mx\/contenido\/alianza-de-adventistas-testigos-y-mormones\/embed\/#?secret=IaLoxx4eWm\" width=\"600\" height=\"338\" title=\"&#8220;Alianza de adventistas, testigos y mormones&#8221; &#8212; Mi Ciudad\" data-secret=\"IaLoxx4eWm\" frameborder=\"0\" marginwidth=\"0\" marginheight=\"0\" scrolling=\"no\" class=\"wp-embedded-content\"><\/iframe><script type=\"text\/javascript\">\n\/* <![CDATA[ *\/\n\/*! This file is auto-generated *\/\n!function(d,l){\"use strict\";l.querySelector&&d.addEventListener&&\"undefined\"!=typeof URL&&(d.wp=d.wp||{},d.wp.receiveEmbedMessage||(d.wp.receiveEmbedMessage=function(e){var t=e.data;if((t||t.secret||t.message||t.value)&&!\/[^a-zA-Z0-9]\/.test(t.secret)){for(var s,r,n,a=l.querySelectorAll('iframe[data-secret=\"'+t.secret+'\"]'),o=l.querySelectorAll('blockquote[data-secret=\"'+t.secret+'\"]'),c=new RegExp(\"^https?:$\",\"i\"),i=0;i<o.length;i++)o[i].style.display=\"none\";for(i=0;i<a.length;i++)s=a[i],e.source===s.contentWindow&&(s.removeAttribute(\"style\"),\"height\"===t.message?(1e3<(r=parseInt(t.value,10))?r=1e3:~~r<200&&(r=200),s.height=r):\"link\"===t.message&&(r=new URL(s.getAttribute(\"src\")),n=new URL(t.value),c.test(n.protocol))&&n.host===r.host&&l.activeElement===s&&(d.top.location.href=t.value))}},d.addEventListener(\"message\",d.wp.receiveEmbedMessage,!1),l.addEventListener(\"DOMContentLoaded\",function(){for(var e,t,s=l.querySelectorAll(\"iframe.wp-embedded-content\"),r=0;r<s.length;r++)(t=(e=s[r]).getAttribute(\"data-secret\"))||(t=Math.random().toString(36).substring(2,12),e.src+=\"#?secret=\"+t,e.setAttribute(\"data-secret\",t)),e.contentWindow.postMessage({message:\"ready\",secret:t},\"*\")},!1)))}(window,document);\n\/\/# sourceURL=https:\/\/www.miciudad.mx\/contenido\/wp-includes\/js\/wp-embed.min.js\n\/* ]]> *\/\n<\/script>\n","thumbnail_url":"https:\/\/www.miciudad.mx\/contenido\/wp-content\/uploads\/2021\/01\/WhatsApp-Image-2021-01-26-at-7.27.37-AM.jpeg","thumbnail_width":1280,"thumbnail_height":853,"description":"Por David Uriarte \/ As\u00ed como hay una alianza cupular PRI, PAN y PRD, imaginemos que los jerarcas de la teolog\u00eda deciden unirse para fortalecer su nicho de fe. Entonces la Iglesia Adventista del S\u00e9ptimo D\u00eda, cuya caracter\u00edstica es guardar el s\u00e1bado como d\u00eda de reposo; los Testigos de Jehov\u00e1, una denominaci\u00f3n cristiana con creencias [&hellip;]"}

Por David Uriarte / Así como hay una alianza cupular PRI, PAN y PRD, imaginemos que los jerarcas de la teología deciden unirse para fortalecer su nicho de fe. Entonces la Iglesia Adventista del Séptimo Día, cuya característica es guardar el sábado como día de reposo; los Testigos de Jehová, una denominación cristiana con creencias [&hellip;]
