{"version":"1.0","provider_name":"Mi Ciudad","provider_url":"https:\/\/www.miciudad.mx\/contenido","author_name":"David Uriarte","author_url":"https:\/\/www.miciudad.mx\/contenido\/author\/daviduriarte\/","title":"Analfabetismo emocional - Mi Ciudad","type":"rich","width":600,"height":338,"html":"<blockquote class=\"wp-embedded-content\" data-secret=\"0ynYhkTZPb\"><a href=\"https:\/\/www.miciudad.mx\/contenido\/analfabetismo-emocional\/\">Analfabetismo emocional<\/a><\/blockquote><iframe sandbox=\"allow-scripts\" security=\"restricted\" src=\"https:\/\/www.miciudad.mx\/contenido\/analfabetismo-emocional\/embed\/#?secret=0ynYhkTZPb\" width=\"600\" height=\"338\" title=\"&#8220;Analfabetismo emocional&#8221; &#8212; Mi Ciudad\" data-secret=\"0ynYhkTZPb\" frameborder=\"0\" marginwidth=\"0\" marginheight=\"0\" scrolling=\"no\" class=\"wp-embedded-content\"><\/iframe><script type=\"text\/javascript\">\n\/* <![CDATA[ *\/\n\/*! This file is auto-generated *\/\n!function(d,l){\"use strict\";l.querySelector&&d.addEventListener&&\"undefined\"!=typeof URL&&(d.wp=d.wp||{},d.wp.receiveEmbedMessage||(d.wp.receiveEmbedMessage=function(e){var t=e.data;if((t||t.secret||t.message||t.value)&&!\/[^a-zA-Z0-9]\/.test(t.secret)){for(var s,r,n,a=l.querySelectorAll('iframe[data-secret=\"'+t.secret+'\"]'),o=l.querySelectorAll('blockquote[data-secret=\"'+t.secret+'\"]'),c=new RegExp(\"^https?:$\",\"i\"),i=0;i<o.length;i++)o[i].style.display=\"none\";for(i=0;i<a.length;i++)s=a[i],e.source===s.contentWindow&&(s.removeAttribute(\"style\"),\"height\"===t.message?(1e3<(r=parseInt(t.value,10))?r=1e3:~~r<200&&(r=200),s.height=r):\"link\"===t.message&&(r=new URL(s.getAttribute(\"src\")),n=new URL(t.value),c.test(n.protocol))&&n.host===r.host&&l.activeElement===s&&(d.top.location.href=t.value))}},d.addEventListener(\"message\",d.wp.receiveEmbedMessage,!1),l.addEventListener(\"DOMContentLoaded\",function(){for(var e,t,s=l.querySelectorAll(\"iframe.wp-embedded-content\"),r=0;r<s.length;r++)(t=(e=s[r]).getAttribute(\"data-secret\"))||(t=Math.random().toString(36).substring(2,12),e.src+=\"#?secret=\"+t,e.setAttribute(\"data-secret\",t)),e.contentWindow.postMessage({message:\"ready\",secret:t},\"*\")},!1)))}(window,document);\n\/\/# sourceURL=https:\/\/www.miciudad.mx\/contenido\/wp-includes\/js\/wp-embed.min.js\n\/* ]]> *\/\n<\/script>\n","thumbnail_url":"https:\/\/www.miciudad.mx\/contenido\/wp-content\/uploads\/2021\/06\/SPECT-coco.jpg","thumbnail_width":872,"thumbnail_height":654,"description":"Por David Uriarte \/ La conducta est\u00e1 repleta de emociones, unas responden a los impulsos y otras a las razones. Sabemos que hay emociones placenteras y no placenteras, tambi\u00e9n sabemos que las emociones est\u00e1n conectadas a la am\u00edgdala cerebral y a otra parte del cerebro llamada hipot\u00e1lamo. El nombre de las estructuras cerebrales es lo [&hellip;]"}

Por David Uriarte / La conducta está repleta de emociones, unas responden a los impulsos y otras a las razones. Sabemos que hay emociones placenteras y no placenteras, también sabemos que las emociones están conectadas a la amígdala cerebral y a otra parte del cerebro llamada hipotálamo. El nombre de las estructuras cerebrales es lo [&hellip;]
