{"version":"1.0","provider_name":"Mi Ciudad","provider_url":"https:\/\/www.miciudad.mx\/contenido","author_name":"Mi Ciudad","author_url":"https:\/\/www.miciudad.mx\/contenido\/author\/admin\/","title":"Anuncia AMLO que podr\u00eda rifar el avi\u00f3n presidencial - Mi Ciudad","type":"rich","width":600,"height":338,"html":"<blockquote class=\"wp-embedded-content\" data-secret=\"6AfPKIkwVA\"><a href=\"https:\/\/www.miciudad.mx\/contenido\/anuncia-amlo-que-podria-rifar-el-avion-presidencial\/\">Anuncia AMLO que podr\u00eda rifar el avi\u00f3n presidencial<\/a><\/blockquote><iframe sandbox=\"allow-scripts\" security=\"restricted\" src=\"https:\/\/www.miciudad.mx\/contenido\/anuncia-amlo-que-podria-rifar-el-avion-presidencial\/embed\/#?secret=6AfPKIkwVA\" width=\"600\" height=\"338\" title=\"&#8220;Anuncia AMLO que podr\u00eda rifar el avi\u00f3n presidencial&#8221; &#8212; Mi Ciudad\" data-secret=\"6AfPKIkwVA\" frameborder=\"0\" marginwidth=\"0\" marginheight=\"0\" scrolling=\"no\" class=\"wp-embedded-content\"><\/iframe><script type=\"text\/javascript\">\n\/* <![CDATA[ *\/\n\/*! This file is auto-generated *\/\n!function(d,l){\"use strict\";l.querySelector&&d.addEventListener&&\"undefined\"!=typeof URL&&(d.wp=d.wp||{},d.wp.receiveEmbedMessage||(d.wp.receiveEmbedMessage=function(e){var t=e.data;if((t||t.secret||t.message||t.value)&&!\/[^a-zA-Z0-9]\/.test(t.secret)){for(var s,r,n,a=l.querySelectorAll('iframe[data-secret=\"'+t.secret+'\"]'),o=l.querySelectorAll('blockquote[data-secret=\"'+t.secret+'\"]'),c=new RegExp(\"^https?:$\",\"i\"),i=0;i<o.length;i++)o[i].style.display=\"none\";for(i=0;i<a.length;i++)s=a[i],e.source===s.contentWindow&&(s.removeAttribute(\"style\"),\"height\"===t.message?(1e3<(r=parseInt(t.value,10))?r=1e3:~~r<200&&(r=200),s.height=r):\"link\"===t.message&&(r=new URL(s.getAttribute(\"src\")),n=new URL(t.value),c.test(n.protocol))&&n.host===r.host&&l.activeElement===s&&(d.top.location.href=t.value))}},d.addEventListener(\"message\",d.wp.receiveEmbedMessage,!1),l.addEventListener(\"DOMContentLoaded\",function(){for(var e,t,s=l.querySelectorAll(\"iframe.wp-embedded-content\"),r=0;r<s.length;r++)(t=(e=s[r]).getAttribute(\"data-secret\"))||(t=Math.random().toString(36).substring(2,12),e.src+=\"#?secret=\"+t,e.setAttribute(\"data-secret\",t)),e.contentWindow.postMessage({message:\"ready\",secret:t},\"*\")},!1)))}(window,document);\n\/\/# sourceURL=https:\/\/www.miciudad.mx\/contenido\/wp-includes\/js\/wp-embed.min.js\n\/* ]]> *\/\n<\/script>\n","thumbnail_url":"https:\/\/www.miciudad.mx\/contenido\/wp-content\/uploads\/2020\/01\/avionpresidencial.jpg","thumbnail_width":1200,"thumbnail_height":900,"description":"El famoso y costoso avi\u00f3n presidencial, que como dec\u00eda el propio mandatario nacional Andr\u00e9s Manuel L\u00f3pez Obrador, \u201cno lo tiene ni Obama\u201d, podr\u00eda ser comercializado de varias maneras. Una de las cinco opciones que existen para la venta del avi\u00f3n TP-01 \u201cJos\u00e9 Mar\u00eda Morelos y Pav\u00f3n\u201d, es rifarlo, es decir, mandarlo a sorteo a trav\u00e9s [&hellip;]"}

Anuncia AMLO que podría rifar el avión presidencial - Mi Ciudad

<blockquote class="wp-embedded-content" data-secret="6AfPKIkwVA"><a href="https://www.miciudad.mx/contenido/anuncia-amlo-que-podria-rifar-el-avion-presidencial/">Anuncia AMLO que podría rifar el avión presidencial</a></blockquote><iframe sandbox="allow-scripts" security="restricted" src="https://www.miciudad.mx/contenido/anuncia-amlo-que-podria-rifar-el-avion-presidencial/embed/#?secret=6AfPKIkwVA" width="600" height="338" title="&#8220;Anuncia AMLO que podría rifar el avión presidencial&#8221; &#8212; Mi Ciudad" data-secret="6AfPKIkwVA" frameborder="0" marginwidth="0" marginheight="0" scrolling="no" class="wp-embedded-content"></iframe><script type="text/javascript">
/* <![CDATA[ */
/*! This file is auto-generated */
!function(d,l){"use strict";l.querySelector&&d.addEventListener&&"undefined"!=typeof URL&&(d.wp=d.wp||{},d.wp.receiveEmbedMessage||(d.wp.receiveEmbedMessage=function(e){var t=e.data;if((t||t.secret||t.message||t.value)&&!/[^a-zA-Z0-9]/.test(t.secret)){for(var s,r,n,a=l.querySelectorAll('iframe[data-secret="'+t.secret+'"]'),o=l.querySelectorAll('blockquote[data-secret="'+t.secret+'"]'),c=new RegExp("^https?:$","i"),i=0;i<o.length;i++)o[i].style.display="none";for(i=0;i<a.length;i++)s=a[i],e.source===s.contentWindow&&(s.removeAttribute("style"),"height"===t.message?(1e3<(r=parseInt(t.value,10))?r=1e3:~~r<200&&(r=200),s.height=r):"link"===t.message&&(r=new URL(s.getAttribute("src")),n=new URL(t.value),c.test(n.protocol))&&n.host===r.host&&l.activeElement===s&&(d.top.location.href=t.value))}},d.addEventListener("message",d.wp.receiveEmbedMessage,!1),l.addEventListener("DOMContentLoaded",function(){for(var e,t,s=l.querySelectorAll("iframe.wp-embedded-content"),r=0;r<s.length;r++)(t=(e=s[r]).getAttribute("data-secret"))||(t=Math.random().toString(36).substring(2,12),e.src+="#?secret="+t,e.setAttribute("data-secret",t)),e.contentWindow.postMessage({message:"ready",secret:t},"*")},!1)))}(window,document);
//# sourceURL=https://www.miciudad.mx/contenido/wp-includes/js/wp-embed.min.js
/* ]]> */
</script>

El famoso y costoso avión presidencial, que como decía el propio mandatario nacional Andrés Manuel López Obrador, “no lo tiene ni Obama”, podría ser comercializado de varias maneras. Una de las cinco opciones que existen para la venta del avión TP-01 “José María Morelos y Pavón”, es rifarlo, es decir, mandarlo a sorteo a través [&hellip;]
