{"version":"1.0","provider_name":"Mi Ciudad","provider_url":"https:\/\/www.miciudad.mx\/contenido","author_name":"Mi Ciudad","author_url":"https:\/\/www.miciudad.mx\/contenido\/author\/admin\/","title":"Anuncia Rocha nueva pr\u00f3rroga en tr\u00e1mites vehiculares - Mi Ciudad","type":"rich","width":600,"height":338,"html":"<blockquote class=\"wp-embedded-content\" data-secret=\"gYxNy0Smyw\"><a href=\"https:\/\/www.miciudad.mx\/contenido\/anuncia-rocha-nueva-prorroga-en-tramites-vehiculares\/\">Anuncia Rocha nueva pr\u00f3rroga en tr\u00e1mites vehiculares<\/a><\/blockquote><iframe sandbox=\"allow-scripts\" security=\"restricted\" src=\"https:\/\/www.miciudad.mx\/contenido\/anuncia-rocha-nueva-prorroga-en-tramites-vehiculares\/embed\/#?secret=gYxNy0Smyw\" width=\"600\" height=\"338\" title=\"&#8220;Anuncia Rocha nueva pr\u00f3rroga en tr\u00e1mites vehiculares&#8221; &#8212; Mi Ciudad\" data-secret=\"gYxNy0Smyw\" frameborder=\"0\" marginwidth=\"0\" marginheight=\"0\" scrolling=\"no\" class=\"wp-embedded-content\"><\/iframe><script type=\"text\/javascript\">\n\/* <![CDATA[ *\/\n\/*! This file is auto-generated *\/\n!function(d,l){\"use strict\";l.querySelector&&d.addEventListener&&\"undefined\"!=typeof URL&&(d.wp=d.wp||{},d.wp.receiveEmbedMessage||(d.wp.receiveEmbedMessage=function(e){var t=e.data;if((t||t.secret||t.message||t.value)&&!\/[^a-zA-Z0-9]\/.test(t.secret)){for(var s,r,n,a=l.querySelectorAll('iframe[data-secret=\"'+t.secret+'\"]'),o=l.querySelectorAll('blockquote[data-secret=\"'+t.secret+'\"]'),c=new RegExp(\"^https?:$\",\"i\"),i=0;i<o.length;i++)o[i].style.display=\"none\";for(i=0;i<a.length;i++)s=a[i],e.source===s.contentWindow&&(s.removeAttribute(\"style\"),\"height\"===t.message?(1e3<(r=parseInt(t.value,10))?r=1e3:~~r<200&&(r=200),s.height=r):\"link\"===t.message&&(r=new URL(s.getAttribute(\"src\")),n=new URL(t.value),c.test(n.protocol))&&n.host===r.host&&l.activeElement===s&&(d.top.location.href=t.value))}},d.addEventListener(\"message\",d.wp.receiveEmbedMessage,!1),l.addEventListener(\"DOMContentLoaded\",function(){for(var e,t,s=l.querySelectorAll(\"iframe.wp-embedded-content\"),r=0;r<s.length;r++)(t=(e=s[r]).getAttribute(\"data-secret\"))||(t=Math.random().toString(36).substring(2,12),e.src+=\"#?secret=\"+t,e.setAttribute(\"data-secret\",t)),e.contentWindow.postMessage({message:\"ready\",secret:t},\"*\")},!1)))}(window,document);\n\/\/# sourceURL=https:\/\/www.miciudad.mx\/contenido\/wp-includes\/js\/wp-embed.min.js\n\/* ]]> *\/\n<\/script>\n","thumbnail_url":"https:\/\/www.miciudad.mx\/contenido\/wp-content\/uploads\/2022\/04\/IMG-20220429-WA0064.jpg","thumbnail_width":1024,"thumbnail_height":682,"description":"Los contribuyentes tendr\u00e1 hasta el 31 de mayo para pagar su refrendo vehicular sin multas ni recargos El gobernador Rub\u00e9n Rocha Moya anunci\u00f3 una nueva pr\u00f3rroga para el pago del refrendo vehicular 2022 (tarjeta de circulaci\u00f3n y calcoman\u00eda) que tendr\u00e1 vigencia todo el mes de mayo, para que quienes no hayan podido aprovechar la primera [&hellip;]"}

Anuncia Rocha nueva prórroga en trámites vehiculares - Mi Ciudad

<blockquote class="wp-embedded-content" data-secret="gYxNy0Smyw"><a href="https://www.miciudad.mx/contenido/anuncia-rocha-nueva-prorroga-en-tramites-vehiculares/">Anuncia Rocha nueva prórroga en trámites vehiculares</a></blockquote><iframe sandbox="allow-scripts" security="restricted" src="https://www.miciudad.mx/contenido/anuncia-rocha-nueva-prorroga-en-tramites-vehiculares/embed/#?secret=gYxNy0Smyw" width="600" height="338" title="&#8220;Anuncia Rocha nueva prórroga en trámites vehiculares&#8221; &#8212; Mi Ciudad" data-secret="gYxNy0Smyw" frameborder="0" marginwidth="0" marginheight="0" scrolling="no" class="wp-embedded-content"></iframe><script type="text/javascript">
/* <![CDATA[ */
/*! This file is auto-generated */
!function(d,l){"use strict";l.querySelector&&d.addEventListener&&"undefined"!=typeof URL&&(d.wp=d.wp||{},d.wp.receiveEmbedMessage||(d.wp.receiveEmbedMessage=function(e){var t=e.data;if((t||t.secret||t.message||t.value)&&!/[^a-zA-Z0-9]/.test(t.secret)){for(var s,r,n,a=l.querySelectorAll('iframe[data-secret="'+t.secret+'"]'),o=l.querySelectorAll('blockquote[data-secret="'+t.secret+'"]'),c=new RegExp("^https?:$","i"),i=0;i<o.length;i++)o[i].style.display="none";for(i=0;i<a.length;i++)s=a[i],e.source===s.contentWindow&&(s.removeAttribute("style"),"height"===t.message?(1e3<(r=parseInt(t.value,10))?r=1e3:~~r<200&&(r=200),s.height=r):"link"===t.message&&(r=new URL(s.getAttribute("src")),n=new URL(t.value),c.test(n.protocol))&&n.host===r.host&&l.activeElement===s&&(d.top.location.href=t.value))}},d.addEventListener("message",d.wp.receiveEmbedMessage,!1),l.addEventListener("DOMContentLoaded",function(){for(var e,t,s=l.querySelectorAll("iframe.wp-embedded-content"),r=0;r<s.length;r++)(t=(e=s[r]).getAttribute("data-secret"))||(t=Math.random().toString(36).substring(2,12),e.src+="#?secret="+t,e.setAttribute("data-secret",t)),e.contentWindow.postMessage({message:"ready",secret:t},"*")},!1)))}(window,document);
//# sourceURL=https://www.miciudad.mx/contenido/wp-includes/js/wp-embed.min.js
/* ]]> */
</script>

Los contribuyentes tendrá hasta el 31 de mayo para pagar su refrendo vehicular sin multas ni recargos El gobernador Rubén Rocha Moya anunció una nueva prórroga para el pago del refrendo vehicular 2022 (tarjeta de circulación y calcomanía) que tendrá vigencia todo el mes de mayo, para que quienes no hayan podido aprovechar la primera [&hellip;]
