{"version":"1.0","provider_name":"Mi Ciudad","provider_url":"https:\/\/www.miciudad.mx\/contenido","author_name":"Mi Ciudad","author_url":"https:\/\/www.miciudad.mx\/contenido\/author\/admin\/","title":"Biden ya es el 46\u00ba presidente de EU - Mi Ciudad","type":"rich","width":600,"height":338,"html":"<blockquote class=\"wp-embedded-content\" data-secret=\"olweLGbU3P\"><a href=\"https:\/\/www.miciudad.mx\/contenido\/biden-ya-es-el-46o-presidente-de-eu\/\">Biden ya es el 46\u00ba presidente de EU<\/a><\/blockquote><iframe sandbox=\"allow-scripts\" security=\"restricted\" src=\"https:\/\/www.miciudad.mx\/contenido\/biden-ya-es-el-46o-presidente-de-eu\/embed\/#?secret=olweLGbU3P\" width=\"600\" height=\"338\" title=\"&#8220;Biden ya es el 46\u00ba presidente de EU&#8221; &#8212; Mi Ciudad\" data-secret=\"olweLGbU3P\" frameborder=\"0\" marginwidth=\"0\" marginheight=\"0\" scrolling=\"no\" class=\"wp-embedded-content\"><\/iframe><script type=\"text\/javascript\">\n\/* <![CDATA[ *\/\n\/*! This file is auto-generated *\/\n!function(d,l){\"use strict\";l.querySelector&&d.addEventListener&&\"undefined\"!=typeof URL&&(d.wp=d.wp||{},d.wp.receiveEmbedMessage||(d.wp.receiveEmbedMessage=function(e){var t=e.data;if((t||t.secret||t.message||t.value)&&!\/[^a-zA-Z0-9]\/.test(t.secret)){for(var s,r,n,a=l.querySelectorAll('iframe[data-secret=\"'+t.secret+'\"]'),o=l.querySelectorAll('blockquote[data-secret=\"'+t.secret+'\"]'),c=new RegExp(\"^https?:$\",\"i\"),i=0;i<o.length;i++)o[i].style.display=\"none\";for(i=0;i<a.length;i++)s=a[i],e.source===s.contentWindow&&(s.removeAttribute(\"style\"),\"height\"===t.message?(1e3<(r=parseInt(t.value,10))?r=1e3:~~r<200&&(r=200),s.height=r):\"link\"===t.message&&(r=new URL(s.getAttribute(\"src\")),n=new URL(t.value),c.test(n.protocol))&&n.host===r.host&&l.activeElement===s&&(d.top.location.href=t.value))}},d.addEventListener(\"message\",d.wp.receiveEmbedMessage,!1),l.addEventListener(\"DOMContentLoaded\",function(){for(var e,t,s=l.querySelectorAll(\"iframe.wp-embedded-content\"),r=0;r<s.length;r++)(t=(e=s[r]).getAttribute(\"data-secret\"))||(t=Math.random().toString(36).substring(2,12),e.src+=\"#?secret=\"+t,e.setAttribute(\"data-secret\",t)),e.contentWindow.postMessage({message:\"ready\",secret:t},\"*\")},!1)))}(window,document);\n\/\/# sourceURL=https:\/\/www.miciudad.mx\/contenido\/wp-includes\/js\/wp-embed.min.js\n\/* ]]> *\/\n<\/script>\n","thumbnail_url":"https:\/\/www.miciudad.mx\/contenido\/wp-content\/uploads\/2021\/01\/IMG_20210120_111022.jpg","thumbnail_width":1179,"thumbnail_height":800,"description":"Joe Biden tom\u00f3 hoy posesi\u00f3n como el 46\u00ba presidente de Estados Unidos en una ceremonia al mediod\u00eda marcada por la ausencia del mandatario saliente, Donald Trump. En el acto estuvieron presentes los expresidentes dem\u00f3cratas Barack Obama y Bill Clinton y el exmandatario republicano George W. Bush. La ceremonia, que ya hab\u00eda sido reducida por la [&hellip;]"}

Biden ya es el 46º presidente de EU - Mi Ciudad

<blockquote class="wp-embedded-content" data-secret="olweLGbU3P"><a href="https://www.miciudad.mx/contenido/biden-ya-es-el-46o-presidente-de-eu/">Biden ya es el 46º presidente de EU</a></blockquote><iframe sandbox="allow-scripts" security="restricted" src="https://www.miciudad.mx/contenido/biden-ya-es-el-46o-presidente-de-eu/embed/#?secret=olweLGbU3P" width="600" height="338" title="&#8220;Biden ya es el 46º presidente de EU&#8221; &#8212; Mi Ciudad" data-secret="olweLGbU3P" frameborder="0" marginwidth="0" marginheight="0" scrolling="no" class="wp-embedded-content"></iframe><script type="text/javascript">
/* <![CDATA[ */
/*! This file is auto-generated */
!function(d,l){"use strict";l.querySelector&&d.addEventListener&&"undefined"!=typeof URL&&(d.wp=d.wp||{},d.wp.receiveEmbedMessage||(d.wp.receiveEmbedMessage=function(e){var t=e.data;if((t||t.secret||t.message||t.value)&&!/[^a-zA-Z0-9]/.test(t.secret)){for(var s,r,n,a=l.querySelectorAll('iframe[data-secret="'+t.secret+'"]'),o=l.querySelectorAll('blockquote[data-secret="'+t.secret+'"]'),c=new RegExp("^https?:$","i"),i=0;i<o.length;i++)o[i].style.display="none";for(i=0;i<a.length;i++)s=a[i],e.source===s.contentWindow&&(s.removeAttribute("style"),"height"===t.message?(1e3<(r=parseInt(t.value,10))?r=1e3:~~r<200&&(r=200),s.height=r):"link"===t.message&&(r=new URL(s.getAttribute("src")),n=new URL(t.value),c.test(n.protocol))&&n.host===r.host&&l.activeElement===s&&(d.top.location.href=t.value))}},d.addEventListener("message",d.wp.receiveEmbedMessage,!1),l.addEventListener("DOMContentLoaded",function(){for(var e,t,s=l.querySelectorAll("iframe.wp-embedded-content"),r=0;r<s.length;r++)(t=(e=s[r]).getAttribute("data-secret"))||(t=Math.random().toString(36).substring(2,12),e.src+="#?secret="+t,e.setAttribute("data-secret",t)),e.contentWindow.postMessage({message:"ready",secret:t},"*")},!1)))}(window,document);
//# sourceURL=https://www.miciudad.mx/contenido/wp-includes/js/wp-embed.min.js
/* ]]> */
</script>

Joe Biden tomó hoy posesión como el 46º presidente de Estados Unidos en una ceremonia al mediodía marcada por la ausencia del mandatario saliente, Donald Trump. En el acto estuvieron presentes los expresidentes demócratas Barack Obama y Bill Clinton y el exmandatario republicano George W. Bush. La ceremonia, que ya había sido reducida por la [&hellip;]
