{"version":"1.0","provider_name":"Mi Ciudad","provider_url":"https:\/\/www.miciudad.mx\/contenido","author_name":"David Uriarte","author_url":"https:\/\/www.miciudad.mx\/contenido\/author\/daviduriarte\/","title":"Cambios en el Ayuntamiento de Culiac\u00e1n - Mi Ciudad","type":"rich","width":600,"height":338,"html":"<blockquote class=\"wp-embedded-content\" data-secret=\"0nc8i3q5NZ\"><a href=\"https:\/\/www.miciudad.mx\/contenido\/cambios-en-el-ayuntamiento-de-culiacan\/\">Cambios en el Ayuntamiento de Culiac\u00e1n<\/a><\/blockquote><iframe sandbox=\"allow-scripts\" security=\"restricted\" src=\"https:\/\/www.miciudad.mx\/contenido\/cambios-en-el-ayuntamiento-de-culiacan\/embed\/#?secret=0nc8i3q5NZ\" width=\"600\" height=\"338\" title=\"&#8220;Cambios en el Ayuntamiento de Culiac\u00e1n&#8221; &#8212; Mi Ciudad\" data-secret=\"0nc8i3q5NZ\" frameborder=\"0\" marginwidth=\"0\" marginheight=\"0\" scrolling=\"no\" class=\"wp-embedded-content\"><\/iframe><script type=\"text\/javascript\">\n\/* <![CDATA[ *\/\n\/*! This file is auto-generated *\/\n!function(d,l){\"use strict\";l.querySelector&&d.addEventListener&&\"undefined\"!=typeof URL&&(d.wp=d.wp||{},d.wp.receiveEmbedMessage||(d.wp.receiveEmbedMessage=function(e){var t=e.data;if((t||t.secret||t.message||t.value)&&!\/[^a-zA-Z0-9]\/.test(t.secret)){for(var s,r,n,a=l.querySelectorAll('iframe[data-secret=\"'+t.secret+'\"]'),o=l.querySelectorAll('blockquote[data-secret=\"'+t.secret+'\"]'),c=new RegExp(\"^https?:$\",\"i\"),i=0;i<o.length;i++)o[i].style.display=\"none\";for(i=0;i<a.length;i++)s=a[i],e.source===s.contentWindow&&(s.removeAttribute(\"style\"),\"height\"===t.message?(1e3<(r=parseInt(t.value,10))?r=1e3:~~r<200&&(r=200),s.height=r):\"link\"===t.message&&(r=new URL(s.getAttribute(\"src\")),n=new URL(t.value),c.test(n.protocol))&&n.host===r.host&&l.activeElement===s&&(d.top.location.href=t.value))}},d.addEventListener(\"message\",d.wp.receiveEmbedMessage,!1),l.addEventListener(\"DOMContentLoaded\",function(){for(var e,t,s=l.querySelectorAll(\"iframe.wp-embedded-content\"),r=0;r<s.length;r++)(t=(e=s[r]).getAttribute(\"data-secret\"))||(t=Math.random().toString(36).substring(2,12),e.src+=\"#?secret=\"+t,e.setAttribute(\"data-secret\",t)),e.contentWindow.postMessage({message:\"ready\",secret:t},\"*\")},!1)))}(window,document);\n\/\/# sourceURL=https:\/\/www.miciudad.mx\/contenido\/wp-includes\/js\/wp-embed.min.js\n\/* ]]> *\/\n<\/script>\n","thumbnail_url":"https:\/\/www.miciudad.mx\/contenido\/wp-content\/uploads\/2022\/06\/Ayuntamiento-cln.jpg","thumbnail_width":952,"thumbnail_height":540,"description":"Por David Uriarte \/ Lo esperado por parte de la sociedad est\u00e1 sucediendo en el gobierno que encabeza Juan de Dios G\u00e1mez Mend\u00edvil, al Ayuntamiento de Culiac\u00e1n se est\u00e1n incorporando personas de la confianza del gobernador y del presidente municipal, la salida del doctor Oth\u00f3n Herrera y Cairo de la Secretar\u00eda del Ayuntamiento, ratifica el [&hellip;]"}

Cambios en el Ayuntamiento de Culiacán - Mi Ciudad

<blockquote class="wp-embedded-content" data-secret="0nc8i3q5NZ"><a href="https://www.miciudad.mx/contenido/cambios-en-el-ayuntamiento-de-culiacan/">Cambios en el Ayuntamiento de Culiacán</a></blockquote><iframe sandbox="allow-scripts" security="restricted" src="https://www.miciudad.mx/contenido/cambios-en-el-ayuntamiento-de-culiacan/embed/#?secret=0nc8i3q5NZ" width="600" height="338" title="&#8220;Cambios en el Ayuntamiento de Culiacán&#8221; &#8212; Mi Ciudad" data-secret="0nc8i3q5NZ" frameborder="0" marginwidth="0" marginheight="0" scrolling="no" class="wp-embedded-content"></iframe><script type="text/javascript">
/* <![CDATA[ */
/*! This file is auto-generated */
!function(d,l){"use strict";l.querySelector&&d.addEventListener&&"undefined"!=typeof URL&&(d.wp=d.wp||{},d.wp.receiveEmbedMessage||(d.wp.receiveEmbedMessage=function(e){var t=e.data;if((t||t.secret||t.message||t.value)&&!/[^a-zA-Z0-9]/.test(t.secret)){for(var s,r,n,a=l.querySelectorAll('iframe[data-secret="'+t.secret+'"]'),o=l.querySelectorAll('blockquote[data-secret="'+t.secret+'"]'),c=new RegExp("^https?:$","i"),i=0;i<o.length;i++)o[i].style.display="none";for(i=0;i<a.length;i++)s=a[i],e.source===s.contentWindow&&(s.removeAttribute("style"),"height"===t.message?(1e3<(r=parseInt(t.value,10))?r=1e3:~~r<200&&(r=200),s.height=r):"link"===t.message&&(r=new URL(s.getAttribute("src")),n=new URL(t.value),c.test(n.protocol))&&n.host===r.host&&l.activeElement===s&&(d.top.location.href=t.value))}},d.addEventListener("message",d.wp.receiveEmbedMessage,!1),l.addEventListener("DOMContentLoaded",function(){for(var e,t,s=l.querySelectorAll("iframe.wp-embedded-content"),r=0;r<s.length;r++)(t=(e=s[r]).getAttribute("data-secret"))||(t=Math.random().toString(36).substring(2,12),e.src+="#?secret="+t,e.setAttribute("data-secret",t)),e.contentWindow.postMessage({message:"ready",secret:t},"*")},!1)))}(window,document);
//# sourceURL=https://www.miciudad.mx/contenido/wp-includes/js/wp-embed.min.js
/* ]]> */
</script>

Por David Uriarte / Lo esperado por parte de la sociedad está sucediendo en el gobierno que encabeza Juan de Dios Gámez Mendívil, al Ayuntamiento de Culiacán se están incorporando personas de la confianza del gobernador y del presidente municipal, la salida del doctor Othón Herrera y Cairo de la Secretaría del Ayuntamiento, ratifica el [&hellip;]
