{"version":"1.0","provider_name":"Mi Ciudad","provider_url":"https:\/\/www.miciudad.mx\/contenido","author_name":"David Uriarte","author_url":"https:\/\/www.miciudad.mx\/contenido\/author\/daviduriarte\/","title":"Carros chocolates, una verdad amarga - Mi Ciudad","type":"rich","width":600,"height":338,"html":"<blockquote class=\"wp-embedded-content\" data-secret=\"QBRwX5FMTU\"><a href=\"https:\/\/www.miciudad.mx\/contenido\/carros-chocolates-una-verdad-amarga\/\">Carros chocolates, una verdad amarga<\/a><\/blockquote><iframe sandbox=\"allow-scripts\" security=\"restricted\" src=\"https:\/\/www.miciudad.mx\/contenido\/carros-chocolates-una-verdad-amarga\/embed\/#?secret=QBRwX5FMTU\" width=\"600\" height=\"338\" title=\"&#8220;Carros chocolates, una verdad amarga&#8221; &#8212; Mi Ciudad\" data-secret=\"QBRwX5FMTU\" frameborder=\"0\" marginwidth=\"0\" marginheight=\"0\" scrolling=\"no\" class=\"wp-embedded-content\"><\/iframe><script type=\"text\/javascript\">\n\/* <![CDATA[ *\/\n\/*! This file is auto-generated *\/\n!function(d,l){\"use strict\";l.querySelector&&d.addEventListener&&\"undefined\"!=typeof URL&&(d.wp=d.wp||{},d.wp.receiveEmbedMessage||(d.wp.receiveEmbedMessage=function(e){var t=e.data;if((t||t.secret||t.message||t.value)&&!\/[^a-zA-Z0-9]\/.test(t.secret)){for(var s,r,n,a=l.querySelectorAll('iframe[data-secret=\"'+t.secret+'\"]'),o=l.querySelectorAll('blockquote[data-secret=\"'+t.secret+'\"]'),c=new RegExp(\"^https?:$\",\"i\"),i=0;i<o.length;i++)o[i].style.display=\"none\";for(i=0;i<a.length;i++)s=a[i],e.source===s.contentWindow&&(s.removeAttribute(\"style\"),\"height\"===t.message?(1e3<(r=parseInt(t.value,10))?r=1e3:~~r<200&&(r=200),s.height=r):\"link\"===t.message&&(r=new URL(s.getAttribute(\"src\")),n=new URL(t.value),c.test(n.protocol))&&n.host===r.host&&l.activeElement===s&&(d.top.location.href=t.value))}},d.addEventListener(\"message\",d.wp.receiveEmbedMessage,!1),l.addEventListener(\"DOMContentLoaded\",function(){for(var e,t,s=l.querySelectorAll(\"iframe.wp-embedded-content\"),r=0;r<s.length;r++)(t=(e=s[r]).getAttribute(\"data-secret\"))||(t=Math.random().toString(36).substring(2,12),e.src+=\"#?secret=\"+t,e.setAttribute(\"data-secret\",t)),e.contentWindow.postMessage({message:\"ready\",secret:t},\"*\")},!1)))}(window,document);\n\/\/# sourceURL=https:\/\/www.miciudad.mx\/contenido\/wp-includes\/js\/wp-embed.min.js\n\/* ]]> *\/\n<\/script>\n","thumbnail_url":"https:\/\/www.miciudad.mx\/contenido\/wp-content\/uploads\/2022\/03\/WhatsApp-Image-2022-03-02-at-8.03.55-AM.jpeg","thumbnail_width":1280,"thumbnail_height":853,"description":"Por David Uriarte \/ &#8220;Lo que de aqu\u00ed para all\u00e1 es de subida, de all\u00e1 para ac\u00e1 es de bajada&#8221; dice el fil\u00f3sofo de G\u00fcemes&#8230; Lo que para muchos es motivo de fiesta y algarab\u00eda, por el decreto que regula la estancia en el pa\u00eds de veh\u00edculos de procedencia extranjera, para otros es motivo de [&hellip;]"}

Por David Uriarte / &#8220;Lo que de aquí para allá es de subida, de allá para acá es de bajada&#8221; dice el filósofo de Güemes&#8230; Lo que para muchos es motivo de fiesta y algarabía, por el decreto que regula la estancia en el país de vehículos de procedencia extranjera, para otros es motivo de [&hellip;]
