{"version":"1.0","provider_name":"Mi Ciudad","provider_url":"https:\/\/www.miciudad.mx\/contenido","author_name":"Mi Ciudad","author_url":"https:\/\/www.miciudad.mx\/contenido\/author\/admin\/","title":"Confirman primer caso de 'fluorona' en Sinaloa - Mi Ciudad","type":"rich","width":600,"height":338,"html":"<blockquote class=\"wp-embedded-content\" data-secret=\"G7hID4K6Cw\"><a href=\"https:\/\/www.miciudad.mx\/contenido\/confirman-primer-caso-de-fluorona-en-sinaloa\/\">Confirman primer caso de &#8216;fluorona&#8217; en Sinaloa<\/a><\/blockquote><iframe sandbox=\"allow-scripts\" security=\"restricted\" src=\"https:\/\/www.miciudad.mx\/contenido\/confirman-primer-caso-de-fluorona-en-sinaloa\/embed\/#?secret=G7hID4K6Cw\" width=\"600\" height=\"338\" title=\"&#8220;Confirman primer caso de &#8216;fluorona&#8217; en Sinaloa&#8221; &#8212; Mi Ciudad\" data-secret=\"G7hID4K6Cw\" frameborder=\"0\" marginwidth=\"0\" marginheight=\"0\" scrolling=\"no\" class=\"wp-embedded-content\"><\/iframe><script type=\"text\/javascript\">\n\/* <![CDATA[ *\/\n\/*! This file is auto-generated *\/\n!function(d,l){\"use strict\";l.querySelector&&d.addEventListener&&\"undefined\"!=typeof URL&&(d.wp=d.wp||{},d.wp.receiveEmbedMessage||(d.wp.receiveEmbedMessage=function(e){var t=e.data;if((t||t.secret||t.message||t.value)&&!\/[^a-zA-Z0-9]\/.test(t.secret)){for(var s,r,n,a=l.querySelectorAll('iframe[data-secret=\"'+t.secret+'\"]'),o=l.querySelectorAll('blockquote[data-secret=\"'+t.secret+'\"]'),c=new RegExp(\"^https?:$\",\"i\"),i=0;i<o.length;i++)o[i].style.display=\"none\";for(i=0;i<a.length;i++)s=a[i],e.source===s.contentWindow&&(s.removeAttribute(\"style\"),\"height\"===t.message?(1e3<(r=parseInt(t.value,10))?r=1e3:~~r<200&&(r=200),s.height=r):\"link\"===t.message&&(r=new URL(s.getAttribute(\"src\")),n=new URL(t.value),c.test(n.protocol))&&n.host===r.host&&l.activeElement===s&&(d.top.location.href=t.value))}},d.addEventListener(\"message\",d.wp.receiveEmbedMessage,!1),l.addEventListener(\"DOMContentLoaded\",function(){for(var e,t,s=l.querySelectorAll(\"iframe.wp-embedded-content\"),r=0;r<s.length;r++)(t=(e=s[r]).getAttribute(\"data-secret\"))||(t=Math.random().toString(36).substring(2,12),e.src+=\"#?secret=\"+t,e.setAttribute(\"data-secret\",t)),e.contentWindow.postMessage({message:\"ready\",secret:t},\"*\")},!1)))}(window,document);\n\/\/# sourceURL=https:\/\/www.miciudad.mx\/contenido\/wp-includes\/js\/wp-embed.min.js\n\/* ]]> *\/\n<\/script>\n","thumbnail_url":"https:\/\/www.miciudad.mx\/contenido\/wp-content\/uploads\/2022\/01\/flurona.jpg","thumbnail_width":746,"thumbnail_height":446,"description":"El Secretario de Salud de Sinaloa, MC. H\u00e9ctor Melesio Cu\u00e9n Ojeda, confirm\u00f3 el primer caso de \u201cfluorona\u201d detectado el pasado 06 de enero aqu\u00ed en Sinaloa. Se trata de un paciente hombre de 36 a\u00f1os del municipio de Culiac\u00e1n, qui\u00e9n resulto positivo a Covid-19 y a su vez a Influenza, inform\u00f3 que por fortuna el [&hellip;]"}

El Secretario de Salud de Sinaloa, MC. Héctor Melesio Cuén Ojeda, confirmó el primer caso de “fluorona” detectado el pasado 06 de enero aquí en Sinaloa. Se trata de un paciente hombre de 36 años del municipio de Culiacán, quién resulto positivo a Covid-19 y a su vez a Influenza, informó que por fortuna el [&hellip;]
