{"version":"1.0","provider_name":"Mi Ciudad","provider_url":"https:\/\/www.miciudad.mx\/contenido","author_name":"Mi Ciudad","author_url":"https:\/\/www.miciudad.mx\/contenido\/author\/admin\/","title":"Contin\u00faa Jes\u00fas Vald\u00e9s recorriendo el estado - Mi Ciudad","type":"rich","width":600,"height":338,"html":"<blockquote class=\"wp-embedded-content\" data-secret=\"eEUeRWknPE\"><a href=\"https:\/\/www.miciudad.mx\/contenido\/continua-jesus-valdes-recorriendo-el-estado\/\">Contin\u00faa Jes\u00fas Vald\u00e9s recorriendo el estado<\/a><\/blockquote><iframe sandbox=\"allow-scripts\" security=\"restricted\" src=\"https:\/\/www.miciudad.mx\/contenido\/continua-jesus-valdes-recorriendo-el-estado\/embed\/#?secret=eEUeRWknPE\" width=\"600\" height=\"338\" title=\"&#8220;Contin\u00faa Jes\u00fas Vald\u00e9s recorriendo el estado&#8221; &#8212; Mi Ciudad\" data-secret=\"eEUeRWknPE\" frameborder=\"0\" marginwidth=\"0\" marginheight=\"0\" scrolling=\"no\" class=\"wp-embedded-content\"><\/iframe><script type=\"text\/javascript\">\n\/* <![CDATA[ *\/\n\/*! This file is auto-generated *\/\n!function(d,l){\"use strict\";l.querySelector&&d.addEventListener&&\"undefined\"!=typeof URL&&(d.wp=d.wp||{},d.wp.receiveEmbedMessage||(d.wp.receiveEmbedMessage=function(e){var t=e.data;if((t||t.secret||t.message||t.value)&&!\/[^a-zA-Z0-9]\/.test(t.secret)){for(var s,r,n,a=l.querySelectorAll('iframe[data-secret=\"'+t.secret+'\"]'),o=l.querySelectorAll('blockquote[data-secret=\"'+t.secret+'\"]'),c=new RegExp(\"^https?:$\",\"i\"),i=0;i<o.length;i++)o[i].style.display=\"none\";for(i=0;i<a.length;i++)s=a[i],e.source===s.contentWindow&&(s.removeAttribute(\"style\"),\"height\"===t.message?(1e3<(r=parseInt(t.value,10))?r=1e3:~~r<200&&(r=200),s.height=r):\"link\"===t.message&&(r=new URL(s.getAttribute(\"src\")),n=new URL(t.value),c.test(n.protocol))&&n.host===r.host&&l.activeElement===s&&(d.top.location.href=t.value))}},d.addEventListener(\"message\",d.wp.receiveEmbedMessage,!1),l.addEventListener(\"DOMContentLoaded\",function(){for(var e,t,s=l.querySelectorAll(\"iframe.wp-embedded-content\"),r=0;r<s.length;r++)(t=(e=s[r]).getAttribute(\"data-secret\"))||(t=Math.random().toString(36).substring(2,12),e.src+=\"#?secret=\"+t,e.setAttribute(\"data-secret\",t)),e.contentWindow.postMessage({message:\"ready\",secret:t},\"*\")},!1)))}(window,document);\n\/\/# sourceURL=https:\/\/www.miciudad.mx\/contenido\/wp-includes\/js\/wp-embed.min.js\n\/* ]]> *\/\n<\/script>\n","thumbnail_url":"https:\/\/www.miciudad.mx\/contenido\/wp-content\/uploads\/2020\/08\/5.jpg","thumbnail_width":1280,"thumbnail_height":726,"description":"Realiza gira de trabajo por los municipios de Guasave y de Sinaloa. Se suman m\u00e1s j\u00f3venes al Comit\u00e9 Municipal de Guasave, donde el presidente del Comit\u00e9 Directivo Estatal del PRI Sinaloa, Jes\u00fas Vald\u00e9s Palazuelos acompa\u00f1ado de Cinthia Valenzuela Langarica, secretaria general, fueron los encargados de tomar protesta a la nueva estructura de la organizaci\u00f3n juvenil, [&hellip;]"}

Continúa Jesús Valdés recorriendo el estado - Mi Ciudad

<blockquote class="wp-embedded-content" data-secret="eEUeRWknPE"><a href="https://www.miciudad.mx/contenido/continua-jesus-valdes-recorriendo-el-estado/">Continúa Jesús Valdés recorriendo el estado</a></blockquote><iframe sandbox="allow-scripts" security="restricted" src="https://www.miciudad.mx/contenido/continua-jesus-valdes-recorriendo-el-estado/embed/#?secret=eEUeRWknPE" width="600" height="338" title="&#8220;Continúa Jesús Valdés recorriendo el estado&#8221; &#8212; Mi Ciudad" data-secret="eEUeRWknPE" frameborder="0" marginwidth="0" marginheight="0" scrolling="no" class="wp-embedded-content"></iframe><script type="text/javascript">
/* <![CDATA[ */
/*! This file is auto-generated */
!function(d,l){"use strict";l.querySelector&&d.addEventListener&&"undefined"!=typeof URL&&(d.wp=d.wp||{},d.wp.receiveEmbedMessage||(d.wp.receiveEmbedMessage=function(e){var t=e.data;if((t||t.secret||t.message||t.value)&&!/[^a-zA-Z0-9]/.test(t.secret)){for(var s,r,n,a=l.querySelectorAll('iframe[data-secret="'+t.secret+'"]'),o=l.querySelectorAll('blockquote[data-secret="'+t.secret+'"]'),c=new RegExp("^https?:$","i"),i=0;i<o.length;i++)o[i].style.display="none";for(i=0;i<a.length;i++)s=a[i],e.source===s.contentWindow&&(s.removeAttribute("style"),"height"===t.message?(1e3<(r=parseInt(t.value,10))?r=1e3:~~r<200&&(r=200),s.height=r):"link"===t.message&&(r=new URL(s.getAttribute("src")),n=new URL(t.value),c.test(n.protocol))&&n.host===r.host&&l.activeElement===s&&(d.top.location.href=t.value))}},d.addEventListener("message",d.wp.receiveEmbedMessage,!1),l.addEventListener("DOMContentLoaded",function(){for(var e,t,s=l.querySelectorAll("iframe.wp-embedded-content"),r=0;r<s.length;r++)(t=(e=s[r]).getAttribute("data-secret"))||(t=Math.random().toString(36).substring(2,12),e.src+="#?secret="+t,e.setAttribute("data-secret",t)),e.contentWindow.postMessage({message:"ready",secret:t},"*")},!1)))}(window,document);
//# sourceURL=https://www.miciudad.mx/contenido/wp-includes/js/wp-embed.min.js
/* ]]> */
</script>

Realiza gira de trabajo por los municipios de Guasave y de Sinaloa. Se suman más jóvenes al Comité Municipal de Guasave, donde el presidente del Comité Directivo Estatal del PRI Sinaloa, Jesús Valdés Palazuelos acompañado de Cinthia Valenzuela Langarica, secretaria general, fueron los encargados de tomar protesta a la nueva estructura de la organización juvenil, [&hellip;]
