{"version":"1.0","provider_name":"Mi Ciudad","provider_url":"https:\/\/www.miciudad.mx\/contenido","author_name":"Victoria S\u00e1nchez","author_url":"https:\/\/www.miciudad.mx\/contenido\/author\/victoriasanchez\/","title":"Contin\u00faan graves los lobos marinos rescatados en Altata - Mi Ciudad","type":"rich","width":600,"height":338,"html":"<blockquote class=\"wp-embedded-content\" data-secret=\"m1MPOgWJPd\"><a href=\"https:\/\/www.miciudad.mx\/contenido\/continuan-graves-los-lobos-marinos-rescatados-en-altata\/\">Contin\u00faan graves los lobos marinos rescatados en Altata<\/a><\/blockquote><iframe sandbox=\"allow-scripts\" security=\"restricted\" src=\"https:\/\/www.miciudad.mx\/contenido\/continuan-graves-los-lobos-marinos-rescatados-en-altata\/embed\/#?secret=m1MPOgWJPd\" width=\"600\" height=\"338\" title=\"&#8220;Contin\u00faan graves los lobos marinos rescatados en Altata&#8221; &#8212; Mi Ciudad\" data-secret=\"m1MPOgWJPd\" frameborder=\"0\" marginwidth=\"0\" marginheight=\"0\" scrolling=\"no\" class=\"wp-embedded-content\"><\/iframe><script type=\"text\/javascript\">\n\/* <![CDATA[ *\/\n\/*! This file is auto-generated *\/\n!function(d,l){\"use strict\";l.querySelector&&d.addEventListener&&\"undefined\"!=typeof URL&&(d.wp=d.wp||{},d.wp.receiveEmbedMessage||(d.wp.receiveEmbedMessage=function(e){var t=e.data;if((t||t.secret||t.message||t.value)&&!\/[^a-zA-Z0-9]\/.test(t.secret)){for(var s,r,n,a=l.querySelectorAll('iframe[data-secret=\"'+t.secret+'\"]'),o=l.querySelectorAll('blockquote[data-secret=\"'+t.secret+'\"]'),c=new RegExp(\"^https?:$\",\"i\"),i=0;i<o.length;i++)o[i].style.display=\"none\";for(i=0;i<a.length;i++)s=a[i],e.source===s.contentWindow&&(s.removeAttribute(\"style\"),\"height\"===t.message?(1e3<(r=parseInt(t.value,10))?r=1e3:~~r<200&&(r=200),s.height=r):\"link\"===t.message&&(r=new URL(s.getAttribute(\"src\")),n=new URL(t.value),c.test(n.protocol))&&n.host===r.host&&l.activeElement===s&&(d.top.location.href=t.value))}},d.addEventListener(\"message\",d.wp.receiveEmbedMessage,!1),l.addEventListener(\"DOMContentLoaded\",function(){for(var e,t,s=l.querySelectorAll(\"iframe.wp-embedded-content\"),r=0;r<s.length;r++)(t=(e=s[r]).getAttribute(\"data-secret\"))||(t=Math.random().toString(36).substring(2,12),e.src+=\"#?secret=\"+t,e.setAttribute(\"data-secret\",t)),e.contentWindow.postMessage({message:\"ready\",secret:t},\"*\")},!1)))}(window,document);\n\/\/# sourceURL=https:\/\/www.miciudad.mx\/contenido\/wp-includes\/js\/wp-embed.min.js\n\/* ]]> *\/\n<\/script>\n","thumbnail_url":"https:\/\/www.miciudad.mx\/contenido\/wp-content\/uploads\/2020\/02\/lobo_marino_final.jpg","thumbnail_width":1200,"thumbnail_height":723,"description":"Gracias a la suma de esfuerzos de expertos en fauna silvestre siguen vivos los dos lobos marinos malheridos rescatados hace dos semanas en las playas de Navolato, explic\u00f3 el presidente de la AZCARM, Ernesto Zazueta Zazueta. En cuanto a qui\u00e9n o qu\u00e9 pudo causar el da\u00f1o f\u00edsico a los lobos marinos, Zazueta Zazueta, consider\u00f3 como [&hellip;]"}

Victoria Sánchez

Continúan graves los lobos marinos rescatados en Altata - Mi Ciudad

<blockquote class="wp-embedded-content" data-secret="m1MPOgWJPd"><a href="https://www.miciudad.mx/contenido/continuan-graves-los-lobos-marinos-rescatados-en-altata/">Continúan graves los lobos marinos rescatados en Altata</a></blockquote><iframe sandbox="allow-scripts" security="restricted" src="https://www.miciudad.mx/contenido/continuan-graves-los-lobos-marinos-rescatados-en-altata/embed/#?secret=m1MPOgWJPd" width="600" height="338" title="&#8220;Continúan graves los lobos marinos rescatados en Altata&#8221; &#8212; Mi Ciudad" data-secret="m1MPOgWJPd" frameborder="0" marginwidth="0" marginheight="0" scrolling="no" class="wp-embedded-content"></iframe><script type="text/javascript">
/* <![CDATA[ */
/*! This file is auto-generated */
!function(d,l){"use strict";l.querySelector&&d.addEventListener&&"undefined"!=typeof URL&&(d.wp=d.wp||{},d.wp.receiveEmbedMessage||(d.wp.receiveEmbedMessage=function(e){var t=e.data;if((t||t.secret||t.message||t.value)&&!/[^a-zA-Z0-9]/.test(t.secret)){for(var s,r,n,a=l.querySelectorAll('iframe[data-secret="'+t.secret+'"]'),o=l.querySelectorAll('blockquote[data-secret="'+t.secret+'"]'),c=new RegExp("^https?:$","i"),i=0;i<o.length;i++)o[i].style.display="none";for(i=0;i<a.length;i++)s=a[i],e.source===s.contentWindow&&(s.removeAttribute("style"),"height"===t.message?(1e3<(r=parseInt(t.value,10))?r=1e3:~~r<200&&(r=200),s.height=r):"link"===t.message&&(r=new URL(s.getAttribute("src")),n=new URL(t.value),c.test(n.protocol))&&n.host===r.host&&l.activeElement===s&&(d.top.location.href=t.value))}},d.addEventListener("message",d.wp.receiveEmbedMessage,!1),l.addEventListener("DOMContentLoaded",function(){for(var e,t,s=l.querySelectorAll("iframe.wp-embedded-content"),r=0;r<s.length;r++)(t=(e=s[r]).getAttribute("data-secret"))||(t=Math.random().toString(36).substring(2,12),e.src+="#?secret="+t,e.setAttribute("data-secret",t)),e.contentWindow.postMessage({message:"ready",secret:t},"*")},!1)))}(window,document);
//# sourceURL=https://www.miciudad.mx/contenido/wp-includes/js/wp-embed.min.js
/* ]]> */
</script>

Gracias a la suma de esfuerzos de expertos en fauna silvestre siguen vivos los dos lobos marinos malheridos rescatados hace dos semanas en las playas de Navolato, explicó el presidente de la AZCARM, Ernesto Zazueta Zazueta. En cuanto a quién o qué pudo causar el daño físico a los lobos marinos, Zazueta Zazueta, consideró como [&hellip;]
