{"version":"1.0","provider_name":"Mi Ciudad","provider_url":"https:\/\/www.miciudad.mx\/contenido","author_name":"Mi Ciudad Culiac\u00e1n","author_url":"https:\/\/www.miciudad.mx\/contenido\/author\/redaccionmiciudad\/","title":"\u00bfCuantas \u00c1guilas UAS participar\u00e1n en el regional 2024? - Mi Ciudad","type":"rich","width":600,"height":338,"html":"<blockquote class=\"wp-embedded-content\" data-secret=\"gcIlRZsJll\"><a href=\"https:\/\/www.miciudad.mx\/contenido\/cuantas-aguilas-uas-participaran-en-el-regional-2024\/\">\u00bfCuantas \u00c1guilas UAS participar\u00e1n en el regional 2024?<\/a><\/blockquote><iframe sandbox=\"allow-scripts\" security=\"restricted\" src=\"https:\/\/www.miciudad.mx\/contenido\/cuantas-aguilas-uas-participaran-en-el-regional-2024\/embed\/#?secret=gcIlRZsJll\" width=\"600\" height=\"338\" title=\"&#8220;\u00bfCuantas \u00c1guilas UAS participar\u00e1n en el regional 2024?&#8221; &#8212; Mi Ciudad\" data-secret=\"gcIlRZsJll\" frameborder=\"0\" marginwidth=\"0\" marginheight=\"0\" scrolling=\"no\" class=\"wp-embedded-content\"><\/iframe><script type=\"text\/javascript\">\n\/* <![CDATA[ *\/\n\/*! This file is auto-generated *\/\n!function(d,l){\"use strict\";l.querySelector&&d.addEventListener&&\"undefined\"!=typeof URL&&(d.wp=d.wp||{},d.wp.receiveEmbedMessage||(d.wp.receiveEmbedMessage=function(e){var t=e.data;if((t||t.secret||t.message||t.value)&&!\/[^a-zA-Z0-9]\/.test(t.secret)){for(var s,r,n,a=l.querySelectorAll('iframe[data-secret=\"'+t.secret+'\"]'),o=l.querySelectorAll('blockquote[data-secret=\"'+t.secret+'\"]'),c=new RegExp(\"^https?:$\",\"i\"),i=0;i<o.length;i++)o[i].style.display=\"none\";for(i=0;i<a.length;i++)s=a[i],e.source===s.contentWindow&&(s.removeAttribute(\"style\"),\"height\"===t.message?(1e3<(r=parseInt(t.value,10))?r=1e3:~~r<200&&(r=200),s.height=r):\"link\"===t.message&&(r=new URL(s.getAttribute(\"src\")),n=new URL(t.value),c.test(n.protocol))&&n.host===r.host&&l.activeElement===s&&(d.top.location.href=t.value))}},d.addEventListener(\"message\",d.wp.receiveEmbedMessage,!1),l.addEventListener(\"DOMContentLoaded\",function(){for(var e,t,s=l.querySelectorAll(\"iframe.wp-embedded-content\"),r=0;r<s.length;r++)(t=(e=s[r]).getAttribute(\"data-secret\"))||(t=Math.random().toString(36).substring(2,12),e.src+=\"#?secret=\"+t,e.setAttribute(\"data-secret\",t)),e.contentWindow.postMessage({message:\"ready\",secret:t},\"*\")},!1)))}(window,document);\n\/\/# sourceURL=https:\/\/www.miciudad.mx\/contenido\/wp-includes\/js\/wp-embed.min.js\n\/* ]]> *\/\n<\/script>\n","thumbnail_url":"https:\/\/www.miciudad.mx\/contenido\/wp-content\/uploads\/2024\/03\/9f08cb4a-fc2d-4ebb-8d6e-c6c42f5152b1.jpeg","thumbnail_width":1600,"thumbnail_height":1066,"description":"Las \u00c1guilas UAS obtuvieron el primer lugar general de la Universiada estatal celebrada la semana anterior. Despu\u00e9s de esa participaci\u00f3n en 466 qued\u00f3 la delegaci\u00f3n de las \u00c1guilas UAS para la Universiada Regional a celebrarse del 9 al 20 de abril en tres sedes: Mexicali, Obreg\u00f3n y Culiac\u00e1n. Gilberto Berrelleza Reyes, director de deportes UAS, [&hellip;]"}

Mi Ciudad Culiacán

¿Cuantas Águilas UAS participarán en el regional 2024? - Mi Ciudad

<blockquote class="wp-embedded-content" data-secret="gcIlRZsJll"><a href="https://www.miciudad.mx/contenido/cuantas-aguilas-uas-participaran-en-el-regional-2024/">¿Cuantas Águilas UAS participarán en el regional 2024?</a></blockquote><iframe sandbox="allow-scripts" security="restricted" src="https://www.miciudad.mx/contenido/cuantas-aguilas-uas-participaran-en-el-regional-2024/embed/#?secret=gcIlRZsJll" width="600" height="338" title="&#8220;¿Cuantas Águilas UAS participarán en el regional 2024?&#8221; &#8212; Mi Ciudad" data-secret="gcIlRZsJll" frameborder="0" marginwidth="0" marginheight="0" scrolling="no" class="wp-embedded-content"></iframe><script type="text/javascript">
/* <![CDATA[ */
/*! This file is auto-generated */
!function(d,l){"use strict";l.querySelector&&d.addEventListener&&"undefined"!=typeof URL&&(d.wp=d.wp||{},d.wp.receiveEmbedMessage||(d.wp.receiveEmbedMessage=function(e){var t=e.data;if((t||t.secret||t.message||t.value)&&!/[^a-zA-Z0-9]/.test(t.secret)){for(var s,r,n,a=l.querySelectorAll('iframe[data-secret="'+t.secret+'"]'),o=l.querySelectorAll('blockquote[data-secret="'+t.secret+'"]'),c=new RegExp("^https?:$","i"),i=0;i<o.length;i++)o[i].style.display="none";for(i=0;i<a.length;i++)s=a[i],e.source===s.contentWindow&&(s.removeAttribute("style"),"height"===t.message?(1e3<(r=parseInt(t.value,10))?r=1e3:~~r<200&&(r=200),s.height=r):"link"===t.message&&(r=new URL(s.getAttribute("src")),n=new URL(t.value),c.test(n.protocol))&&n.host===r.host&&l.activeElement===s&&(d.top.location.href=t.value))}},d.addEventListener("message",d.wp.receiveEmbedMessage,!1),l.addEventListener("DOMContentLoaded",function(){for(var e,t,s=l.querySelectorAll("iframe.wp-embedded-content"),r=0;r<s.length;r++)(t=(e=s[r]).getAttribute("data-secret"))||(t=Math.random().toString(36).substring(2,12),e.src+="#?secret="+t,e.setAttribute("data-secret",t)),e.contentWindow.postMessage({message:"ready",secret:t},"*")},!1)))}(window,document);
//# sourceURL=https://www.miciudad.mx/contenido/wp-includes/js/wp-embed.min.js
/* ]]> */
</script>

Las Águilas UAS obtuvieron el primer lugar general de la Universiada estatal celebrada la semana anterior. Después de esa participación en 466 quedó la delegación de las Águilas UAS para la Universiada Regional a celebrarse del 9 al 20 de abril en tres sedes: Mexicali, Obregón y Culiacán. Gilberto Berrelleza Reyes, director de deportes UAS, [&hellip;]
