{"version":"1.0","provider_name":"Mi Ciudad","provider_url":"https:\/\/www.miciudad.mx\/contenido","author_name":"Mi Ciudad Culiac\u00e1n","author_url":"https:\/\/www.miciudad.mx\/contenido\/author\/redaccionmiciudad\/","title":"Distribuye PRI paqueter\u00eda electoral para proceso interno - Mi Ciudad","type":"rich","width":600,"height":338,"html":"<blockquote class=\"wp-embedded-content\" data-secret=\"Q0i8dPFDuT\"><a href=\"https:\/\/www.miciudad.mx\/contenido\/distribuye-pri-paqueteria-electoral-para-proceso-interno\/\">Distribuye PRI paqueter\u00eda electoral para proceso interno<\/a><\/blockquote><iframe sandbox=\"allow-scripts\" security=\"restricted\" src=\"https:\/\/www.miciudad.mx\/contenido\/distribuye-pri-paqueteria-electoral-para-proceso-interno\/embed\/#?secret=Q0i8dPFDuT\" width=\"600\" height=\"338\" title=\"&#8220;Distribuye PRI paqueter\u00eda electoral para proceso interno&#8221; &#8212; Mi Ciudad\" data-secret=\"Q0i8dPFDuT\" frameborder=\"0\" marginwidth=\"0\" marginheight=\"0\" scrolling=\"no\" class=\"wp-embedded-content\"><\/iframe><script type=\"text\/javascript\">\n\/* <![CDATA[ *\/\n\/*! This file is auto-generated *\/\n!function(d,l){\"use strict\";l.querySelector&&d.addEventListener&&\"undefined\"!=typeof URL&&(d.wp=d.wp||{},d.wp.receiveEmbedMessage||(d.wp.receiveEmbedMessage=function(e){var t=e.data;if((t||t.secret||t.message||t.value)&&!\/[^a-zA-Z0-9]\/.test(t.secret)){for(var s,r,n,a=l.querySelectorAll('iframe[data-secret=\"'+t.secret+'\"]'),o=l.querySelectorAll('blockquote[data-secret=\"'+t.secret+'\"]'),c=new RegExp(\"^https?:$\",\"i\"),i=0;i<o.length;i++)o[i].style.display=\"none\";for(i=0;i<a.length;i++)s=a[i],e.source===s.contentWindow&&(s.removeAttribute(\"style\"),\"height\"===t.message?(1e3<(r=parseInt(t.value,10))?r=1e3:~~r<200&&(r=200),s.height=r):\"link\"===t.message&&(r=new URL(s.getAttribute(\"src\")),n=new URL(t.value),c.test(n.protocol))&&n.host===r.host&&l.activeElement===s&&(d.top.location.href=t.value))}},d.addEventListener(\"message\",d.wp.receiveEmbedMessage,!1),l.addEventListener(\"DOMContentLoaded\",function(){for(var e,t,s=l.querySelectorAll(\"iframe.wp-embedded-content\"),r=0;r<s.length;r++)(t=(e=s[r]).getAttribute(\"data-secret\"))||(t=Math.random().toString(36).substring(2,12),e.src+=\"#?secret=\"+t,e.setAttribute(\"data-secret\",t)),e.contentWindow.postMessage({message:\"ready\",secret:t},\"*\")},!1)))}(window,document);\n\/\/# sourceURL=https:\/\/www.miciudad.mx\/contenido\/wp-includes\/js\/wp-embed.min.js\n\/* ]]> *\/\n<\/script>\n","thumbnail_url":"https:\/\/www.miciudad.mx\/contenido\/wp-content\/uploads\/2019\/08\/PRI-boletas.jpg","thumbnail_width":1230,"thumbnail_height":852,"description":"arantizamos la equidad y la igualdad para las tres f\u00f3rmulas que buscan la presidencia y la secretar\u00eda general del Comit\u00e9 Ejecutivo Nacional, cuyas elecciones ser\u00e1n este pr\u00f3ximo domingo, en las que se espera una buena participaci\u00f3n de los militantes, asegur\u00f3 el presidente estatal de este partido, Jes\u00fas Vald\u00e9s, al entregar la paqueter\u00eda electoral a los [&hellip;]"}

Mi Ciudad Culiacán

Distribuye PRI paquetería electoral para proceso interno - Mi Ciudad

<blockquote class="wp-embedded-content" data-secret="Q0i8dPFDuT"><a href="https://www.miciudad.mx/contenido/distribuye-pri-paqueteria-electoral-para-proceso-interno/">Distribuye PRI paquetería electoral para proceso interno</a></blockquote><iframe sandbox="allow-scripts" security="restricted" src="https://www.miciudad.mx/contenido/distribuye-pri-paqueteria-electoral-para-proceso-interno/embed/#?secret=Q0i8dPFDuT" width="600" height="338" title="&#8220;Distribuye PRI paquetería electoral para proceso interno&#8221; &#8212; Mi Ciudad" data-secret="Q0i8dPFDuT" frameborder="0" marginwidth="0" marginheight="0" scrolling="no" class="wp-embedded-content"></iframe><script type="text/javascript">
/* <![CDATA[ */
/*! This file is auto-generated */
!function(d,l){"use strict";l.querySelector&&d.addEventListener&&"undefined"!=typeof URL&&(d.wp=d.wp||{},d.wp.receiveEmbedMessage||(d.wp.receiveEmbedMessage=function(e){var t=e.data;if((t||t.secret||t.message||t.value)&&!/[^a-zA-Z0-9]/.test(t.secret)){for(var s,r,n,a=l.querySelectorAll('iframe[data-secret="'+t.secret+'"]'),o=l.querySelectorAll('blockquote[data-secret="'+t.secret+'"]'),c=new RegExp("^https?:$","i"),i=0;i<o.length;i++)o[i].style.display="none";for(i=0;i<a.length;i++)s=a[i],e.source===s.contentWindow&&(s.removeAttribute("style"),"height"===t.message?(1e3<(r=parseInt(t.value,10))?r=1e3:~~r<200&&(r=200),s.height=r):"link"===t.message&&(r=new URL(s.getAttribute("src")),n=new URL(t.value),c.test(n.protocol))&&n.host===r.host&&l.activeElement===s&&(d.top.location.href=t.value))}},d.addEventListener("message",d.wp.receiveEmbedMessage,!1),l.addEventListener("DOMContentLoaded",function(){for(var e,t,s=l.querySelectorAll("iframe.wp-embedded-content"),r=0;r<s.length;r++)(t=(e=s[r]).getAttribute("data-secret"))||(t=Math.random().toString(36).substring(2,12),e.src+="#?secret="+t,e.setAttribute("data-secret",t)),e.contentWindow.postMessage({message:"ready",secret:t},"*")},!1)))}(window,document);
//# sourceURL=https://www.miciudad.mx/contenido/wp-includes/js/wp-embed.min.js
/* ]]> */
</script>

arantizamos la equidad y la igualdad para las tres fórmulas que buscan la presidencia y la secretaría general del Comité Ejecutivo Nacional, cuyas elecciones serán este próximo domingo, en las que se espera una buena participación de los militantes, aseguró el presidente estatal de este partido, Jesús Valdés, al entregar la paquetería electoral a los [&hellip;]
