{"version":"1.0","provider_name":"Mi Ciudad","provider_url":"https:\/\/www.miciudad.mx\/contenido","author_name":"David Uriarte","author_url":"https:\/\/www.miciudad.mx\/contenido\/author\/daviduriarte\/","title":"El 'colmillo' del Presidente - Mi Ciudad","type":"rich","width":600,"height":338,"html":"<blockquote class=\"wp-embedded-content\" data-secret=\"upI8kJ7sRt\"><a href=\"https:\/\/www.miciudad.mx\/contenido\/el-colmillo-del-presidente\/\">El &#8216;colmillo&#8217; del Presidente<\/a><\/blockquote><iframe sandbox=\"allow-scripts\" security=\"restricted\" src=\"https:\/\/www.miciudad.mx\/contenido\/el-colmillo-del-presidente\/embed\/#?secret=upI8kJ7sRt\" width=\"600\" height=\"338\" title=\"&#8220;El &#8216;colmillo&#8217; del Presidente&#8221; &#8212; Mi Ciudad\" data-secret=\"upI8kJ7sRt\" frameborder=\"0\" marginwidth=\"0\" marginheight=\"0\" scrolling=\"no\" class=\"wp-embedded-content\"><\/iframe><script type=\"text\/javascript\">\n\/* <![CDATA[ *\/\n\/*! This file is auto-generated *\/\n!function(d,l){\"use strict\";l.querySelector&&d.addEventListener&&\"undefined\"!=typeof URL&&(d.wp=d.wp||{},d.wp.receiveEmbedMessage||(d.wp.receiveEmbedMessage=function(e){var t=e.data;if((t||t.secret||t.message||t.value)&&!\/[^a-zA-Z0-9]\/.test(t.secret)){for(var s,r,n,a=l.querySelectorAll('iframe[data-secret=\"'+t.secret+'\"]'),o=l.querySelectorAll('blockquote[data-secret=\"'+t.secret+'\"]'),c=new RegExp(\"^https?:$\",\"i\"),i=0;i<o.length;i++)o[i].style.display=\"none\";for(i=0;i<a.length;i++)s=a[i],e.source===s.contentWindow&&(s.removeAttribute(\"style\"),\"height\"===t.message?(1e3<(r=parseInt(t.value,10))?r=1e3:~~r<200&&(r=200),s.height=r):\"link\"===t.message&&(r=new URL(s.getAttribute(\"src\")),n=new URL(t.value),c.test(n.protocol))&&n.host===r.host&&l.activeElement===s&&(d.top.location.href=t.value))}},d.addEventListener(\"message\",d.wp.receiveEmbedMessage,!1),l.addEventListener(\"DOMContentLoaded\",function(){for(var e,t,s=l.querySelectorAll(\"iframe.wp-embedded-content\"),r=0;r<s.length;r++)(t=(e=s[r]).getAttribute(\"data-secret\"))||(t=Math.random().toString(36).substring(2,12),e.src+=\"#?secret=\"+t,e.setAttribute(\"data-secret\",t)),e.contentWindow.postMessage({message:\"ready\",secret:t},\"*\")},!1)))}(window,document);\n\/\/# sourceURL=https:\/\/www.miciudad.mx\/contenido\/wp-includes\/js\/wp-embed.min.js\n\/* ]]> *\/\n<\/script>\n","thumbnail_url":"https:\/\/www.miciudad.mx\/contenido\/wp-content\/uploads\/2023\/03\/AMLO-CONFES.jpg","thumbnail_width":613,"thumbnail_height":345,"description":"Por David Uriarte \/ Podr\u00e1n odiarlo o quererlo, lo que no podr\u00e1n es evitar que sea quien es, Andr\u00e9s Manuel L\u00f3pez Obrador es el presidente de todos los mexicanos, es el art\u00edfice de las pol\u00edticas p\u00fablicas\u2026 Lo podr\u00e1n criticar porque duro muchos a\u00f1os en titularse de su licenciatura, podr\u00e1n recordarle que sus or\u00edgenes pol\u00edticos son [&hellip;]"}

Por David Uriarte / Podrán odiarlo o quererlo, lo que no podrán es evitar que sea quien es, Andrés Manuel López Obrador es el presidente de todos los mexicanos, es el artífice de las políticas públicas… Lo podrán criticar porque duro muchos años en titularse de su licenciatura, podrán recordarle que sus orígenes políticos son [&hellip;]
