{"version":"1.0","provider_name":"Mi Ciudad","provider_url":"https:\/\/www.miciudad.mx\/contenido","author_name":"David Uriarte","author_url":"https:\/\/www.miciudad.mx\/contenido\/author\/daviduriarte\/","title":"El intelecto de un Senador - Mi Ciudad","type":"rich","width":600,"height":338,"html":"<blockquote class=\"wp-embedded-content\" data-secret=\"gmN6ygviLD\"><a href=\"https:\/\/www.miciudad.mx\/contenido\/el-intelecto-de-un-senador\/\">El intelecto de un Senador<\/a><\/blockquote><iframe sandbox=\"allow-scripts\" security=\"restricted\" src=\"https:\/\/www.miciudad.mx\/contenido\/el-intelecto-de-un-senador\/embed\/#?secret=gmN6ygviLD\" width=\"600\" height=\"338\" title=\"&#8220;El intelecto de un Senador&#8221; &#8212; Mi Ciudad\" data-secret=\"gmN6ygviLD\" frameborder=\"0\" marginwidth=\"0\" marginheight=\"0\" scrolling=\"no\" class=\"wp-embedded-content\"><\/iframe><script type=\"text\/javascript\">\n\/* <![CDATA[ *\/\n\/*! This file is auto-generated *\/\n!function(d,l){\"use strict\";l.querySelector&&d.addEventListener&&\"undefined\"!=typeof URL&&(d.wp=d.wp||{},d.wp.receiveEmbedMessage||(d.wp.receiveEmbedMessage=function(e){var t=e.data;if((t||t.secret||t.message||t.value)&&!\/[^a-zA-Z0-9]\/.test(t.secret)){for(var s,r,n,a=l.querySelectorAll('iframe[data-secret=\"'+t.secret+'\"]'),o=l.querySelectorAll('blockquote[data-secret=\"'+t.secret+'\"]'),c=new RegExp(\"^https?:$\",\"i\"),i=0;i<o.length;i++)o[i].style.display=\"none\";for(i=0;i<a.length;i++)s=a[i],e.source===s.contentWindow&&(s.removeAttribute(\"style\"),\"height\"===t.message?(1e3<(r=parseInt(t.value,10))?r=1e3:~~r<200&&(r=200),s.height=r):\"link\"===t.message&&(r=new URL(s.getAttribute(\"src\")),n=new URL(t.value),c.test(n.protocol))&&n.host===r.host&&l.activeElement===s&&(d.top.location.href=t.value))}},d.addEventListener(\"message\",d.wp.receiveEmbedMessage,!1),l.addEventListener(\"DOMContentLoaded\",function(){for(var e,t,s=l.querySelectorAll(\"iframe.wp-embedded-content\"),r=0;r<s.length;r++)(t=(e=s[r]).getAttribute(\"data-secret\"))||(t=Math.random().toString(36).substring(2,12),e.src+=\"#?secret=\"+t,e.setAttribute(\"data-secret\",t)),e.contentWindow.postMessage({message:\"ready\",secret:t},\"*\")},!1)))}(window,document);\n\/\/# sourceURL=https:\/\/www.miciudad.mx\/contenido\/wp-includes\/js\/wp-embed.min.js\n\/* ]]> *\/\n<\/script>\n","thumbnail_url":"https:\/\/www.miciudad.mx\/contenido\/wp-content\/uploads\/2025\/03\/InShot_20250318_114334036.jpg","thumbnail_width":1920,"thumbnail_height":1157,"description":"Por David Uriarte \/ Me queda claro que la primera lectura del t\u00edtulo, induce al lector sinaloense a pensar en el Senador por Sinaloa, la lectura de los dem\u00e1s, no. Es m\u00e1s que interesante escuchar al Presidente del Senado Jos\u00e9 Gerardo Fern\u00e1ndez Noro\u00f1a, disertar sobre el tema de los desaparecidos en M\u00e9xico y la localizaci\u00f3n [&hellip;]"}

Por David Uriarte / Me queda claro que la primera lectura del título, induce al lector sinaloense a pensar en el Senador por Sinaloa, la lectura de los demás, no. Es más que interesante escuchar al Presidente del Senado José Gerardo Fernández Noroña, disertar sobre el tema de los desaparecidos en México y la localización [&hellip;]
