{"version":"1.0","provider_name":"Mi Ciudad","provider_url":"https:\/\/www.miciudad.mx\/contenido","author_name":"David Uriarte","author_url":"https:\/\/www.miciudad.mx\/contenido\/author\/daviduriarte\/","title":"El resfriado del Presidente - Mi Ciudad","type":"rich","width":600,"height":338,"html":"<blockquote class=\"wp-embedded-content\" data-secret=\"8h0cvZt7wM\"><a href=\"https:\/\/www.miciudad.mx\/contenido\/el-resfriado-del-presidente\/\">El resfriado del Presidente<\/a><\/blockquote><iframe sandbox=\"allow-scripts\" security=\"restricted\" src=\"https:\/\/www.miciudad.mx\/contenido\/el-resfriado-del-presidente\/embed\/#?secret=8h0cvZt7wM\" width=\"600\" height=\"338\" title=\"&#8220;El resfriado del Presidente&#8221; &#8212; Mi Ciudad\" data-secret=\"8h0cvZt7wM\" frameborder=\"0\" marginwidth=\"0\" marginheight=\"0\" scrolling=\"no\" class=\"wp-embedded-content\"><\/iframe><script type=\"text\/javascript\">\n\/* <![CDATA[ *\/\n\/*! This file is auto-generated *\/\n!function(d,l){\"use strict\";l.querySelector&&d.addEventListener&&\"undefined\"!=typeof URL&&(d.wp=d.wp||{},d.wp.receiveEmbedMessage||(d.wp.receiveEmbedMessage=function(e){var t=e.data;if((t||t.secret||t.message||t.value)&&!\/[^a-zA-Z0-9]\/.test(t.secret)){for(var s,r,n,a=l.querySelectorAll('iframe[data-secret=\"'+t.secret+'\"]'),o=l.querySelectorAll('blockquote[data-secret=\"'+t.secret+'\"]'),c=new RegExp(\"^https?:$\",\"i\"),i=0;i<o.length;i++)o[i].style.display=\"none\";for(i=0;i<a.length;i++)s=a[i],e.source===s.contentWindow&&(s.removeAttribute(\"style\"),\"height\"===t.message?(1e3<(r=parseInt(t.value,10))?r=1e3:~~r<200&&(r=200),s.height=r):\"link\"===t.message&&(r=new URL(s.getAttribute(\"src\")),n=new URL(t.value),c.test(n.protocol))&&n.host===r.host&&l.activeElement===s&&(d.top.location.href=t.value))}},d.addEventListener(\"message\",d.wp.receiveEmbedMessage,!1),l.addEventListener(\"DOMContentLoaded\",function(){for(var e,t,s=l.querySelectorAll(\"iframe.wp-embedded-content\"),r=0;r<s.length;r++)(t=(e=s[r]).getAttribute(\"data-secret\"))||(t=Math.random().toString(36).substring(2,12),e.src+=\"#?secret=\"+t,e.setAttribute(\"data-secret\",t)),e.contentWindow.postMessage({message:\"ready\",secret:t},\"*\")},!1)))}(window,document);\n\/\/# sourceURL=https:\/\/www.miciudad.mx\/contenido\/wp-includes\/js\/wp-embed.min.js\n\/* ]]> *\/\n<\/script>\n","thumbnail_url":"https:\/\/www.miciudad.mx\/contenido\/wp-content\/uploads\/2021\/11\/amlo-sonandose-02.jpg","thumbnail_width":1362,"thumbnail_height":762,"description":"Por David Uriarte \/\u00a0 Hoy amaneci\u00f3 resfriado el presidente Andr\u00e9s Manuel L\u00f3pez Obrador, su escurrimiento nasal era evidente, tuvo que hacer uso de su pa\u00f1uelo mientras expon\u00eda sus ideas en la ma\u00f1anera, la inhalaci\u00f3n abrupta por la nariz era evidente, se escuchaba el sonido propio de un respiro para evitar la salida de la mucosidad [&hellip;]"}

Por David Uriarte /  Hoy amaneció resfriado el presidente Andrés Manuel López Obrador, su escurrimiento nasal era evidente, tuvo que hacer uso de su pañuelo mientras exponía sus ideas en la mañanera, la inhalación abrupta por la nariz era evidente, se escuchaba el sonido propio de un respiro para evitar la salida de la mucosidad [&hellip;]
