{"version":"1.0","provider_name":"Mi Ciudad","provider_url":"https:\/\/www.miciudad.mx\/contenido","author_name":"Mi Ciudad Culiac\u00e1n","author_url":"https:\/\/www.miciudad.mx\/contenido\/author\/redaccionmiciudad\/","title":"El suicidio es prevenible: Secretar\u00eda de Salud - Mi Ciudad","type":"rich","width":600,"height":338,"html":"<blockquote class=\"wp-embedded-content\" data-secret=\"aQpQF5cvQo\"><a href=\"https:\/\/www.miciudad.mx\/contenido\/el-suicidio-es-prevenible-secretaria-de-salud\/\">El suicidio es prevenible: Secretar\u00eda de Salud<\/a><\/blockquote><iframe sandbox=\"allow-scripts\" security=\"restricted\" src=\"https:\/\/www.miciudad.mx\/contenido\/el-suicidio-es-prevenible-secretaria-de-salud\/embed\/#?secret=aQpQF5cvQo\" width=\"600\" height=\"338\" title=\"&#8220;El suicidio es prevenible: Secretar\u00eda de Salud&#8221; &#8212; Mi Ciudad\" data-secret=\"aQpQF5cvQo\" frameborder=\"0\" marginwidth=\"0\" marginheight=\"0\" scrolling=\"no\" class=\"wp-embedded-content\"><\/iframe><script type=\"text\/javascript\">\n\/* <![CDATA[ *\/\n\/*! This file is auto-generated *\/\n!function(d,l){\"use strict\";l.querySelector&&d.addEventListener&&\"undefined\"!=typeof URL&&(d.wp=d.wp||{},d.wp.receiveEmbedMessage||(d.wp.receiveEmbedMessage=function(e){var t=e.data;if((t||t.secret||t.message||t.value)&&!\/[^a-zA-Z0-9]\/.test(t.secret)){for(var s,r,n,a=l.querySelectorAll('iframe[data-secret=\"'+t.secret+'\"]'),o=l.querySelectorAll('blockquote[data-secret=\"'+t.secret+'\"]'),c=new RegExp(\"^https?:$\",\"i\"),i=0;i<o.length;i++)o[i].style.display=\"none\";for(i=0;i<a.length;i++)s=a[i],e.source===s.contentWindow&&(s.removeAttribute(\"style\"),\"height\"===t.message?(1e3<(r=parseInt(t.value,10))?r=1e3:~~r<200&&(r=200),s.height=r):\"link\"===t.message&&(r=new URL(s.getAttribute(\"src\")),n=new URL(t.value),c.test(n.protocol))&&n.host===r.host&&l.activeElement===s&&(d.top.location.href=t.value))}},d.addEventListener(\"message\",d.wp.receiveEmbedMessage,!1),l.addEventListener(\"DOMContentLoaded\",function(){for(var e,t,s=l.querySelectorAll(\"iframe.wp-embedded-content\"),r=0;r<s.length;r++)(t=(e=s[r]).getAttribute(\"data-secret\"))||(t=Math.random().toString(36).substring(2,12),e.src+=\"#?secret=\"+t,e.setAttribute(\"data-secret\",t)),e.contentWindow.postMessage({message:\"ready\",secret:t},\"*\")},!1)))}(window,document);\n\/\/# sourceURL=https:\/\/www.miciudad.mx\/contenido\/wp-includes\/js\/wp-embed.min.js\n\/* ]]> *\/\n<\/script>\n","thumbnail_url":"https:\/\/www.miciudad.mx\/contenido\/wp-content\/uploads\/2019\/09\/IMG-20190905-WA0012.jpg","thumbnail_width":1280,"thumbnail_height":886,"description":"Los trastornos de depresi\u00f3n y ansiedad pueden ser atendidos en las Unidades de Especialidades M\u00e9dicas Centro Integral de Salud Mental (UNEME CISAME), para evitar situaciones lamentables, advierte especialista En el marco del D\u00eda Mundial de la Prevenci\u00f3n del Suicidio a conmemorarse el 10 de septiembre de cada a\u00f1o, la Secretar\u00eda de Salud de Sinaloa hace [&hellip;]"}

Mi Ciudad Culiacán

El suicidio es prevenible: Secretaría de Salud - Mi Ciudad

<blockquote class="wp-embedded-content" data-secret="aQpQF5cvQo"><a href="https://www.miciudad.mx/contenido/el-suicidio-es-prevenible-secretaria-de-salud/">El suicidio es prevenible: Secretaría de Salud</a></blockquote><iframe sandbox="allow-scripts" security="restricted" src="https://www.miciudad.mx/contenido/el-suicidio-es-prevenible-secretaria-de-salud/embed/#?secret=aQpQF5cvQo" width="600" height="338" title="&#8220;El suicidio es prevenible: Secretaría de Salud&#8221; &#8212; Mi Ciudad" data-secret="aQpQF5cvQo" frameborder="0" marginwidth="0" marginheight="0" scrolling="no" class="wp-embedded-content"></iframe><script type="text/javascript">
/* <![CDATA[ */
/*! This file is auto-generated */
!function(d,l){"use strict";l.querySelector&&d.addEventListener&&"undefined"!=typeof URL&&(d.wp=d.wp||{},d.wp.receiveEmbedMessage||(d.wp.receiveEmbedMessage=function(e){var t=e.data;if((t||t.secret||t.message||t.value)&&!/[^a-zA-Z0-9]/.test(t.secret)){for(var s,r,n,a=l.querySelectorAll('iframe[data-secret="'+t.secret+'"]'),o=l.querySelectorAll('blockquote[data-secret="'+t.secret+'"]'),c=new RegExp("^https?:$","i"),i=0;i<o.length;i++)o[i].style.display="none";for(i=0;i<a.length;i++)s=a[i],e.source===s.contentWindow&&(s.removeAttribute("style"),"height"===t.message?(1e3<(r=parseInt(t.value,10))?r=1e3:~~r<200&&(r=200),s.height=r):"link"===t.message&&(r=new URL(s.getAttribute("src")),n=new URL(t.value),c.test(n.protocol))&&n.host===r.host&&l.activeElement===s&&(d.top.location.href=t.value))}},d.addEventListener("message",d.wp.receiveEmbedMessage,!1),l.addEventListener("DOMContentLoaded",function(){for(var e,t,s=l.querySelectorAll("iframe.wp-embedded-content"),r=0;r<s.length;r++)(t=(e=s[r]).getAttribute("data-secret"))||(t=Math.random().toString(36).substring(2,12),e.src+="#?secret="+t,e.setAttribute("data-secret",t)),e.contentWindow.postMessage({message:"ready",secret:t},"*")},!1)))}(window,document);
//# sourceURL=https://www.miciudad.mx/contenido/wp-includes/js/wp-embed.min.js
/* ]]> */
</script>

Los trastornos de depresión y ansiedad pueden ser atendidos en las Unidades de Especialidades Médicas Centro Integral de Salud Mental (UNEME CISAME), para evitar situaciones lamentables, advierte especialista En el marco del Día Mundial de la Prevención del Suicidio a conmemorarse el 10 de septiembre de cada año, la Secretaría de Salud de Sinaloa hace [&hellip;]
