{"version":"1.0","provider_name":"Mi Ciudad","provider_url":"https:\/\/www.miciudad.mx\/contenido","author_name":"Mi Ciudad","author_url":"https:\/\/www.miciudad.mx\/contenido\/author\/admin\/","title":"Entrega Rocha el Premio al M\u00e9rito Juvenil 2022 - Mi Ciudad","type":"rich","width":600,"height":338,"html":"<blockquote class=\"wp-embedded-content\" data-secret=\"h48d6HtUMA\"><a href=\"https:\/\/www.miciudad.mx\/contenido\/entrega-rocha-el-premio-al-merito-juvenil-2022\/\">Entrega Rocha el Premio al M\u00e9rito Juvenil 2022<\/a><\/blockquote><iframe sandbox=\"allow-scripts\" security=\"restricted\" src=\"https:\/\/www.miciudad.mx\/contenido\/entrega-rocha-el-premio-al-merito-juvenil-2022\/embed\/#?secret=h48d6HtUMA\" width=\"600\" height=\"338\" title=\"&#8220;Entrega Rocha el Premio al M\u00e9rito Juvenil 2022&#8221; &#8212; Mi Ciudad\" data-secret=\"h48d6HtUMA\" frameborder=\"0\" marginwidth=\"0\" marginheight=\"0\" scrolling=\"no\" class=\"wp-embedded-content\"><\/iframe><script type=\"text\/javascript\">\n\/* <![CDATA[ *\/\n\/*! This file is auto-generated *\/\n!function(d,l){\"use strict\";l.querySelector&&d.addEventListener&&\"undefined\"!=typeof URL&&(d.wp=d.wp||{},d.wp.receiveEmbedMessage||(d.wp.receiveEmbedMessage=function(e){var t=e.data;if((t||t.secret||t.message||t.value)&&!\/[^a-zA-Z0-9]\/.test(t.secret)){for(var s,r,n,a=l.querySelectorAll('iframe[data-secret=\"'+t.secret+'\"]'),o=l.querySelectorAll('blockquote[data-secret=\"'+t.secret+'\"]'),c=new RegExp(\"^https?:$\",\"i\"),i=0;i<o.length;i++)o[i].style.display=\"none\";for(i=0;i<a.length;i++)s=a[i],e.source===s.contentWindow&&(s.removeAttribute(\"style\"),\"height\"===t.message?(1e3<(r=parseInt(t.value,10))?r=1e3:~~r<200&&(r=200),s.height=r):\"link\"===t.message&&(r=new URL(s.getAttribute(\"src\")),n=new URL(t.value),c.test(n.protocol))&&n.host===r.host&&l.activeElement===s&&(d.top.location.href=t.value))}},d.addEventListener(\"message\",d.wp.receiveEmbedMessage,!1),l.addEventListener(\"DOMContentLoaded\",function(){for(var e,t,s=l.querySelectorAll(\"iframe.wp-embedded-content\"),r=0;r<s.length;r++)(t=(e=s[r]).getAttribute(\"data-secret\"))||(t=Math.random().toString(36).substring(2,12),e.src+=\"#?secret=\"+t,e.setAttribute(\"data-secret\",t)),e.contentWindow.postMessage({message:\"ready\",secret:t},\"*\")},!1)))}(window,document);\n\/\/# sourceURL=https:\/\/www.miciudad.mx\/contenido\/wp-includes\/js\/wp-embed.min.js\n\/* ]]> *\/\n<\/script>\n","thumbnail_url":"https:\/\/www.miciudad.mx\/contenido\/wp-content\/uploads\/2022\/10\/IMG-20220930-WA0056.jpg","thumbnail_width":1280,"thumbnail_height":853,"description":"Cuatro j\u00f3venes recibieron esta distinci\u00f3n que otorga el Congreso del Estado, para reconocer su participaci\u00f3n de diferentes \u00e1mbitos Al participar en la sesi\u00f3n solemne del Congreso del Estado para la entrega del Premio al M\u00e9rito Juvenil 2022, el gobernador Rub\u00e9n Rocha Moya precis\u00f3 que es necesario pensar en los j\u00f3venes, y que el apoyo a [&hellip;]"}

Entrega Rocha el Premio al Mérito Juvenil 2022 - Mi Ciudad

<blockquote class="wp-embedded-content" data-secret="h48d6HtUMA"><a href="https://www.miciudad.mx/contenido/entrega-rocha-el-premio-al-merito-juvenil-2022/">Entrega Rocha el Premio al Mérito Juvenil 2022</a></blockquote><iframe sandbox="allow-scripts" security="restricted" src="https://www.miciudad.mx/contenido/entrega-rocha-el-premio-al-merito-juvenil-2022/embed/#?secret=h48d6HtUMA" width="600" height="338" title="&#8220;Entrega Rocha el Premio al Mérito Juvenil 2022&#8221; &#8212; Mi Ciudad" data-secret="h48d6HtUMA" frameborder="0" marginwidth="0" marginheight="0" scrolling="no" class="wp-embedded-content"></iframe><script type="text/javascript">
/* <![CDATA[ */
/*! This file is auto-generated */
!function(d,l){"use strict";l.querySelector&&d.addEventListener&&"undefined"!=typeof URL&&(d.wp=d.wp||{},d.wp.receiveEmbedMessage||(d.wp.receiveEmbedMessage=function(e){var t=e.data;if((t||t.secret||t.message||t.value)&&!/[^a-zA-Z0-9]/.test(t.secret)){for(var s,r,n,a=l.querySelectorAll('iframe[data-secret="'+t.secret+'"]'),o=l.querySelectorAll('blockquote[data-secret="'+t.secret+'"]'),c=new RegExp("^https?:$","i"),i=0;i<o.length;i++)o[i].style.display="none";for(i=0;i<a.length;i++)s=a[i],e.source===s.contentWindow&&(s.removeAttribute("style"),"height"===t.message?(1e3<(r=parseInt(t.value,10))?r=1e3:~~r<200&&(r=200),s.height=r):"link"===t.message&&(r=new URL(s.getAttribute("src")),n=new URL(t.value),c.test(n.protocol))&&n.host===r.host&&l.activeElement===s&&(d.top.location.href=t.value))}},d.addEventListener("message",d.wp.receiveEmbedMessage,!1),l.addEventListener("DOMContentLoaded",function(){for(var e,t,s=l.querySelectorAll("iframe.wp-embedded-content"),r=0;r<s.length;r++)(t=(e=s[r]).getAttribute("data-secret"))||(t=Math.random().toString(36).substring(2,12),e.src+="#?secret="+t,e.setAttribute("data-secret",t)),e.contentWindow.postMessage({message:"ready",secret:t},"*")},!1)))}(window,document);
//# sourceURL=https://www.miciudad.mx/contenido/wp-includes/js/wp-embed.min.js
/* ]]> */
</script>

Cuatro jóvenes recibieron esta distinción que otorga el Congreso del Estado, para reconocer su participación de diferentes ámbitos Al participar en la sesión solemne del Congreso del Estado para la entrega del Premio al Mérito Juvenil 2022, el gobernador Rubén Rocha Moya precisó que es necesario pensar en los jóvenes, y que el apoyo a [&hellip;]
