{"version":"1.0","provider_name":"Mi Ciudad","provider_url":"https:\/\/www.miciudad.mx\/contenido","author_name":"Mi Ciudad Culiac\u00e1n","author_url":"https:\/\/www.miciudad.mx\/contenido\/author\/redaccionmiciudad\/","title":"Estamos atentos a la tormenta \u201cJavier\u201d: Rocha - Mi Ciudad","type":"rich","width":600,"height":338,"html":"<blockquote class=\"wp-embedded-content\" data-secret=\"4QxdVFiU7E\"><a href=\"https:\/\/www.miciudad.mx\/contenido\/estamos-atentos-a-la-tormenta-javier-rocha\/\">Estamos atentos a la tormenta \u201cJavier\u201d: Rocha<\/a><\/blockquote><iframe sandbox=\"allow-scripts\" security=\"restricted\" src=\"https:\/\/www.miciudad.mx\/contenido\/estamos-atentos-a-la-tormenta-javier-rocha\/embed\/#?secret=4QxdVFiU7E\" width=\"600\" height=\"338\" title=\"&#8220;Estamos atentos a la tormenta \u201cJavier\u201d: Rocha&#8221; &#8212; Mi Ciudad\" data-secret=\"4QxdVFiU7E\" frameborder=\"0\" marginwidth=\"0\" marginheight=\"0\" scrolling=\"no\" class=\"wp-embedded-content\"><\/iframe><script type=\"text\/javascript\">\n\/* <![CDATA[ *\/\n\/*! This file is auto-generated *\/\n!function(d,l){\"use strict\";l.querySelector&&d.addEventListener&&\"undefined\"!=typeof URL&&(d.wp=d.wp||{},d.wp.receiveEmbedMessage||(d.wp.receiveEmbedMessage=function(e){var t=e.data;if((t||t.secret||t.message||t.value)&&!\/[^a-zA-Z0-9]\/.test(t.secret)){for(var s,r,n,a=l.querySelectorAll('iframe[data-secret=\"'+t.secret+'\"]'),o=l.querySelectorAll('blockquote[data-secret=\"'+t.secret+'\"]'),c=new RegExp(\"^https?:$\",\"i\"),i=0;i<o.length;i++)o[i].style.display=\"none\";for(i=0;i<a.length;i++)s=a[i],e.source===s.contentWindow&&(s.removeAttribute(\"style\"),\"height\"===t.message?(1e3<(r=parseInt(t.value,10))?r=1e3:~~r<200&&(r=200),s.height=r):\"link\"===t.message&&(r=new URL(s.getAttribute(\"src\")),n=new URL(t.value),c.test(n.protocol))&&n.host===r.host&&l.activeElement===s&&(d.top.location.href=t.value))}},d.addEventListener(\"message\",d.wp.receiveEmbedMessage,!1),l.addEventListener(\"DOMContentLoaded\",function(){for(var e,t,s=l.querySelectorAll(\"iframe.wp-embedded-content\"),r=0;r<s.length;r++)(t=(e=s[r]).getAttribute(\"data-secret\"))||(t=Math.random().toString(36).substring(2,12),e.src+=\"#?secret=\"+t,e.setAttribute(\"data-secret\",t)),e.contentWindow.postMessage({message:\"ready\",secret:t},\"*\")},!1)))}(window,document);\n\/\/# sourceURL=https:\/\/www.miciudad.mx\/contenido\/wp-includes\/js\/wp-embed.min.js\n\/* ]]> *\/\n<\/script>\n","thumbnail_url":"https:\/\/www.miciudad.mx\/contenido\/wp-content\/uploads\/2022\/09\/WhatsApp-Image-2022-09-02-at-10.04.04-AM.jpeg","thumbnail_width":1280,"thumbnail_height":853,"description":"El gobernador del estado dijo que se est\u00e1n tomando todas las medidas de precauci\u00f3n, aunque se prev\u00e9 que no toque tierra pero seguramente traer\u00e1 m\u00e1s lluvias El gobernador Rub\u00e9n Rocha Moya se\u00f1al\u00f3 que en coordinaci\u00f3n con Protecci\u00f3n Civil, se est\u00e1 monitoreando de manera permanente la trayectoria de la tormenta tropical \u201cJavier\u201d, la cual se encontraba [&hellip;]"}

Mi Ciudad Culiacán

El gobernador del estado dijo que se están tomando todas las medidas de precaución, aunque se prevé que no toque tierra pero seguramente traerá más lluvias El gobernador Rubén Rocha Moya señaló que en coordinación con Protección Civil, se está monitoreando de manera permanente la trayectoria de la tormenta tropical “Javier”, la cual se encontraba [&hellip;]
