{"version":"1.0","provider_name":"Mi Ciudad","provider_url":"https:\/\/www.miciudad.mx\/contenido","author_name":"Mi Ciudad Culiac\u00e1n","author_url":"https:\/\/www.miciudad.mx\/contenido\/author\/redaccionmiciudad\/","title":"Impulsa la creaci\u00f3n de huertos urbanos en azoteas - Mi Ciudad","type":"rich","width":600,"height":338,"html":"<blockquote class=\"wp-embedded-content\" data-secret=\"LLMWAWB3wg\"><a href=\"https:\/\/www.miciudad.mx\/contenido\/impulsa-la-creacion-de-huertos-urbanos-en-azoteas\/\">Impulsa la creaci\u00f3n de huertos urbanos en azoteas<\/a><\/blockquote><iframe sandbox=\"allow-scripts\" security=\"restricted\" src=\"https:\/\/www.miciudad.mx\/contenido\/impulsa-la-creacion-de-huertos-urbanos-en-azoteas\/embed\/#?secret=LLMWAWB3wg\" width=\"600\" height=\"338\" title=\"&#8220;Impulsa la creaci\u00f3n de huertos urbanos en azoteas&#8221; &#8212; Mi Ciudad\" data-secret=\"LLMWAWB3wg\" frameborder=\"0\" marginwidth=\"0\" marginheight=\"0\" scrolling=\"no\" class=\"wp-embedded-content\"><\/iframe><script type=\"text\/javascript\">\n\/* <![CDATA[ *\/\n\/*! This file is auto-generated *\/\n!function(d,l){\"use strict\";l.querySelector&&d.addEventListener&&\"undefined\"!=typeof URL&&(d.wp=d.wp||{},d.wp.receiveEmbedMessage||(d.wp.receiveEmbedMessage=function(e){var t=e.data;if((t||t.secret||t.message||t.value)&&!\/[^a-zA-Z0-9]\/.test(t.secret)){for(var s,r,n,a=l.querySelectorAll('iframe[data-secret=\"'+t.secret+'\"]'),o=l.querySelectorAll('blockquote[data-secret=\"'+t.secret+'\"]'),c=new RegExp(\"^https?:$\",\"i\"),i=0;i<o.length;i++)o[i].style.display=\"none\";for(i=0;i<a.length;i++)s=a[i],e.source===s.contentWindow&&(s.removeAttribute(\"style\"),\"height\"===t.message?(1e3<(r=parseInt(t.value,10))?r=1e3:~~r<200&&(r=200),s.height=r):\"link\"===t.message&&(r=new URL(s.getAttribute(\"src\")),n=new URL(t.value),c.test(n.protocol))&&n.host===r.host&&l.activeElement===s&&(d.top.location.href=t.value))}},d.addEventListener(\"message\",d.wp.receiveEmbedMessage,!1),l.addEventListener(\"DOMContentLoaded\",function(){for(var e,t,s=l.querySelectorAll(\"iframe.wp-embedded-content\"),r=0;r<s.length;r++)(t=(e=s[r]).getAttribute(\"data-secret\"))||(t=Math.random().toString(36).substring(2,12),e.src+=\"#?secret=\"+t,e.setAttribute(\"data-secret\",t)),e.contentWindow.postMessage({message:\"ready\",secret:t},\"*\")},!1)))}(window,document);\n\/\/# sourceURL=https:\/\/www.miciudad.mx\/contenido\/wp-includes\/js\/wp-embed.min.js\n\/* ]]> *\/\n<\/script>\n","thumbnail_url":"https:\/\/www.miciudad.mx\/contenido\/wp-content\/uploads\/2026\/04\/IMG-20260425-WA0068.jpg","thumbnail_width":1193,"thumbnail_height":653,"description":"La Facultad de Arquitectura de la UAS promueve el autoconsumo y la sostenibilidad Como parte de las actividades sobre concientizaci\u00f3n y cuidado del medio ambiente, la Facultad de Arquitectura de la Universidad Aut\u00f3noma de Sinaloa (UAS) realiz\u00f3 el Segundo Encuentro Internacional por la Sostenibilidad en el marco de la Jornada por la Madre Tierra 2026, [&hellip;]"}

Mi Ciudad Culiacán

Impulsa la creación de huertos urbanos en azoteas - Mi Ciudad

<blockquote class="wp-embedded-content" data-secret="LLMWAWB3wg"><a href="https://www.miciudad.mx/contenido/impulsa-la-creacion-de-huertos-urbanos-en-azoteas/">Impulsa la creación de huertos urbanos en azoteas</a></blockquote><iframe sandbox="allow-scripts" security="restricted" src="https://www.miciudad.mx/contenido/impulsa-la-creacion-de-huertos-urbanos-en-azoteas/embed/#?secret=LLMWAWB3wg" width="600" height="338" title="&#8220;Impulsa la creación de huertos urbanos en azoteas&#8221; &#8212; Mi Ciudad" data-secret="LLMWAWB3wg" frameborder="0" marginwidth="0" marginheight="0" scrolling="no" class="wp-embedded-content"></iframe><script type="text/javascript">
/* <![CDATA[ */
/*! This file is auto-generated */
!function(d,l){"use strict";l.querySelector&&d.addEventListener&&"undefined"!=typeof URL&&(d.wp=d.wp||{},d.wp.receiveEmbedMessage||(d.wp.receiveEmbedMessage=function(e){var t=e.data;if((t||t.secret||t.message||t.value)&&!/[^a-zA-Z0-9]/.test(t.secret)){for(var s,r,n,a=l.querySelectorAll('iframe[data-secret="'+t.secret+'"]'),o=l.querySelectorAll('blockquote[data-secret="'+t.secret+'"]'),c=new RegExp("^https?:$","i"),i=0;i<o.length;i++)o[i].style.display="none";for(i=0;i<a.length;i++)s=a[i],e.source===s.contentWindow&&(s.removeAttribute("style"),"height"===t.message?(1e3<(r=parseInt(t.value,10))?r=1e3:~~r<200&&(r=200),s.height=r):"link"===t.message&&(r=new URL(s.getAttribute("src")),n=new URL(t.value),c.test(n.protocol))&&n.host===r.host&&l.activeElement===s&&(d.top.location.href=t.value))}},d.addEventListener("message",d.wp.receiveEmbedMessage,!1),l.addEventListener("DOMContentLoaded",function(){for(var e,t,s=l.querySelectorAll("iframe.wp-embedded-content"),r=0;r<s.length;r++)(t=(e=s[r]).getAttribute("data-secret"))||(t=Math.random().toString(36).substring(2,12),e.src+="#?secret="+t,e.setAttribute("data-secret",t)),e.contentWindow.postMessage({message:"ready",secret:t},"*")},!1)))}(window,document);
//# sourceURL=https://www.miciudad.mx/contenido/wp-includes/js/wp-embed.min.js
/* ]]> */
</script>

La Facultad de Arquitectura de la UAS promueve el autoconsumo y la sostenibilidad Como parte de las actividades sobre concientización y cuidado del medio ambiente, la Facultad de Arquitectura de la Universidad Autónoma de Sinaloa (UAS) realizó el Segundo Encuentro Internacional por la Sostenibilidad en el marco de la Jornada por la Madre Tierra 2026, [&hellip;]
