{"version":"1.0","provider_name":"Mi Ciudad","provider_url":"https:\/\/www.miciudad.mx\/contenido","author_name":"Mi Ciudad Culiac\u00e1n","author_url":"https:\/\/www.miciudad.mx\/contenido\/author\/redaccionmiciudad\/","title":"Inauguran la gran \u2018Expo Universidades\u2019 - Mi Ciudad","type":"rich","width":600,"height":338,"html":"<blockquote class=\"wp-embedded-content\" data-secret=\"BBnODYMZmZ\"><a href=\"https:\/\/www.miciudad.mx\/contenido\/inauguran-la-gran-expo-universidades\/\">Inauguran la gran \u2018Expo Universidades\u2019<\/a><\/blockquote><iframe sandbox=\"allow-scripts\" security=\"restricted\" src=\"https:\/\/www.miciudad.mx\/contenido\/inauguran-la-gran-expo-universidades\/embed\/#?secret=BBnODYMZmZ\" width=\"600\" height=\"338\" title=\"&#8220;Inauguran la gran \u2018Expo Universidades\u2019&#8221; &#8212; Mi Ciudad\" data-secret=\"BBnODYMZmZ\" frameborder=\"0\" marginwidth=\"0\" marginheight=\"0\" scrolling=\"no\" class=\"wp-embedded-content\"><\/iframe><script type=\"text\/javascript\">\n\/* <![CDATA[ *\/\n\/*! This file is auto-generated *\/\n!function(d,l){\"use strict\";l.querySelector&&d.addEventListener&&\"undefined\"!=typeof URL&&(d.wp=d.wp||{},d.wp.receiveEmbedMessage||(d.wp.receiveEmbedMessage=function(e){var t=e.data;if((t||t.secret||t.message||t.value)&&!\/[^a-zA-Z0-9]\/.test(t.secret)){for(var s,r,n,a=l.querySelectorAll('iframe[data-secret=\"'+t.secret+'\"]'),o=l.querySelectorAll('blockquote[data-secret=\"'+t.secret+'\"]'),c=new RegExp(\"^https?:$\",\"i\"),i=0;i<o.length;i++)o[i].style.display=\"none\";for(i=0;i<a.length;i++)s=a[i],e.source===s.contentWindow&&(s.removeAttribute(\"style\"),\"height\"===t.message?(1e3<(r=parseInt(t.value,10))?r=1e3:~~r<200&&(r=200),s.height=r):\"link\"===t.message&&(r=new URL(s.getAttribute(\"src\")),n=new URL(t.value),c.test(n.protocol))&&n.host===r.host&&l.activeElement===s&&(d.top.location.href=t.value))}},d.addEventListener(\"message\",d.wp.receiveEmbedMessage,!1),l.addEventListener(\"DOMContentLoaded\",function(){for(var e,t,s=l.querySelectorAll(\"iframe.wp-embedded-content\"),r=0;r<s.length;r++)(t=(e=s[r]).getAttribute(\"data-secret\"))||(t=Math.random().toString(36).substring(2,12),e.src+=\"#?secret=\"+t,e.setAttribute(\"data-secret\",t)),e.contentWindow.postMessage({message:\"ready\",secret:t},\"*\")},!1)))}(window,document);\n\/\/# sourceURL=https:\/\/www.miciudad.mx\/contenido\/wp-includes\/js\/wp-embed.min.js\n\/* ]]> *\/\n<\/script>\n","thumbnail_url":"https:\/\/www.miciudad.mx\/contenido\/wp-content\/uploads\/2023\/02\/WhatsApp-Image-2023-02-08-at-12.34.47-PM.jpeg","thumbnail_width":1600,"thumbnail_height":1066,"description":"Con la participaci\u00f3n de 16 centros educativos de nivel superior y 2 escuelas de idiomas, dio inicio la primera edici\u00f3n de la gran Expo Universidades, misma que se ubica en la plazuela \u00c1lvaro Obreg\u00f3n, por la calle Ruperto L. Paliza frente al Instituto MIA. Durante la ceremonia de apertura, la secretaria de Bienestar, Aline Krystabel [&hellip;]"}

Mi Ciudad Culiacán

Con la participación de 16 centros educativos de nivel superior y 2 escuelas de idiomas, dio inicio la primera edición de la gran Expo Universidades, misma que se ubica en la plazuela Álvaro Obregón, por la calle Ruperto L. Paliza frente al Instituto MIA. Durante la ceremonia de apertura, la secretaria de Bienestar, Aline Krystabel [&hellip;]
