{"version":"1.0","provider_name":"Mi Ciudad","provider_url":"https:\/\/www.miciudad.mx\/contenido","author_name":"Samuel del R\u00edo F\u00e9lix","author_url":"https:\/\/www.miciudad.mx\/contenido\/author\/samueldelrio\/","title":"Integrantes de JNS dan positivo a Covid-19 - Mi Ciudad","type":"rich","width":600,"height":338,"html":"<blockquote class=\"wp-embedded-content\" data-secret=\"jrSTyaWPD6\"><a href=\"https:\/\/www.miciudad.mx\/contenido\/integrantes-de-jns-dan-positivo-a-covid-19\/\">Integrantes de JNS dan positivo a Covid-19<\/a><\/blockquote><iframe sandbox=\"allow-scripts\" security=\"restricted\" src=\"https:\/\/www.miciudad.mx\/contenido\/integrantes-de-jns-dan-positivo-a-covid-19\/embed\/#?secret=jrSTyaWPD6\" width=\"600\" height=\"338\" title=\"&#8220;Integrantes de JNS dan positivo a Covid-19&#8221; &#8212; Mi Ciudad\" data-secret=\"jrSTyaWPD6\" frameborder=\"0\" marginwidth=\"0\" marginheight=\"0\" scrolling=\"no\" class=\"wp-embedded-content\"><\/iframe><script type=\"text\/javascript\">\n\/* <![CDATA[ *\/\n\/*! This file is auto-generated *\/\n!function(d,l){\"use strict\";l.querySelector&&d.addEventListener&&\"undefined\"!=typeof URL&&(d.wp=d.wp||{},d.wp.receiveEmbedMessage||(d.wp.receiveEmbedMessage=function(e){var t=e.data;if((t||t.secret||t.message||t.value)&&!\/[^a-zA-Z0-9]\/.test(t.secret)){for(var s,r,n,a=l.querySelectorAll('iframe[data-secret=\"'+t.secret+'\"]'),o=l.querySelectorAll('blockquote[data-secret=\"'+t.secret+'\"]'),c=new RegExp(\"^https?:$\",\"i\"),i=0;i<o.length;i++)o[i].style.display=\"none\";for(i=0;i<a.length;i++)s=a[i],e.source===s.contentWindow&&(s.removeAttribute(\"style\"),\"height\"===t.message?(1e3<(r=parseInt(t.value,10))?r=1e3:~~r<200&&(r=200),s.height=r):\"link\"===t.message&&(r=new URL(s.getAttribute(\"src\")),n=new URL(t.value),c.test(n.protocol))&&n.host===r.host&&l.activeElement===s&&(d.top.location.href=t.value))}},d.addEventListener(\"message\",d.wp.receiveEmbedMessage,!1),l.addEventListener(\"DOMContentLoaded\",function(){for(var e,t,s=l.querySelectorAll(\"iframe.wp-embedded-content\"),r=0;r<s.length;r++)(t=(e=s[r]).getAttribute(\"data-secret\"))||(t=Math.random().toString(36).substring(2,12),e.src+=\"#?secret=\"+t,e.setAttribute(\"data-secret\",t)),e.contentWindow.postMessage({message:\"ready\",secret:t},\"*\")},!1)))}(window,document);\n\/\/# sourceURL=https:\/\/www.miciudad.mx\/contenido\/wp-includes\/js\/wp-embed.min.js\n\/* ]]> *\/\n<\/script>\n","thumbnail_url":"https:\/\/www.miciudad.mx\/contenido\/wp-content\/uploads\/2020\/07\/BB16v1He.jpeg","thumbnail_width":1024,"thumbnail_height":669,"description":"Lamentablemente, una de las recientes afectadas es\u00a0Melissa\u00a0L\u00f3pez\u00a0de JNS, quien\u00a0confes\u00f3 que\u00a0hab\u00eda dado positivo a la prueba que se realiz\u00f3\u00a0para detectar si hab\u00eda contra\u00eddo la enfermedad, despu\u00e9s de enterarse que 12 personas cercana a ella hab\u00edan resultado contagiados. Pese a que no se sent\u00eda mal, Melissa se hizo la prueba y para su sorpresa se enter\u00f3 que\u00a0efectivamente [&hellip;]"}

Samuel del Río Félix

Lamentablemente, una de las recientes afectadas es Melissa López de JNS, quien confesó que había dado positivo a la prueba que se realizó para detectar si había contraído la enfermedad, después de enterarse que 12 personas cercana a ella habían resultado contagiados. Pese a que no se sentía mal, Melissa se hizo la prueba y para su sorpresa se enteró que efectivamente [&hellip;]
