{"version":"1.0","provider_name":"Mi Ciudad","provider_url":"https:\/\/www.miciudad.mx\/contenido","author_name":"David Uriarte","author_url":"https:\/\/www.miciudad.mx\/contenido\/author\/daviduriarte\/","title":"La luz del mundo se enfoca en AMLO - Mi Ciudad","type":"rich","width":600,"height":338,"html":"<blockquote class=\"wp-embedded-content\" data-secret=\"NHvihTgN3x\"><a href=\"https:\/\/www.miciudad.mx\/contenido\/la-luz-del-mundo-se-enfoca-en-amlo\/\">La luz del mundo se enfoca en AMLO<\/a><\/blockquote><iframe sandbox=\"allow-scripts\" security=\"restricted\" src=\"https:\/\/www.miciudad.mx\/contenido\/la-luz-del-mundo-se-enfoca-en-amlo\/embed\/#?secret=NHvihTgN3x\" width=\"600\" height=\"338\" title=\"&#8220;La luz del mundo se enfoca en AMLO&#8221; &#8212; Mi Ciudad\" data-secret=\"NHvihTgN3x\" frameborder=\"0\" marginwidth=\"0\" marginheight=\"0\" scrolling=\"no\" class=\"wp-embedded-content\"><\/iframe><script type=\"text\/javascript\">\n\/* <![CDATA[ *\/\n\/*! This file is auto-generated *\/\n!function(d,l){\"use strict\";l.querySelector&&d.addEventListener&&\"undefined\"!=typeof URL&&(d.wp=d.wp||{},d.wp.receiveEmbedMessage||(d.wp.receiveEmbedMessage=function(e){var t=e.data;if((t||t.secret||t.message||t.value)&&!\/[^a-zA-Z0-9]\/.test(t.secret)){for(var s,r,n,a=l.querySelectorAll('iframe[data-secret=\"'+t.secret+'\"]'),o=l.querySelectorAll('blockquote[data-secret=\"'+t.secret+'\"]'),c=new RegExp(\"^https?:$\",\"i\"),i=0;i<o.length;i++)o[i].style.display=\"none\";for(i=0;i<a.length;i++)s=a[i],e.source===s.contentWindow&&(s.removeAttribute(\"style\"),\"height\"===t.message?(1e3<(r=parseInt(t.value,10))?r=1e3:~~r<200&&(r=200),s.height=r):\"link\"===t.message&&(r=new URL(s.getAttribute(\"src\")),n=new URL(t.value),c.test(n.protocol))&&n.host===r.host&&l.activeElement===s&&(d.top.location.href=t.value))}},d.addEventListener(\"message\",d.wp.receiveEmbedMessage,!1),l.addEventListener(\"DOMContentLoaded\",function(){for(var e,t,s=l.querySelectorAll(\"iframe.wp-embedded-content\"),r=0;r<s.length;r++)(t=(e=s[r]).getAttribute(\"data-secret\"))||(t=Math.random().toString(36).substring(2,12),e.src+=\"#?secret=\"+t,e.setAttribute(\"data-secret\",t)),e.contentWindow.postMessage({message:\"ready\",secret:t},\"*\")},!1)))}(window,document);\n\/\/# sourceURL=https:\/\/www.miciudad.mx\/contenido\/wp-includes\/js\/wp-embed.min.js\n\/* ]]> *\/\n<\/script>\n","thumbnail_url":"https:\/\/www.miciudad.mx\/contenido\/wp-content\/uploads\/2020\/08\/IMG-20200822-WA0026.jpg","thumbnail_width":1280,"thumbnail_height":853,"description":"Por David Uriarte\u00a0\/ Tarde o temprano ten\u00eda que suceder lo que ya sucedi\u00f3, la luz del mundo pol\u00edtico se enfoc\u00f3 en la evidencia de acopio de dinero para el Movimiento de Regeneraci\u00f3n Nacional (MORENA). Sin embargo, la fortaleza ideol\u00f3gica de gran parte de los seguidores de L\u00f3pez Obrador, se parece a la fortaleza ideol\u00f3gica de [&hellip;]"}

Por David Uriarte / Tarde o temprano tenía que suceder lo que ya sucedió, la luz del mundo político se enfocó en la evidencia de acopio de dinero para el Movimiento de Regeneración Nacional (MORENA). Sin embargo, la fortaleza ideológica de gran parte de los seguidores de López Obrador, se parece a la fortaleza ideológica de [&hellip;]
