{"version":"1.0","provider_name":"Mi Ciudad","provider_url":"https:\/\/www.miciudad.mx\/contenido","author_name":"David Uriarte","author_url":"https:\/\/www.miciudad.mx\/contenido\/author\/daviduriarte\/","title":"La UAS en la UNAM - Mi Ciudad","type":"rich","width":600,"height":338,"html":"<blockquote class=\"wp-embedded-content\" data-secret=\"ywgYobl22W\"><a href=\"https:\/\/www.miciudad.mx\/contenido\/la-uas-en-la-unam\/\">La UAS en la UNAM<\/a><\/blockquote><iframe sandbox=\"allow-scripts\" security=\"restricted\" src=\"https:\/\/www.miciudad.mx\/contenido\/la-uas-en-la-unam\/embed\/#?secret=ywgYobl22W\" width=\"600\" height=\"338\" title=\"&#8220;La UAS en la UNAM&#8221; &#8212; Mi Ciudad\" data-secret=\"ywgYobl22W\" frameborder=\"0\" marginwidth=\"0\" marginheight=\"0\" scrolling=\"no\" class=\"wp-embedded-content\"><\/iframe><script type=\"text\/javascript\">\n\/* <![CDATA[ *\/\n\/*! This file is auto-generated *\/\n!function(d,l){\"use strict\";l.querySelector&&d.addEventListener&&\"undefined\"!=typeof URL&&(d.wp=d.wp||{},d.wp.receiveEmbedMessage||(d.wp.receiveEmbedMessage=function(e){var t=e.data;if((t||t.secret||t.message||t.value)&&!\/[^a-zA-Z0-9]\/.test(t.secret)){for(var s,r,n,a=l.querySelectorAll('iframe[data-secret=\"'+t.secret+'\"]'),o=l.querySelectorAll('blockquote[data-secret=\"'+t.secret+'\"]'),c=new RegExp(\"^https?:$\",\"i\"),i=0;i<o.length;i++)o[i].style.display=\"none\";for(i=0;i<a.length;i++)s=a[i],e.source===s.contentWindow&&(s.removeAttribute(\"style\"),\"height\"===t.message?(1e3<(r=parseInt(t.value,10))?r=1e3:~~r<200&&(r=200),s.height=r):\"link\"===t.message&&(r=new URL(s.getAttribute(\"src\")),n=new URL(t.value),c.test(n.protocol))&&n.host===r.host&&l.activeElement===s&&(d.top.location.href=t.value))}},d.addEventListener(\"message\",d.wp.receiveEmbedMessage,!1),l.addEventListener(\"DOMContentLoaded\",function(){for(var e,t,s=l.querySelectorAll(\"iframe.wp-embedded-content\"),r=0;r<s.length;r++)(t=(e=s[r]).getAttribute(\"data-secret\"))||(t=Math.random().toString(36).substring(2,12),e.src+=\"#?secret=\"+t,e.setAttribute(\"data-secret\",t)),e.contentWindow.postMessage({message:\"ready\",secret:t},\"*\")},!1)))}(window,document);\n\/\/# sourceURL=https:\/\/www.miciudad.mx\/contenido\/wp-includes\/js\/wp-embed.min.js\n\/* ]]> *\/\n<\/script>\n","thumbnail_url":"https:\/\/www.miciudad.mx\/contenido\/wp-content\/uploads\/2023\/06\/WhatsApp-Image-2023-06-14-at-5.37.00-AM.jpeg","thumbnail_width":1440,"thumbnail_height":960,"description":"Por David Uriarte \/ Mientras los conflictos derivados de la Ley de Educaci\u00f3n Superior del Estado de Sinaloa, publicada el martes 28 de febrero del presente a\u00f1o, la cual, en su art\u00edculo tercero, p\u00e1rrafo tercero, se\u00f1ala: -Toda consulta para modificar las leyes org\u00e1nicas a que se refiere este articulo ser\u00e1 convocada y organizada por el [&hellip;]"}

Por David Uriarte / Mientras los conflictos derivados de la Ley de Educación Superior del Estado de Sinaloa, publicada el martes 28 de febrero del presente año, la cual, en su artículo tercero, párrafo tercero, señala: -Toda consulta para modificar las leyes orgánicas a que se refiere este articulo será convocada y organizada por el [&hellip;]
