{"version":"1.0","provider_name":"Mi Ciudad","provider_url":"https:\/\/www.miciudad.mx\/contenido","author_name":"Mi Ciudad","author_url":"https:\/\/www.miciudad.mx\/contenido\/author\/admin\/","title":"Mazatl\u00e1n le da la bienvenida al turismo canadiense - Mi Ciudad","type":"rich","width":600,"height":338,"html":"<blockquote class=\"wp-embedded-content\" data-secret=\"RyOk9h4PRu\"><a href=\"https:\/\/www.miciudad.mx\/contenido\/mazatlan-le-da-la-bienvenida-al-turismo-canadiense\/\">Mazatl\u00e1n le da la bienvenida al turismo canadiense<\/a><\/blockquote><iframe sandbox=\"allow-scripts\" security=\"restricted\" src=\"https:\/\/www.miciudad.mx\/contenido\/mazatlan-le-da-la-bienvenida-al-turismo-canadiense\/embed\/#?secret=RyOk9h4PRu\" width=\"600\" height=\"338\" title=\"&#8220;Mazatl\u00e1n le da la bienvenida al turismo canadiense&#8221; &#8212; Mi Ciudad\" data-secret=\"RyOk9h4PRu\" frameborder=\"0\" marginwidth=\"0\" marginheight=\"0\" scrolling=\"no\" class=\"wp-embedded-content\"><\/iframe><script type=\"text\/javascript\">\n\/* <![CDATA[ *\/\n\/*! This file is auto-generated *\/\n!function(d,l){\"use strict\";l.querySelector&&d.addEventListener&&\"undefined\"!=typeof URL&&(d.wp=d.wp||{},d.wp.receiveEmbedMessage||(d.wp.receiveEmbedMessage=function(e){var t=e.data;if((t||t.secret||t.message||t.value)&&!\/[^a-zA-Z0-9]\/.test(t.secret)){for(var s,r,n,a=l.querySelectorAll('iframe[data-secret=\"'+t.secret+'\"]'),o=l.querySelectorAll('blockquote[data-secret=\"'+t.secret+'\"]'),c=new RegExp(\"^https?:$\",\"i\"),i=0;i<o.length;i++)o[i].style.display=\"none\";for(i=0;i<a.length;i++)s=a[i],e.source===s.contentWindow&&(s.removeAttribute(\"style\"),\"height\"===t.message?(1e3<(r=parseInt(t.value,10))?r=1e3:~~r<200&&(r=200),s.height=r):\"link\"===t.message&&(r=new URL(s.getAttribute(\"src\")),n=new URL(t.value),c.test(n.protocol))&&n.host===r.host&&l.activeElement===s&&(d.top.location.href=t.value))}},d.addEventListener(\"message\",d.wp.receiveEmbedMessage,!1),l.addEventListener(\"DOMContentLoaded\",function(){for(var e,t,s=l.querySelectorAll(\"iframe.wp-embedded-content\"),r=0;r<s.length;r++)(t=(e=s[r]).getAttribute(\"data-secret\"))||(t=Math.random().toString(36).substring(2,12),e.src+=\"#?secret=\"+t,e.setAttribute(\"data-secret\",t)),e.contentWindow.postMessage({message:\"ready\",secret:t},\"*\")},!1)))}(window,document);\n\/\/# sourceURL=https:\/\/www.miciudad.mx\/contenido\/wp-includes\/js\/wp-embed.min.js\n\/* ]]> *\/\n<\/script>\n","thumbnail_url":"https:\/\/www.miciudad.mx\/contenido\/wp-content\/uploads\/2025\/10\/WhatsApp-Image-2025-10-26-at-21.41.58-1.jpeg","thumbnail_width":1376,"thumbnail_height":1032,"description":"Procedente de Calgary, arrib\u00f3 al Aeropuerto Internacional Rafael Buelna el primer vuelo de la temporada invernal Del 26 de octubre al 24 de abril se tendr\u00e1n 127 vuelos redondos de esta ruta con frecuencias los d\u00edas martes, mi\u00e9rcoles, s\u00e1bados y domingos Mazatl\u00e1n, Sinaloa | A partir del domingo Mazatl\u00e1n le abre las puertas al turismo [&hellip;]"}

Mazatlán le da la bienvenida al turismo canadiense - Mi Ciudad

<blockquote class="wp-embedded-content" data-secret="RyOk9h4PRu"><a href="https://www.miciudad.mx/contenido/mazatlan-le-da-la-bienvenida-al-turismo-canadiense/">Mazatlán le da la bienvenida al turismo canadiense</a></blockquote><iframe sandbox="allow-scripts" security="restricted" src="https://www.miciudad.mx/contenido/mazatlan-le-da-la-bienvenida-al-turismo-canadiense/embed/#?secret=RyOk9h4PRu" width="600" height="338" title="&#8220;Mazatlán le da la bienvenida al turismo canadiense&#8221; &#8212; Mi Ciudad" data-secret="RyOk9h4PRu" frameborder="0" marginwidth="0" marginheight="0" scrolling="no" class="wp-embedded-content"></iframe><script type="text/javascript">
/* <![CDATA[ */
/*! This file is auto-generated */
!function(d,l){"use strict";l.querySelector&&d.addEventListener&&"undefined"!=typeof URL&&(d.wp=d.wp||{},d.wp.receiveEmbedMessage||(d.wp.receiveEmbedMessage=function(e){var t=e.data;if((t||t.secret||t.message||t.value)&&!/[^a-zA-Z0-9]/.test(t.secret)){for(var s,r,n,a=l.querySelectorAll('iframe[data-secret="'+t.secret+'"]'),o=l.querySelectorAll('blockquote[data-secret="'+t.secret+'"]'),c=new RegExp("^https?:$","i"),i=0;i<o.length;i++)o[i].style.display="none";for(i=0;i<a.length;i++)s=a[i],e.source===s.contentWindow&&(s.removeAttribute("style"),"height"===t.message?(1e3<(r=parseInt(t.value,10))?r=1e3:~~r<200&&(r=200),s.height=r):"link"===t.message&&(r=new URL(s.getAttribute("src")),n=new URL(t.value),c.test(n.protocol))&&n.host===r.host&&l.activeElement===s&&(d.top.location.href=t.value))}},d.addEventListener("message",d.wp.receiveEmbedMessage,!1),l.addEventListener("DOMContentLoaded",function(){for(var e,t,s=l.querySelectorAll("iframe.wp-embedded-content"),r=0;r<s.length;r++)(t=(e=s[r]).getAttribute("data-secret"))||(t=Math.random().toString(36).substring(2,12),e.src+="#?secret="+t,e.setAttribute("data-secret",t)),e.contentWindow.postMessage({message:"ready",secret:t},"*")},!1)))}(window,document);
//# sourceURL=https://www.miciudad.mx/contenido/wp-includes/js/wp-embed.min.js
/* ]]> */
</script>

Procedente de Calgary, arribó al Aeropuerto Internacional Rafael Buelna el primer vuelo de la temporada invernal Del 26 de octubre al 24 de abril se tendrán 127 vuelos redondos de esta ruta con frecuencias los días martes, miércoles, sábados y domingos Mazatlán, Sinaloa | A partir del domingo Mazatlán le abre las puertas al turismo [&hellip;]
