{"version":"1.0","provider_name":"Mi Ciudad","provider_url":"https:\/\/www.miciudad.mx\/contenido","author_name":"David Uriarte","author_url":"https:\/\/www.miciudad.mx\/contenido\/author\/daviduriarte\/","title":"Memoria corta - Mi Ciudad","type":"rich","width":600,"height":338,"html":"<blockquote class=\"wp-embedded-content\" data-secret=\"93vjcvDwt9\"><a href=\"https:\/\/www.miciudad.mx\/contenido\/memoria-corta\/\">Memoria corta<\/a><\/blockquote><iframe sandbox=\"allow-scripts\" security=\"restricted\" src=\"https:\/\/www.miciudad.mx\/contenido\/memoria-corta\/embed\/#?secret=93vjcvDwt9\" width=\"600\" height=\"338\" title=\"&#8220;Memoria corta&#8221; &#8212; Mi Ciudad\" data-secret=\"93vjcvDwt9\" frameborder=\"0\" marginwidth=\"0\" marginheight=\"0\" scrolling=\"no\" class=\"wp-embedded-content\"><\/iframe><script type=\"text\/javascript\">\n\/* <![CDATA[ *\/\n\/*! This file is auto-generated *\/\n!function(d,l){\"use strict\";l.querySelector&&d.addEventListener&&\"undefined\"!=typeof URL&&(d.wp=d.wp||{},d.wp.receiveEmbedMessage||(d.wp.receiveEmbedMessage=function(e){var t=e.data;if((t||t.secret||t.message||t.value)&&!\/[^a-zA-Z0-9]\/.test(t.secret)){for(var s,r,n,a=l.querySelectorAll('iframe[data-secret=\"'+t.secret+'\"]'),o=l.querySelectorAll('blockquote[data-secret=\"'+t.secret+'\"]'),c=new RegExp(\"^https?:$\",\"i\"),i=0;i<o.length;i++)o[i].style.display=\"none\";for(i=0;i<a.length;i++)s=a[i],e.source===s.contentWindow&&(s.removeAttribute(\"style\"),\"height\"===t.message?(1e3<(r=parseInt(t.value,10))?r=1e3:~~r<200&&(r=200),s.height=r):\"link\"===t.message&&(r=new URL(s.getAttribute(\"src\")),n=new URL(t.value),c.test(n.protocol))&&n.host===r.host&&l.activeElement===s&&(d.top.location.href=t.value))}},d.addEventListener(\"message\",d.wp.receiveEmbedMessage,!1),l.addEventListener(\"DOMContentLoaded\",function(){for(var e,t,s=l.querySelectorAll(\"iframe.wp-embedded-content\"),r=0;r<s.length;r++)(t=(e=s[r]).getAttribute(\"data-secret\"))||(t=Math.random().toString(36).substring(2,12),e.src+=\"#?secret=\"+t,e.setAttribute(\"data-secret\",t)),e.contentWindow.postMessage({message:\"ready\",secret:t},\"*\")},!1)))}(window,document);\n\/\/# sourceURL=https:\/\/www.miciudad.mx\/contenido\/wp-includes\/js\/wp-embed.min.js\n\/* ]]> *\/\n<\/script>\n","thumbnail_url":"https:\/\/www.miciudad.mx\/contenido\/wp-content\/uploads\/2024\/05\/WhatsApp-Image-2024-05-15-at-10.49.23.jpeg","thumbnail_width":1599,"thumbnail_height":1200,"description":"Por David Uriarte \/ A siete a\u00f1os del asesinato del periodista de investigaci\u00f3n Javier Valdez en las calles de Culiac\u00e1n, miles de comentarios se han plasmado en otros tantos medios de informaci\u00f3n, la notica trascendi\u00f3 las fronteras de M\u00e9xico, desde entonces, la especulaci\u00f3n se ha mezclado con los datos oficiales, hay un sentimiento de certeza [&hellip;]"}

Por David Uriarte / A siete años del asesinato del periodista de investigación Javier Valdez en las calles de Culiacán, miles de comentarios se han plasmado en otros tantos medios de información, la notica trascendió las fronteras de México, desde entonces, la especulación se ha mezclado con los datos oficiales, hay un sentimiento de certeza [&hellip;]
