{"version":"1.0","provider_name":"Mi Ciudad","provider_url":"https:\/\/www.miciudad.mx\/contenido","author_name":"Mi Ciudad Culiac\u00e1n","author_url":"https:\/\/www.miciudad.mx\/contenido\/author\/redaccionmiciudad\/","title":"Muere el Papa Francisco - Mi Ciudad","type":"rich","width":600,"height":338,"html":"<blockquote class=\"wp-embedded-content\" data-secret=\"6rvysjlPnZ\"><a href=\"https:\/\/www.miciudad.mx\/contenido\/muere-el-papa-francisco\/\">Muere el Papa Francisco<\/a><\/blockquote><iframe sandbox=\"allow-scripts\" security=\"restricted\" src=\"https:\/\/www.miciudad.mx\/contenido\/muere-el-papa-francisco\/embed\/#?secret=6rvysjlPnZ\" width=\"600\" height=\"338\" title=\"&#8220;Muere el Papa Francisco&#8221; &#8212; Mi Ciudad\" data-secret=\"6rvysjlPnZ\" frameborder=\"0\" marginwidth=\"0\" marginheight=\"0\" scrolling=\"no\" class=\"wp-embedded-content\"><\/iframe><script type=\"text\/javascript\">\n\/* <![CDATA[ *\/\n\/*! This file is auto-generated *\/\n!function(d,l){\"use strict\";l.querySelector&&d.addEventListener&&\"undefined\"!=typeof URL&&(d.wp=d.wp||{},d.wp.receiveEmbedMessage||(d.wp.receiveEmbedMessage=function(e){var t=e.data;if((t||t.secret||t.message||t.value)&&!\/[^a-zA-Z0-9]\/.test(t.secret)){for(var s,r,n,a=l.querySelectorAll('iframe[data-secret=\"'+t.secret+'\"]'),o=l.querySelectorAll('blockquote[data-secret=\"'+t.secret+'\"]'),c=new RegExp(\"^https?:$\",\"i\"),i=0;i<o.length;i++)o[i].style.display=\"none\";for(i=0;i<a.length;i++)s=a[i],e.source===s.contentWindow&&(s.removeAttribute(\"style\"),\"height\"===t.message?(1e3<(r=parseInt(t.value,10))?r=1e3:~~r<200&&(r=200),s.height=r):\"link\"===t.message&&(r=new URL(s.getAttribute(\"src\")),n=new URL(t.value),c.test(n.protocol))&&n.host===r.host&&l.activeElement===s&&(d.top.location.href=t.value))}},d.addEventListener(\"message\",d.wp.receiveEmbedMessage,!1),l.addEventListener(\"DOMContentLoaded\",function(){for(var e,t,s=l.querySelectorAll(\"iframe.wp-embedded-content\"),r=0;r<s.length;r++)(t=(e=s[r]).getAttribute(\"data-secret\"))||(t=Math.random().toString(36).substring(2,12),e.src+=\"#?secret=\"+t,e.setAttribute(\"data-secret\",t)),e.contentWindow.postMessage({message:\"ready\",secret:t},\"*\")},!1)))}(window,document);\n\/\/# sourceURL=https:\/\/www.miciudad.mx\/contenido\/wp-includes\/js\/wp-embed.min.js\n\/* ]]> *\/\n<\/script>\n","thumbnail_url":"https:\/\/www.miciudad.mx\/contenido\/wp-content\/uploads\/2025\/04\/Papa-Francisco.jpg","thumbnail_width":1288,"thumbnail_height":795,"description":"El\u00a0papa Francisco, primer sumo pont\u00edfice latinoamericano y muy popular entre los fieles de todo el mundo, pero enfrentado a una feroz oposici\u00f3n en su reforma de la Iglesia cat\u00f3lica, muri\u00f3 este lunes (21.04.2025) a los 88 a\u00f1os, confirm\u00f3 el\u00a0Vaticano. La noticia fue anunciada por el camarlengo, el cardenal Kevin Joseph Farrel, a trav\u00e9s de un [&hellip;]"}

Mi Ciudad Culiacán

El papa Francisco, primer sumo pontífice latinoamericano y muy popular entre los fieles de todo el mundo, pero enfrentado a una feroz oposición en su reforma de la Iglesia católica, murió este lunes (21.04.2025) a los 88 años, confirmó el Vaticano. La noticia fue anunciada por el camarlengo, el cardenal Kevin Joseph Farrel, a través de un [&hellip;]
