{"version":"1.0","provider_name":"Mi Ciudad","provider_url":"https:\/\/www.miciudad.mx\/contenido","author_name":"Mi Ciudad Culiac\u00e1n","author_url":"https:\/\/www.miciudad.mx\/contenido\/author\/redaccionmiciudad\/","title":"Propone regidor uso obligatorio de cubrebocas en Culiac\u00e1n - Mi Ciudad","type":"rich","width":600,"height":338,"html":"<blockquote class=\"wp-embedded-content\" data-secret=\"L6e8jk4BMD\"><a href=\"https:\/\/www.miciudad.mx\/contenido\/propone-regidor-uso-obligatorio-de-cubrebocas-en-culiacan\/\">Propone regidor uso obligatorio de cubrebocas en Culiac\u00e1n<\/a><\/blockquote><iframe sandbox=\"allow-scripts\" security=\"restricted\" src=\"https:\/\/www.miciudad.mx\/contenido\/propone-regidor-uso-obligatorio-de-cubrebocas-en-culiacan\/embed\/#?secret=L6e8jk4BMD\" width=\"600\" height=\"338\" title=\"&#8220;Propone regidor uso obligatorio de cubrebocas en Culiac\u00e1n&#8221; &#8212; Mi Ciudad\" data-secret=\"L6e8jk4BMD\" frameborder=\"0\" marginwidth=\"0\" marginheight=\"0\" scrolling=\"no\" class=\"wp-embedded-content\"><\/iframe><script type=\"text\/javascript\">\n\/* <![CDATA[ *\/\n\/*! This file is auto-generated *\/\n!function(d,l){\"use strict\";l.querySelector&&d.addEventListener&&\"undefined\"!=typeof URL&&(d.wp=d.wp||{},d.wp.receiveEmbedMessage||(d.wp.receiveEmbedMessage=function(e){var t=e.data;if((t||t.secret||t.message||t.value)&&!\/[^a-zA-Z0-9]\/.test(t.secret)){for(var s,r,n,a=l.querySelectorAll('iframe[data-secret=\"'+t.secret+'\"]'),o=l.querySelectorAll('blockquote[data-secret=\"'+t.secret+'\"]'),c=new RegExp(\"^https?:$\",\"i\"),i=0;i<o.length;i++)o[i].style.display=\"none\";for(i=0;i<a.length;i++)s=a[i],e.source===s.contentWindow&&(s.removeAttribute(\"style\"),\"height\"===t.message?(1e3<(r=parseInt(t.value,10))?r=1e3:~~r<200&&(r=200),s.height=r):\"link\"===t.message&&(r=new URL(s.getAttribute(\"src\")),n=new URL(t.value),c.test(n.protocol))&&n.host===r.host&&l.activeElement===s&&(d.top.location.href=t.value))}},d.addEventListener(\"message\",d.wp.receiveEmbedMessage,!1),l.addEventListener(\"DOMContentLoaded\",function(){for(var e,t,s=l.querySelectorAll(\"iframe.wp-embedded-content\"),r=0;r<s.length;r++)(t=(e=s[r]).getAttribute(\"data-secret\"))||(t=Math.random().toString(36).substring(2,12),e.src+=\"#?secret=\"+t,e.setAttribute(\"data-secret\",t)),e.contentWindow.postMessage({message:\"ready\",secret:t},\"*\")},!1)))}(window,document);\n\/\/# sourceURL=https:\/\/www.miciudad.mx\/contenido\/wp-includes\/js\/wp-embed.min.js\n\/* ]]> *\/\n<\/script>\n","thumbnail_url":"https:\/\/www.miciudad.mx\/contenido\/wp-content\/uploads\/2020\/07\/images-121.jpeg","thumbnail_width":678,"thumbnail_height":452,"description":"El regidor panista Eusebio Telles present\u00f3 una iniciativa para que los culiacanenses usen cubrebocas de manera obligatoria y evitar la proliferaci\u00f3n de contagios. El regidor acus\u00f3 que procedi\u00f3 con esta propuesta ante las nulas acciones por parte del Alcalde de Culiac\u00e1n para el combate al COVID en ese municipio, y derivado tambi\u00e9n de las propuestas [&hellip;]"}

Mi Ciudad Culiacán

Propone regidor uso obligatorio de cubrebocas en Culiacán - Mi Ciudad

<blockquote class="wp-embedded-content" data-secret="L6e8jk4BMD"><a href="https://www.miciudad.mx/contenido/propone-regidor-uso-obligatorio-de-cubrebocas-en-culiacan/">Propone regidor uso obligatorio de cubrebocas en Culiacán</a></blockquote><iframe sandbox="allow-scripts" security="restricted" src="https://www.miciudad.mx/contenido/propone-regidor-uso-obligatorio-de-cubrebocas-en-culiacan/embed/#?secret=L6e8jk4BMD" width="600" height="338" title="&#8220;Propone regidor uso obligatorio de cubrebocas en Culiacán&#8221; &#8212; Mi Ciudad" data-secret="L6e8jk4BMD" frameborder="0" marginwidth="0" marginheight="0" scrolling="no" class="wp-embedded-content"></iframe><script type="text/javascript">
/* <![CDATA[ */
/*! This file is auto-generated */
!function(d,l){"use strict";l.querySelector&&d.addEventListener&&"undefined"!=typeof URL&&(d.wp=d.wp||{},d.wp.receiveEmbedMessage||(d.wp.receiveEmbedMessage=function(e){var t=e.data;if((t||t.secret||t.message||t.value)&&!/[^a-zA-Z0-9]/.test(t.secret)){for(var s,r,n,a=l.querySelectorAll('iframe[data-secret="'+t.secret+'"]'),o=l.querySelectorAll('blockquote[data-secret="'+t.secret+'"]'),c=new RegExp("^https?:$","i"),i=0;i<o.length;i++)o[i].style.display="none";for(i=0;i<a.length;i++)s=a[i],e.source===s.contentWindow&&(s.removeAttribute("style"),"height"===t.message?(1e3<(r=parseInt(t.value,10))?r=1e3:~~r<200&&(r=200),s.height=r):"link"===t.message&&(r=new URL(s.getAttribute("src")),n=new URL(t.value),c.test(n.protocol))&&n.host===r.host&&l.activeElement===s&&(d.top.location.href=t.value))}},d.addEventListener("message",d.wp.receiveEmbedMessage,!1),l.addEventListener("DOMContentLoaded",function(){for(var e,t,s=l.querySelectorAll("iframe.wp-embedded-content"),r=0;r<s.length;r++)(t=(e=s[r]).getAttribute("data-secret"))||(t=Math.random().toString(36).substring(2,12),e.src+="#?secret="+t,e.setAttribute("data-secret",t)),e.contentWindow.postMessage({message:"ready",secret:t},"*")},!1)))}(window,document);
//# sourceURL=https://www.miciudad.mx/contenido/wp-includes/js/wp-embed.min.js
/* ]]> */
</script>

El regidor panista Eusebio Telles presentó una iniciativa para que los culiacanenses usen cubrebocas de manera obligatoria y evitar la proliferación de contagios. El regidor acusó que procedió con esta propuesta ante las nulas acciones por parte del Alcalde de Culiacán para el combate al COVID en ese municipio, y derivado también de las propuestas [&hellip;]
