{"version":"1.0","provider_name":"Mi Ciudad","provider_url":"https:\/\/www.miciudad.mx\/contenido","author_name":"David Uriarte","author_url":"https:\/\/www.miciudad.mx\/contenido\/author\/daviduriarte\/","title":"\u00bfQui\u00e9n quiere callar a Ciro?\u00a0\u00a0\u00a0\u00a0 - Mi Ciudad","type":"rich","width":600,"height":338,"html":"<blockquote class=\"wp-embedded-content\" data-secret=\"UUS2WRobBo\"><a href=\"https:\/\/www.miciudad.mx\/contenido\/quien-quiere-callar-a-ciro\/\">\u00bfQui\u00e9n quiere callar a Ciro?\u00a0\u00a0\u00a0\u00a0<\/a><\/blockquote><iframe sandbox=\"allow-scripts\" security=\"restricted\" src=\"https:\/\/www.miciudad.mx\/contenido\/quien-quiere-callar-a-ciro\/embed\/#?secret=UUS2WRobBo\" width=\"600\" height=\"338\" title=\"&#8220;\u00bfQui\u00e9n quiere callar a Ciro?\u00a0\u00a0\u00a0\u00a0&#8221; &#8212; Mi Ciudad\" data-secret=\"UUS2WRobBo\" frameborder=\"0\" marginwidth=\"0\" marginheight=\"0\" scrolling=\"no\" class=\"wp-embedded-content\"><\/iframe><script type=\"text\/javascript\">\n\/* <![CDATA[ *\/\n\/*! This file is auto-generated *\/\n!function(d,l){\"use strict\";l.querySelector&&d.addEventListener&&\"undefined\"!=typeof URL&&(d.wp=d.wp||{},d.wp.receiveEmbedMessage||(d.wp.receiveEmbedMessage=function(e){var t=e.data;if((t||t.secret||t.message||t.value)&&!\/[^a-zA-Z0-9]\/.test(t.secret)){for(var s,r,n,a=l.querySelectorAll('iframe[data-secret=\"'+t.secret+'\"]'),o=l.querySelectorAll('blockquote[data-secret=\"'+t.secret+'\"]'),c=new RegExp(\"^https?:$\",\"i\"),i=0;i<o.length;i++)o[i].style.display=\"none\";for(i=0;i<a.length;i++)s=a[i],e.source===s.contentWindow&&(s.removeAttribute(\"style\"),\"height\"===t.message?(1e3<(r=parseInt(t.value,10))?r=1e3:~~r<200&&(r=200),s.height=r):\"link\"===t.message&&(r=new URL(s.getAttribute(\"src\")),n=new URL(t.value),c.test(n.protocol))&&n.host===r.host&&l.activeElement===s&&(d.top.location.href=t.value))}},d.addEventListener(\"message\",d.wp.receiveEmbedMessage,!1),l.addEventListener(\"DOMContentLoaded\",function(){for(var e,t,s=l.querySelectorAll(\"iframe.wp-embedded-content\"),r=0;r<s.length;r++)(t=(e=s[r]).getAttribute(\"data-secret\"))||(t=Math.random().toString(36).substring(2,12),e.src+=\"#?secret=\"+t,e.setAttribute(\"data-secret\",t)),e.contentWindow.postMessage({message:\"ready\",secret:t},\"*\")},!1)))}(window,document);\n\/\/# sourceURL=https:\/\/www.miciudad.mx\/contenido\/wp-includes\/js\/wp-embed.min.js\n\/* ]]> *\/\n<\/script>\n","thumbnail_url":"https:\/\/www.miciudad.mx\/contenido\/wp-content\/uploads\/2022\/12\/WhatsApp-Image-2022-12-16-at-9.41.33-AM.jpeg","thumbnail_width":980,"thumbnail_height":652,"description":"Por David Uriarte \/\u00a0\u00a0 El atentado a balazos que sufri\u00f3 esta noche de jueves 15 de diciembre el conductor de Imagen Noticias, Ciro G\u00f3mez Leyva, es muestra del encono cultivado en los \u00faltimos a\u00f1os en M\u00e9xico en contra de ciertos actores pol\u00edticos y de opini\u00f3n p\u00fablica. En una de sus ma\u00f1aneras el presidente L\u00f3pez Obrador [&hellip;]"}

¿Quién quiere callar a Ciro?     - Mi Ciudad

<blockquote class="wp-embedded-content" data-secret="UUS2WRobBo"><a href="https://www.miciudad.mx/contenido/quien-quiere-callar-a-ciro/">¿Quién quiere callar a Ciro?    </a></blockquote><iframe sandbox="allow-scripts" security="restricted" src="https://www.miciudad.mx/contenido/quien-quiere-callar-a-ciro/embed/#?secret=UUS2WRobBo" width="600" height="338" title="&#8220;¿Quién quiere callar a Ciro?    &#8221; &#8212; Mi Ciudad" data-secret="UUS2WRobBo" frameborder="0" marginwidth="0" marginheight="0" scrolling="no" class="wp-embedded-content"></iframe><script type="text/javascript">
/* <![CDATA[ */
/*! This file is auto-generated */
!function(d,l){"use strict";l.querySelector&&d.addEventListener&&"undefined"!=typeof URL&&(d.wp=d.wp||{},d.wp.receiveEmbedMessage||(d.wp.receiveEmbedMessage=function(e){var t=e.data;if((t||t.secret||t.message||t.value)&&!/[^a-zA-Z0-9]/.test(t.secret)){for(var s,r,n,a=l.querySelectorAll('iframe[data-secret="'+t.secret+'"]'),o=l.querySelectorAll('blockquote[data-secret="'+t.secret+'"]'),c=new RegExp("^https?:$","i"),i=0;i<o.length;i++)o[i].style.display="none";for(i=0;i<a.length;i++)s=a[i],e.source===s.contentWindow&&(s.removeAttribute("style"),"height"===t.message?(1e3<(r=parseInt(t.value,10))?r=1e3:~~r<200&&(r=200),s.height=r):"link"===t.message&&(r=new URL(s.getAttribute("src")),n=new URL(t.value),c.test(n.protocol))&&n.host===r.host&&l.activeElement===s&&(d.top.location.href=t.value))}},d.addEventListener("message",d.wp.receiveEmbedMessage,!1),l.addEventListener("DOMContentLoaded",function(){for(var e,t,s=l.querySelectorAll("iframe.wp-embedded-content"),r=0;r<s.length;r++)(t=(e=s[r]).getAttribute("data-secret"))||(t=Math.random().toString(36).substring(2,12),e.src+="#?secret="+t,e.setAttribute("data-secret",t)),e.contentWindow.postMessage({message:"ready",secret:t},"*")},!1)))}(window,document);
//# sourceURL=https://www.miciudad.mx/contenido/wp-includes/js/wp-embed.min.js
/* ]]> */
</script>

Por David Uriarte /   El atentado a balazos que sufrió esta noche de jueves 15 de diciembre el conductor de Imagen Noticias, Ciro Gómez Leyva, es muestra del encono cultivado en los últimos años en México en contra de ciertos actores políticos y de opinión pública. En una de sus mañaneras el presidente López Obrador [&hellip;]
