{"version":"1.0","provider_name":"Mi Ciudad","provider_url":"https:\/\/www.miciudad.mx\/contenido","author_name":"Mi Ciudad Culiac\u00e1n","author_url":"https:\/\/www.miciudad.mx\/contenido\/author\/redaccionmiciudad\/","title":"Quiere MORENA terminar con el \"veto de bolsillo\" - Mi Ciudad","type":"rich","width":600,"height":338,"html":"<blockquote class=\"wp-embedded-content\" data-secret=\"kHzaW257Cl\"><a href=\"https:\/\/www.miciudad.mx\/contenido\/quiere-morena-terminar-con-el-veto-de-bolsillo\/\">Quiere MORENA terminar con el &#8220;veto de bolsillo&#8221;<\/a><\/blockquote><iframe sandbox=\"allow-scripts\" security=\"restricted\" src=\"https:\/\/www.miciudad.mx\/contenido\/quiere-morena-terminar-con-el-veto-de-bolsillo\/embed\/#?secret=kHzaW257Cl\" width=\"600\" height=\"338\" title=\"&#8220;Quiere MORENA terminar con el &#8220;veto de bolsillo&#8221;&#8221; &#8212; Mi Ciudad\" data-secret=\"kHzaW257Cl\" frameborder=\"0\" marginwidth=\"0\" marginheight=\"0\" scrolling=\"no\" class=\"wp-embedded-content\"><\/iframe><script type=\"text\/javascript\">\n\/* <![CDATA[ *\/\n\/*! This file is auto-generated *\/\n!function(d,l){\"use strict\";l.querySelector&&d.addEventListener&&\"undefined\"!=typeof URL&&(d.wp=d.wp||{},d.wp.receiveEmbedMessage||(d.wp.receiveEmbedMessage=function(e){var t=e.data;if((t||t.secret||t.message||t.value)&&!\/[^a-zA-Z0-9]\/.test(t.secret)){for(var s,r,n,a=l.querySelectorAll('iframe[data-secret=\"'+t.secret+'\"]'),o=l.querySelectorAll('blockquote[data-secret=\"'+t.secret+'\"]'),c=new RegExp(\"^https?:$\",\"i\"),i=0;i<o.length;i++)o[i].style.display=\"none\";for(i=0;i<a.length;i++)s=a[i],e.source===s.contentWindow&&(s.removeAttribute(\"style\"),\"height\"===t.message?(1e3<(r=parseInt(t.value,10))?r=1e3:~~r<200&&(r=200),s.height=r):\"link\"===t.message&&(r=new URL(s.getAttribute(\"src\")),n=new URL(t.value),c.test(n.protocol))&&n.host===r.host&&l.activeElement===s&&(d.top.location.href=t.value))}},d.addEventListener(\"message\",d.wp.receiveEmbedMessage,!1),l.addEventListener(\"DOMContentLoaded\",function(){for(var e,t,s=l.querySelectorAll(\"iframe.wp-embedded-content\"),r=0;r<s.length;r++)(t=(e=s[r]).getAttribute(\"data-secret\"))||(t=Math.random().toString(36).substring(2,12),e.src+=\"#?secret=\"+t,e.setAttribute(\"data-secret\",t)),e.contentWindow.postMessage({message:\"ready\",secret:t},\"*\")},!1)))}(window,document);\n\/\/# sourceURL=https:\/\/www.miciudad.mx\/contenido\/wp-includes\/js\/wp-embed.min.js\n\/* ]]> *\/\n<\/script>\n","thumbnail_url":"https:\/\/www.miciudad.mx\/contenido\/wp-content\/uploads\/2019\/02\/veto_bolsillo.jpeg","thumbnail_width":1280,"thumbnail_height":720,"description":"MICIUDAD.MX \/ Con la intenci\u00f3n de eliminar la facultad del ejecutivo de vetar iniciativas de ley que ya hayan sido aprobadas en pleno, el\u00a0Grupo Parlamentario de MORENA present\u00f3 este martes un paquete de iniciativas para reformar la ley org\u00e1nica del Congreso del Estado, y la Constituci\u00f3n del Estado de Sinaloa. La Coordinadora de la bancada [&hellip;]"}

Mi Ciudad Culiacán

MICIUDAD.MX / Con la intención de eliminar la facultad del ejecutivo de vetar iniciativas de ley que ya hayan sido aprobadas en pleno, el Grupo Parlamentario de MORENA presentó este martes un paquete de iniciativas para reformar la ley orgánica del Congreso del Estado, y la Constitución del Estado de Sinaloa. La Coordinadora de la bancada [&hellip;]
