{"version":"1.0","provider_name":"Mi Ciudad","provider_url":"https:\/\/www.miciudad.mx\/contenido","author_name":"Victoria S\u00e1nchez","author_url":"https:\/\/www.miciudad.mx\/contenido\/author\/victoriasanchez\/","title":"Reaparece Armando Villarreal en juzgado - Mi Ciudad","type":"rich","width":600,"height":338,"html":"<blockquote class=\"wp-embedded-content\" data-secret=\"TYIvFiNUNE\"><a href=\"https:\/\/www.miciudad.mx\/contenido\/reaparece-armando-villarreal-en-juzgado\/\">Reaparece Armando Villarreal en juzgado<\/a><\/blockquote><iframe sandbox=\"allow-scripts\" security=\"restricted\" src=\"https:\/\/www.miciudad.mx\/contenido\/reaparece-armando-villarreal-en-juzgado\/embed\/#?secret=TYIvFiNUNE\" width=\"600\" height=\"338\" title=\"&#8220;Reaparece Armando Villarreal en juzgado&#8221; &#8212; Mi Ciudad\" data-secret=\"TYIvFiNUNE\" frameborder=\"0\" marginwidth=\"0\" marginheight=\"0\" scrolling=\"no\" class=\"wp-embedded-content\"><\/iframe><script type=\"text\/javascript\">\n\/* <![CDATA[ *\/\n\/*! This file is auto-generated *\/\n!function(d,l){\"use strict\";l.querySelector&&d.addEventListener&&\"undefined\"!=typeof URL&&(d.wp=d.wp||{},d.wp.receiveEmbedMessage||(d.wp.receiveEmbedMessage=function(e){var t=e.data;if((t||t.secret||t.message||t.value)&&!\/[^a-zA-Z0-9]\/.test(t.secret)){for(var s,r,n,a=l.querySelectorAll('iframe[data-secret=\"'+t.secret+'\"]'),o=l.querySelectorAll('blockquote[data-secret=\"'+t.secret+'\"]'),c=new RegExp(\"^https?:$\",\"i\"),i=0;i<o.length;i++)o[i].style.display=\"none\";for(i=0;i<a.length;i++)s=a[i],e.source===s.contentWindow&&(s.removeAttribute(\"style\"),\"height\"===t.message?(1e3<(r=parseInt(t.value,10))?r=1e3:~~r<200&&(r=200),s.height=r):\"link\"===t.message&&(r=new URL(s.getAttribute(\"src\")),n=new URL(t.value),c.test(n.protocol))&&n.host===r.host&&l.activeElement===s&&(d.top.location.href=t.value))}},d.addEventListener(\"message\",d.wp.receiveEmbedMessage,!1),l.addEventListener(\"DOMContentLoaded\",function(){for(var e,t,s=l.querySelectorAll(\"iframe.wp-embedded-content\"),r=0;r<s.length;r++)(t=(e=s[r]).getAttribute(\"data-secret\"))||(t=Math.random().toString(36).substring(2,12),e.src+=\"#?secret=\"+t,e.setAttribute(\"data-secret\",t)),e.contentWindow.postMessage({message:\"ready\",secret:t},\"*\")},!1)))}(window,document);\n\/\/# sourceURL=https:\/\/www.miciudad.mx\/contenido\/wp-includes\/js\/wp-embed.min.js\n\/* ]]> *\/\n<\/script>\n","thumbnail_url":"https:\/\/www.miciudad.mx\/contenido\/wp-content\/uploads\/2019\/03\/ARMANDO_VILLARREAL_03.jpg","thumbnail_width":638,"thumbnail_height":350,"description":"MICIUDAD.MX \/ Quien fuera secretario de Administraci\u00f3n y Finanzas, durante el sexenio de Malova, Armando Villarreal Ibarra, asisti\u00f3 ante el juez para su primera audiencia por el proceso que se lleva en su contra por el delito de \u201cEjercicio indebido del servicio p\u00fablico y desempe\u00f1o irregular de la funci\u00f3n p\u00fablica\u201d. En su audiencia inicial este [&hellip;]"}

Victoria Sánchez

MICIUDAD.MX / Quien fuera secretario de Administración y Finanzas, durante el sexenio de Malova, Armando Villarreal Ibarra, asistió ante el juez para su primera audiencia por el proceso que se lleva en su contra por el delito de “Ejercicio indebido del servicio público y desempeño irregular de la función pública”. En su audiencia inicial este [&hellip;]
