{"version":"1.0","provider_name":"Mi Ciudad","provider_url":"https:\/\/www.miciudad.mx\/contenido","author_name":"Mi Ciudad","author_url":"https:\/\/www.miciudad.mx\/contenido\/author\/admin\/","title":"Rocha adelanta que habr\u00e1 pr\u00f3rroga en tr\u00e1mites vehiculares - Mi Ciudad","type":"rich","width":600,"height":338,"html":"<blockquote class=\"wp-embedded-content\" data-secret=\"nKSMDIt6d4\"><a href=\"https:\/\/www.miciudad.mx\/contenido\/rocha-adelanta-que-habra-prorroga-en-tramites-vehiculares\/\">Rocha adelanta que habr\u00e1 pr\u00f3rroga en tr\u00e1mites vehiculares<\/a><\/blockquote><iframe sandbox=\"allow-scripts\" security=\"restricted\" src=\"https:\/\/www.miciudad.mx\/contenido\/rocha-adelanta-que-habra-prorroga-en-tramites-vehiculares\/embed\/#?secret=nKSMDIt6d4\" width=\"600\" height=\"338\" title=\"&#8220;Rocha adelanta que habr\u00e1 pr\u00f3rroga en tr\u00e1mites vehiculares&#8221; &#8212; Mi Ciudad\" data-secret=\"nKSMDIt6d4\" frameborder=\"0\" marginwidth=\"0\" marginheight=\"0\" scrolling=\"no\" class=\"wp-embedded-content\"><\/iframe><script type=\"text\/javascript\">\n\/* <![CDATA[ *\/\n\/*! This file is auto-generated *\/\n!function(d,l){\"use strict\";l.querySelector&&d.addEventListener&&\"undefined\"!=typeof URL&&(d.wp=d.wp||{},d.wp.receiveEmbedMessage||(d.wp.receiveEmbedMessage=function(e){var t=e.data;if((t||t.secret||t.message||t.value)&&!\/[^a-zA-Z0-9]\/.test(t.secret)){for(var s,r,n,a=l.querySelectorAll('iframe[data-secret=\"'+t.secret+'\"]'),o=l.querySelectorAll('blockquote[data-secret=\"'+t.secret+'\"]'),c=new RegExp(\"^https?:$\",\"i\"),i=0;i<o.length;i++)o[i].style.display=\"none\";for(i=0;i<a.length;i++)s=a[i],e.source===s.contentWindow&&(s.removeAttribute(\"style\"),\"height\"===t.message?(1e3<(r=parseInt(t.value,10))?r=1e3:~~r<200&&(r=200),s.height=r):\"link\"===t.message&&(r=new URL(s.getAttribute(\"src\")),n=new URL(t.value),c.test(n.protocol))&&n.host===r.host&&l.activeElement===s&&(d.top.location.href=t.value))}},d.addEventListener(\"message\",d.wp.receiveEmbedMessage,!1),l.addEventListener(\"DOMContentLoaded\",function(){for(var e,t,s=l.querySelectorAll(\"iframe.wp-embedded-content\"),r=0;r<s.length;r++)(t=(e=s[r]).getAttribute(\"data-secret\"))||(t=Math.random().toString(36).substring(2,12),e.src+=\"#?secret=\"+t,e.setAttribute(\"data-secret\",t)),e.contentWindow.postMessage({message:\"ready\",secret:t},\"*\")},!1)))}(window,document);\n\/\/# sourceURL=https:\/\/www.miciudad.mx\/contenido\/wp-includes\/js\/wp-embed.min.js\n\/* ]]> *\/\n<\/script>\n","thumbnail_url":"https:\/\/www.miciudad.mx\/contenido\/wp-content\/uploads\/2022\/03\/WhatsApp-Image-2022-03-31-at-2.31.21-PM.jpeg","thumbnail_width":1280,"thumbnail_height":853,"description":"Al vencerse este jueves 31 el plazo para pagar el refrendo vehicular, el gobernador Rub\u00e9n Rocha Moya adelant\u00f3 que se otorgar\u00e1 una pr\u00f3rroga para que los contribuyentes que no hayan podido cumplir con este tr\u00e1mite vehicular puedan hacerlo, pero adem\u00e1s se brindar\u00e1n descuentos en las multas y recargos, con el prop\u00f3sito de apoyar la econom\u00eda [&hellip;]"}

Rocha adelanta que habrá prórroga en trámites vehiculares - Mi Ciudad

<blockquote class="wp-embedded-content" data-secret="nKSMDIt6d4"><a href="https://www.miciudad.mx/contenido/rocha-adelanta-que-habra-prorroga-en-tramites-vehiculares/">Rocha adelanta que habrá prórroga en trámites vehiculares</a></blockquote><iframe sandbox="allow-scripts" security="restricted" src="https://www.miciudad.mx/contenido/rocha-adelanta-que-habra-prorroga-en-tramites-vehiculares/embed/#?secret=nKSMDIt6d4" width="600" height="338" title="&#8220;Rocha adelanta que habrá prórroga en trámites vehiculares&#8221; &#8212; Mi Ciudad" data-secret="nKSMDIt6d4" frameborder="0" marginwidth="0" marginheight="0" scrolling="no" class="wp-embedded-content"></iframe><script type="text/javascript">
/* <![CDATA[ */
/*! This file is auto-generated */
!function(d,l){"use strict";l.querySelector&&d.addEventListener&&"undefined"!=typeof URL&&(d.wp=d.wp||{},d.wp.receiveEmbedMessage||(d.wp.receiveEmbedMessage=function(e){var t=e.data;if((t||t.secret||t.message||t.value)&&!/[^a-zA-Z0-9]/.test(t.secret)){for(var s,r,n,a=l.querySelectorAll('iframe[data-secret="'+t.secret+'"]'),o=l.querySelectorAll('blockquote[data-secret="'+t.secret+'"]'),c=new RegExp("^https?:$","i"),i=0;i<o.length;i++)o[i].style.display="none";for(i=0;i<a.length;i++)s=a[i],e.source===s.contentWindow&&(s.removeAttribute("style"),"height"===t.message?(1e3<(r=parseInt(t.value,10))?r=1e3:~~r<200&&(r=200),s.height=r):"link"===t.message&&(r=new URL(s.getAttribute("src")),n=new URL(t.value),c.test(n.protocol))&&n.host===r.host&&l.activeElement===s&&(d.top.location.href=t.value))}},d.addEventListener("message",d.wp.receiveEmbedMessage,!1),l.addEventListener("DOMContentLoaded",function(){for(var e,t,s=l.querySelectorAll("iframe.wp-embedded-content"),r=0;r<s.length;r++)(t=(e=s[r]).getAttribute("data-secret"))||(t=Math.random().toString(36).substring(2,12),e.src+="#?secret="+t,e.setAttribute("data-secret",t)),e.contentWindow.postMessage({message:"ready",secret:t},"*")},!1)))}(window,document);
//# sourceURL=https://www.miciudad.mx/contenido/wp-includes/js/wp-embed.min.js
/* ]]> */
</script>

Al vencerse este jueves 31 el plazo para pagar el refrendo vehicular, el gobernador Rubén Rocha Moya adelantó que se otorgará una prórroga para que los contribuyentes que no hayan podido cumplir con este trámite vehicular puedan hacerlo, pero además se brindarán descuentos en las multas y recargos, con el propósito de apoyar la economía [&hellip;]
