{"version":"1.0","provider_name":"Mi Ciudad","provider_url":"https:\/\/www.miciudad.mx\/contenido","author_name":"Mi Ciudad","author_url":"https:\/\/www.miciudad.mx\/contenido\/author\/admin\/","title":"Rocha toma protesta al director del ISJU - Mi Ciudad","type":"rich","width":600,"height":338,"html":"<blockquote class=\"wp-embedded-content\" data-secret=\"pcnA6mbXr5\"><a href=\"https:\/\/www.miciudad.mx\/contenido\/rocha-toma-protesta-al-director-del-isju\/\">Rocha toma protesta al director del ISJU<\/a><\/blockquote><iframe sandbox=\"allow-scripts\" security=\"restricted\" src=\"https:\/\/www.miciudad.mx\/contenido\/rocha-toma-protesta-al-director-del-isju\/embed\/#?secret=pcnA6mbXr5\" width=\"600\" height=\"338\" title=\"&#8220;Rocha toma protesta al director del ISJU&#8221; &#8212; Mi Ciudad\" data-secret=\"pcnA6mbXr5\" frameborder=\"0\" marginwidth=\"0\" marginheight=\"0\" scrolling=\"no\" class=\"wp-embedded-content\"><\/iframe><script type=\"text\/javascript\">\n\/* <![CDATA[ *\/\n\/*! This file is auto-generated *\/\n!function(d,l){\"use strict\";l.querySelector&&d.addEventListener&&\"undefined\"!=typeof URL&&(d.wp=d.wp||{},d.wp.receiveEmbedMessage||(d.wp.receiveEmbedMessage=function(e){var t=e.data;if((t||t.secret||t.message||t.value)&&!\/[^a-zA-Z0-9]\/.test(t.secret)){for(var s,r,n,a=l.querySelectorAll('iframe[data-secret=\"'+t.secret+'\"]'),o=l.querySelectorAll('blockquote[data-secret=\"'+t.secret+'\"]'),c=new RegExp(\"^https?:$\",\"i\"),i=0;i<o.length;i++)o[i].style.display=\"none\";for(i=0;i<a.length;i++)s=a[i],e.source===s.contentWindow&&(s.removeAttribute(\"style\"),\"height\"===t.message?(1e3<(r=parseInt(t.value,10))?r=1e3:~~r<200&&(r=200),s.height=r):\"link\"===t.message&&(r=new URL(s.getAttribute(\"src\")),n=new URL(t.value),c.test(n.protocol))&&n.host===r.host&&l.activeElement===s&&(d.top.location.href=t.value))}},d.addEventListener(\"message\",d.wp.receiveEmbedMessage,!1),l.addEventListener(\"DOMContentLoaded\",function(){for(var e,t,s=l.querySelectorAll(\"iframe.wp-embedded-content\"),r=0;r<s.length;r++)(t=(e=s[r]).getAttribute(\"data-secret\"))||(t=Math.random().toString(36).substring(2,12),e.src+=\"#?secret=\"+t,e.setAttribute(\"data-secret\",t)),e.contentWindow.postMessage({message:\"ready\",secret:t},\"*\")},!1)))}(window,document);\n\/\/# sourceURL=https:\/\/www.miciudad.mx\/contenido\/wp-includes\/js\/wp-embed.min.js\n\/* ]]> *\/\n<\/script>\n","thumbnail_url":"https:\/\/www.miciudad.mx\/contenido\/wp-content\/uploads\/2021\/12\/WhatsApp-Image-2021-12-03-at-1.11.49-PM.jpeg","thumbnail_width":1280,"thumbnail_height":852,"description":"La propuesta de Sa\u00fal Gerardo Meza L\u00f3pez cont\u00f3 con la aprobaci\u00f3n del Congreso del Estado Una vez aprobada su propuesta que someti\u00f3 a consideraci\u00f3n de los diputados de la LXIV Legislatura, el gobernador Rub\u00e9n Rocha Moya tom\u00f3 protesta de ley al joven Sa\u00fal Gerardo Meza L\u00f3pez, como nuevo director del Instituto Sinaloense de la Juventud. [&hellip;]"}

La propuesta de Saúl Gerardo Meza López contó con la aprobación del Congreso del Estado Una vez aprobada su propuesta que sometió a consideración de los diputados de la LXIV Legislatura, el gobernador Rubén Rocha Moya tomó protesta de ley al joven Saúl Gerardo Meza López, como nuevo director del Instituto Sinaloense de la Juventud. [&hellip;]
