{"version":"1.0","provider_name":"Mi Ciudad","provider_url":"https:\/\/www.miciudad.mx\/contenido","author_name":"David Uriarte","author_url":"https:\/\/www.miciudad.mx\/contenido\/author\/daviduriarte\/","title":"Sed de aprender - Mi Ciudad","type":"rich","width":600,"height":338,"html":"<blockquote class=\"wp-embedded-content\" data-secret=\"osL2WPhAPF\"><a href=\"https:\/\/www.miciudad.mx\/contenido\/sed-de-aprender\/\">Sed de aprender<\/a><\/blockquote><iframe sandbox=\"allow-scripts\" security=\"restricted\" src=\"https:\/\/www.miciudad.mx\/contenido\/sed-de-aprender\/embed\/#?secret=osL2WPhAPF\" width=\"600\" height=\"338\" title=\"&#8220;Sed de aprender&#8221; &#8212; Mi Ciudad\" data-secret=\"osL2WPhAPF\" frameborder=\"0\" marginwidth=\"0\" marginheight=\"0\" scrolling=\"no\" class=\"wp-embedded-content\"><\/iframe><script type=\"text\/javascript\">\n\/* <![CDATA[ *\/\n\/*! This file is auto-generated *\/\n!function(d,l){\"use strict\";l.querySelector&&d.addEventListener&&\"undefined\"!=typeof URL&&(d.wp=d.wp||{},d.wp.receiveEmbedMessage||(d.wp.receiveEmbedMessage=function(e){var t=e.data;if((t||t.secret||t.message||t.value)&&!\/[^a-zA-Z0-9]\/.test(t.secret)){for(var s,r,n,a=l.querySelectorAll('iframe[data-secret=\"'+t.secret+'\"]'),o=l.querySelectorAll('blockquote[data-secret=\"'+t.secret+'\"]'),c=new RegExp(\"^https?:$\",\"i\"),i=0;i<o.length;i++)o[i].style.display=\"none\";for(i=0;i<a.length;i++)s=a[i],e.source===s.contentWindow&&(s.removeAttribute(\"style\"),\"height\"===t.message?(1e3<(r=parseInt(t.value,10))?r=1e3:~~r<200&&(r=200),s.height=r):\"link\"===t.message&&(r=new URL(s.getAttribute(\"src\")),n=new URL(t.value),c.test(n.protocol))&&n.host===r.host&&l.activeElement===s&&(d.top.location.href=t.value))}},d.addEventListener(\"message\",d.wp.receiveEmbedMessage,!1),l.addEventListener(\"DOMContentLoaded\",function(){for(var e,t,s=l.querySelectorAll(\"iframe.wp-embedded-content\"),r=0;r<s.length;r++)(t=(e=s[r]).getAttribute(\"data-secret\"))||(t=Math.random().toString(36).substring(2,12),e.src+=\"#?secret=\"+t,e.setAttribute(\"data-secret\",t)),e.contentWindow.postMessage({message:\"ready\",secret:t},\"*\")},!1)))}(window,document);\n\/\/# sourceURL=https:\/\/www.miciudad.mx\/contenido\/wp-includes\/js\/wp-embed.min.js\n\/* ]]> *\/\n<\/script>\n","thumbnail_url":"https:\/\/www.miciudad.mx\/contenido\/wp-content\/uploads\/2024\/08\/WhatsApp-Image-2024-08-21-at-13.51.38.jpeg","thumbnail_width":1280,"thumbnail_height":853,"description":"Por David Uriarte \/ Desde el principio se nota la proclividad de los ni\u00f1os para el estudio, desde la \u00e9poca de guarder\u00eda se observa la capacidad de socializaci\u00f3n, en preescolar la capacidad de adaptaci\u00f3n, en la primaria la socializaci\u00f3n; en la secundaria los cambios en el comportamiento propio de la adolescencia, en el bachillerato la [&hellip;]"}

Por David Uriarte / Desde el principio se nota la proclividad de los niños para el estudio, desde la época de guardería se observa la capacidad de socialización, en preescolar la capacidad de adaptación, en la primaria la socialización; en la secundaria los cambios en el comportamiento propio de la adolescencia, en el bachillerato la [&hellip;]
