{"version":"1.0","provider_name":"Mi Ciudad","provider_url":"https:\/\/www.miciudad.mx\/contenido","author_name":"Mi Ciudad","author_url":"https:\/\/www.miciudad.mx\/contenido\/author\/admin\/","title":"Silvia Pinal es hospitalizada por COVID-19 - Mi Ciudad","type":"rich","width":600,"height":338,"html":"<blockquote class=\"wp-embedded-content\" data-secret=\"jpO1uA9wLv\"><a href=\"https:\/\/www.miciudad.mx\/contenido\/silvia-pinal-es-hospitalizada-por-covid-19\/\">Silvia Pinal es hospitalizada por COVID-19<\/a><\/blockquote><iframe sandbox=\"allow-scripts\" security=\"restricted\" src=\"https:\/\/www.miciudad.mx\/contenido\/silvia-pinal-es-hospitalizada-por-covid-19\/embed\/#?secret=jpO1uA9wLv\" width=\"600\" height=\"338\" title=\"&#8220;Silvia Pinal es hospitalizada por COVID-19&#8221; &#8212; Mi Ciudad\" data-secret=\"jpO1uA9wLv\" frameborder=\"0\" marginwidth=\"0\" marginheight=\"0\" scrolling=\"no\" class=\"wp-embedded-content\"><\/iframe><script type=\"text\/javascript\">\n\/* <![CDATA[ *\/\n\/*! This file is auto-generated *\/\n!function(d,l){\"use strict\";l.querySelector&&d.addEventListener&&\"undefined\"!=typeof URL&&(d.wp=d.wp||{},d.wp.receiveEmbedMessage||(d.wp.receiveEmbedMessage=function(e){var t=e.data;if((t||t.secret||t.message||t.value)&&!\/[^a-zA-Z0-9]\/.test(t.secret)){for(var s,r,n,a=l.querySelectorAll('iframe[data-secret=\"'+t.secret+'\"]'),o=l.querySelectorAll('blockquote[data-secret=\"'+t.secret+'\"]'),c=new RegExp(\"^https?:$\",\"i\"),i=0;i<o.length;i++)o[i].style.display=\"none\";for(i=0;i<a.length;i++)s=a[i],e.source===s.contentWindow&&(s.removeAttribute(\"style\"),\"height\"===t.message?(1e3<(r=parseInt(t.value,10))?r=1e3:~~r<200&&(r=200),s.height=r):\"link\"===t.message&&(r=new URL(s.getAttribute(\"src\")),n=new URL(t.value),c.test(n.protocol))&&n.host===r.host&&l.activeElement===s&&(d.top.location.href=t.value))}},d.addEventListener(\"message\",d.wp.receiveEmbedMessage,!1),l.addEventListener(\"DOMContentLoaded\",function(){for(var e,t,s=l.querySelectorAll(\"iframe.wp-embedded-content\"),r=0;r<s.length;r++)(t=(e=s[r]).getAttribute(\"data-secret\"))||(t=Math.random().toString(36).substring(2,12),e.src+=\"#?secret=\"+t,e.setAttribute(\"data-secret\",t)),e.contentWindow.postMessage({message:\"ready\",secret:t},\"*\")},!1)))}(window,document);\n\/\/# sourceURL=https:\/\/www.miciudad.mx\/contenido\/wp-includes\/js\/wp-embed.min.js\n\/* ]]> *\/\n<\/script>\n","thumbnail_url":"https:\/\/www.miciudad.mx\/contenido\/wp-content\/uploads\/2021\/12\/silvia-pinal.jpg","thumbnail_width":1824,"thumbnail_height":1024,"description":"Silvia Pinal, actriz mexicana de 90 a\u00f1os de edad fue hospitalizada de emergencia por COVID-19. La actriz, que ya se hab\u00eda vacunado para protegerse de la enfermedad respiratoria, se habr\u00eda contagiado el fin de semana pasado, de acuerdo con lo que indicaron sus hijos. La primera actriz de 90 a\u00f1os de edad present\u00f3 un poco [&hellip;]"}

Silvia Pinal, actriz mexicana de 90 años de edad fue hospitalizada de emergencia por COVID-19. La actriz, que ya se había vacunado para protegerse de la enfermedad respiratoria, se habría contagiado el fin de semana pasado, de acuerdo con lo que indicaron sus hijos. La primera actriz de 90 años de edad presentó un poco [&hellip;]
