{"version":"1.0","provider_name":"Mi Ciudad","provider_url":"https:\/\/www.miciudad.mx\/contenido","author_name":"Mi Ciudad","author_url":"https:\/\/www.miciudad.mx\/contenido\/author\/admin\/","title":"Solicita Quirino ahora Declaraci\u00f3n de Zona de Desastre - Mi Ciudad","type":"rich","width":600,"height":338,"html":"<blockquote class=\"wp-embedded-content\" data-secret=\"l9QXZCWIf5\"><a href=\"https:\/\/www.miciudad.mx\/contenido\/solicita-quirino-ahora-declaracion-de-zona-de-desastre\/\">Solicita Quirino ahora Declaraci\u00f3n de Zona de Desastre<\/a><\/blockquote><iframe sandbox=\"allow-scripts\" security=\"restricted\" src=\"https:\/\/www.miciudad.mx\/contenido\/solicita-quirino-ahora-declaracion-de-zona-de-desastre\/embed\/#?secret=l9QXZCWIf5\" width=\"600\" height=\"338\" title=\"&#8220;Solicita Quirino ahora Declaraci\u00f3n de Zona de Desastre&#8221; &#8212; Mi Ciudad\" data-secret=\"l9QXZCWIf5\" frameborder=\"0\" marginwidth=\"0\" marginheight=\"0\" scrolling=\"no\" class=\"wp-embedded-content\"><\/iframe><script type=\"text\/javascript\">\n\/* <![CDATA[ *\/\n\/*! This file is auto-generated *\/\n!function(d,l){\"use strict\";l.querySelector&&d.addEventListener&&\"undefined\"!=typeof URL&&(d.wp=d.wp||{},d.wp.receiveEmbedMessage||(d.wp.receiveEmbedMessage=function(e){var t=e.data;if((t||t.secret||t.message||t.value)&&!\/[^a-zA-Z0-9]\/.test(t.secret)){for(var s,r,n,a=l.querySelectorAll('iframe[data-secret=\"'+t.secret+'\"]'),o=l.querySelectorAll('blockquote[data-secret=\"'+t.secret+'\"]'),c=new RegExp(\"^https?:$\",\"i\"),i=0;i<o.length;i++)o[i].style.display=\"none\";for(i=0;i<a.length;i++)s=a[i],e.source===s.contentWindow&&(s.removeAttribute(\"style\"),\"height\"===t.message?(1e3<(r=parseInt(t.value,10))?r=1e3:~~r<200&&(r=200),s.height=r):\"link\"===t.message&&(r=new URL(s.getAttribute(\"src\")),n=new URL(t.value),c.test(n.protocol))&&n.host===r.host&&l.activeElement===s&&(d.top.location.href=t.value))}},d.addEventListener(\"message\",d.wp.receiveEmbedMessage,!1),l.addEventListener(\"DOMContentLoaded\",function(){for(var e,t,s=l.querySelectorAll(\"iframe.wp-embedded-content\"),r=0;r<s.length;r++)(t=(e=s[r]).getAttribute(\"data-secret\"))||(t=Math.random().toString(36).substring(2,12),e.src+=\"#?secret=\"+t,e.setAttribute(\"data-secret\",t)),e.contentWindow.postMessage({message:\"ready\",secret:t},\"*\")},!1)))}(window,document);\n\/\/# sourceURL=https:\/\/www.miciudad.mx\/contenido\/wp-includes\/js\/wp-embed.min.js\n\/* ]]> *\/\n<\/script>\n","thumbnail_url":"https:\/\/www.miciudad.mx\/contenido\/wp-content\/uploads\/2021\/08\/WhatsApp-Image-2021-08-31-at-3.14.01-PM.jpeg","thumbnail_width":1024,"thumbnail_height":682,"description":"Culiac\u00e1n se sum\u00f3 a los municipios de Elota, San Ignacio, Mazatl\u00e1n, Concordia, Rosario y Escuinapa Se mantiene la suspensi\u00f3n de clases presenciales tambi\u00e9n para este mi\u00e9rcoles El tr\u00e1fico por la carretera M\u00e9xico 15 ya fue reabierto, inform\u00f3 SCT El gobernador Quirino Ordaz Coppel anunci\u00f3 que ra\u00edz de los da\u00f1os ocasionados por el paso del hurac\u00e1n [&hellip;]"}

Solicita Quirino ahora Declaración de Zona de Desastre - Mi Ciudad

<blockquote class="wp-embedded-content" data-secret="l9QXZCWIf5"><a href="https://www.miciudad.mx/contenido/solicita-quirino-ahora-declaracion-de-zona-de-desastre/">Solicita Quirino ahora Declaración de Zona de Desastre</a></blockquote><iframe sandbox="allow-scripts" security="restricted" src="https://www.miciudad.mx/contenido/solicita-quirino-ahora-declaracion-de-zona-de-desastre/embed/#?secret=l9QXZCWIf5" width="600" height="338" title="&#8220;Solicita Quirino ahora Declaración de Zona de Desastre&#8221; &#8212; Mi Ciudad" data-secret="l9QXZCWIf5" frameborder="0" marginwidth="0" marginheight="0" scrolling="no" class="wp-embedded-content"></iframe><script type="text/javascript">
/* <![CDATA[ */
/*! This file is auto-generated */
!function(d,l){"use strict";l.querySelector&&d.addEventListener&&"undefined"!=typeof URL&&(d.wp=d.wp||{},d.wp.receiveEmbedMessage||(d.wp.receiveEmbedMessage=function(e){var t=e.data;if((t||t.secret||t.message||t.value)&&!/[^a-zA-Z0-9]/.test(t.secret)){for(var s,r,n,a=l.querySelectorAll('iframe[data-secret="'+t.secret+'"]'),o=l.querySelectorAll('blockquote[data-secret="'+t.secret+'"]'),c=new RegExp("^https?:$","i"),i=0;i<o.length;i++)o[i].style.display="none";for(i=0;i<a.length;i++)s=a[i],e.source===s.contentWindow&&(s.removeAttribute("style"),"height"===t.message?(1e3<(r=parseInt(t.value,10))?r=1e3:~~r<200&&(r=200),s.height=r):"link"===t.message&&(r=new URL(s.getAttribute("src")),n=new URL(t.value),c.test(n.protocol))&&n.host===r.host&&l.activeElement===s&&(d.top.location.href=t.value))}},d.addEventListener("message",d.wp.receiveEmbedMessage,!1),l.addEventListener("DOMContentLoaded",function(){for(var e,t,s=l.querySelectorAll("iframe.wp-embedded-content"),r=0;r<s.length;r++)(t=(e=s[r]).getAttribute("data-secret"))||(t=Math.random().toString(36).substring(2,12),e.src+="#?secret="+t,e.setAttribute("data-secret",t)),e.contentWindow.postMessage({message:"ready",secret:t},"*")},!1)))}(window,document);
//# sourceURL=https://www.miciudad.mx/contenido/wp-includes/js/wp-embed.min.js
/* ]]> */
</script>

Culiacán se sumó a los municipios de Elota, San Ignacio, Mazatlán, Concordia, Rosario y Escuinapa Se mantiene la suspensión de clases presenciales también para este miércoles El tráfico por la carretera México 15 ya fue reabierto, informó SCT El gobernador Quirino Ordaz Coppel anunció que raíz de los daños ocasionados por el paso del huracán [&hellip;]
